{"id":6194,"date":"2018-11-17T01:02:39","date_gmt":"2018-11-17T01:02:39","guid":{"rendered":"https:\/\/www.pussycatmerida.com\/eshop\/?page_id=6194"},"modified":"2018-11-17T01:04:41","modified_gmt":"2018-11-17T01:04:41","slug":"politica-de-privacidad","status":"publish","type":"page","link":"https:\/\/www.pussycatmerida.com\/eshop\/legal\/politica-de-privacidad\/","title":{"rendered":"Pol\u00edtica de Privacidad"},"content":{"rendered":"<section class=\"wpb-content-wrapper\"><p>[vc_row][vc_column][vc_column_text]<\/p>\n<h1>Politica de proteccion de datos<\/h1>\n<p>En\u00a0www.pussycatmerida.com tenemos el compromiso de proteger tus datos tanto como protegemos los nuestros. S\u00f3lo almacenamos aquellos datos que son estrictamente necesarios para ofrecerte un mejor servicio y una experiencia de usuario excepcional. Y, por supuesto queremos que sepas exactamente, de forma clara y sin rodeos, c\u00f3mo funciona nuestra pol\u00edtica de privacidad.<\/p>\n<p>Nuestra pol\u00edtica de privacidad describe el modo en que crisalove.com recaba y usa tus datos, cumpliendo la normativa vigente seg\u00fan lo previsto en el Reglamento (UE) 2016\/679 del Parlamento Europeo y del Consejo, de 27 de abril de 2016, relativo a la protecci\u00f3n de personas f\u00edsicas en lo que respecta al tratamiento de datos personales y a la libre circulaci\u00f3n de estos datos (RGPD), as\u00ed como en cumplimiento de la normativa nacional aplicable en materia de protecci\u00f3n de datos.<\/p>\n<p>Si en alg\u00fan momento hacemos alg\u00fan cambio significativo en nuestra pol\u00edtica de privacidad, bien para mejorar tu experiencia usando nuestro servicio o para adaptarla a la regulaci\u00f3n vigente en cada momento, lo publicaremos en esta p\u00e1gina y te lo notificaremos por cualquier otro medio de contacto (como por ejemplo email), para que puedas revisarlo.<\/p>\n<p>&nbsp;<\/p>\n<p><strong>\u00bfQu\u00e9 son los datos personales?<\/strong><\/p>\n<p>Seg\u00fan la normativa vigente, se considera como dato personal cualquier informaci\u00f3n que permita identificar directa o indirectamente a una persona f\u00edsica, as\u00ed como; Nombre y Apellidos, direcci\u00f3n, tel\u00e9fono, CP, pa\u00eds, correo electr\u00f3nico y DNI en el caso de Ceuta, Melilla, Gran canarias o Menorca.\u00a0Los datos anteriormente citados \u00a0son los que solicita crisalove.com. No consideramos datos personales la informaci\u00f3n que ha sido seudonimizada, disociada o agregada y que por lo tanto no permite identificar a una persona f\u00edsica.<\/p>\n<p>&nbsp;<\/p>\n<p><strong>\u00bfQui\u00e9n es el responsable del tratamiento de los datos personales?<\/strong><\/p>\n<p>El responsable del tratamiento de los datos recabados a trav\u00e9s del presente sitio web es Crisalove.com. Todos los comentarios, consultas y peticiones relativas a nuestro uso de tu informaci\u00f3n deben dirigirse mediante correo electr\u00f3nico a la direcci\u00f3n info@pussycatmerida.com<\/p>\n<p>&nbsp;<\/p>\n<p><strong>\u00bfQu\u00e9 datos personales recogemos?<\/strong><\/p>\n<p>Es importante que sepas que solo recabamos datos cuando te registras en nuestra tienda online para hacer una compra o simplemente para estar registrado. Los datos que nos facilitas como cliente para que podamos ofrecerte nuestro servicio son los siguientes:<\/p>\n<ul>\n<li>Tu nombre y apellidos.<\/li>\n<li>Tu email.<\/li>\n<li>Tu tel\u00e9fono.<\/li>\n<li>Tu direcci\u00f3n postal (para enviarte tu pedido o recoger un producto que has comprado).<\/li>\n<li>Tu DNI en el caso que seas de Gran Canaria, Mallorca, Ceuta o Melilla.<\/li>\n<li>Tu direcci\u00f3n de facturaci\u00f3n (para poder emitirte factura).<\/li>\n<li>Tu fecha de nacimiento (para verificar que no es menor de edad).<\/li>\n<\/ul>\n<p>Cabe recordar que tambi\u00e9n recabamos datos de forma autom\u00e1tica para el correcto funcionamiento de nuestra tienda online:<\/p>\n<ul>\n<li>Interacciones que realizas en nuestra web (por ejemplo, los productos que visitas)<\/li>\n<li>Estad\u00edsticas de uso de nuestra web (cu\u00e1ntas veces nos visitas, etc.)<\/li>\n<li>Origen de tu primera visita (para saber c\u00f3mo nos conociste)<\/li>\n<\/ul>\n<p>Para mejorar tu experiencia de uso en www.crisalove.com almacenamos cookies en tu navegador. Puedes consultar toda la informaci\u00f3n respecto a nuestra pol\u00edtica de cookies\u00a0aqu\u00ed.<\/p>\n<p>&nbsp;<\/p>\n<p><strong>\u00bfC\u00f3mo usamos la informaci\u00f3n que recogemos?<\/strong><\/p>\n<p>En funci\u00f3n del formulario que completes en cada caso (por ejemplo, cuando te registras para comprar un producto; o cuando te suscribes a nuestra newsletter), los datos ser\u00e1n incorporados a un fichero titularidad de esta empresa y se tratar\u00e1n con distintas finalidades.<\/p>\n<p>Cuando usas los servicios de Pussycat Boutique Er\u00f3tica como usuario registrado en nuestra plataforma, trataremos y almacenaremos tus datos para darte el mejor servicio que podemos ofrecer. De forma concreta usaremos tus datos para:<\/p>\n<ul>\n<li>Gestionar tu actividad como usuario de www.crisalove.com<\/li>\n<li>Preparar tus pedidos cuando compras para enviarlos a tu direcci\u00f3n.<\/li>\n<li>Resolver cualquier tipo de incidencia lo m\u00e1s r\u00e1pido posible.<\/li>\n<li>Recomendarte productos que hayas olvidado en el proceso de pago o que puedan ser de tu inter\u00e9s.<\/li>\n<li>Informarte de ofertas y promociones ventajosas para que ahorres lo m\u00e1ximo en tu compra.<\/li>\n<li>Detectar posibles casos de fraude.<\/li>\n<li>Notificarte cualquier cambio en nuestros productos, pol\u00edtica, etc.<\/li>\n<\/ul>\n<p>En los casos en los que nos des tu consentimiento seg\u00fan lo previsto en la normativa vigente, por ejemplo cuando te suscribes a nuestro bolet\u00edn o newsletter, te enviaremos comunicaciones peri\u00f3dicas a trav\u00e9s de email con noticias de inter\u00e9s, contenidos promocionales, informaci\u00f3n sobre temas relacionados con el sector er\u00f3tico y sugerencias que puedan interesarte.<\/p>\n<p>Los datos personales que nos proporciones a trav\u00e9s del formulario de contacto se tratar\u00e1n \u00fanicamente para atender tu consulta o petici\u00f3n.<\/p>\n<p>Tambi\u00e9n utilizaremos tus datos para la realizaci\u00f3n de estudios estad\u00edsticos que nos permitan mejorar nuestros servicios y para la realizaci\u00f3n de tareas b\u00e1sicas de administraci\u00f3n. Por ejemplo, peri\u00f3dicamente realizamos informes sobre los productos m\u00e1s comprados. Este tipo de datos \u00fanicamente se utilizan en Pussycat Boutique Er\u00f3tica<\/p>\n<p>&nbsp;<\/p>\n<p><strong>\u00bfC\u00f3mo compartimos tus datos?<\/strong><\/p>\n<p>Pussycat Boutique Er\u00f3tica te garantiza que tus datos personales no ser\u00e1n cedidos a terceros sin que t\u00fa lo sepas. Sin embargo, necesitamos compartir algunos datos con otras empresas para poder ofrecerte nuestro servicio, como por ejemplo las agencias de env\u00edo con las que trabajamos para enviarte tus compras a casa. En concreto compartimos tus datos con:<\/p>\n<ul>\n<li>Nuestros proveedores de log\u00edstica y env\u00edos, que necesitan saber tu nombre y apellidos, tel\u00e9fono, direcci\u00f3n y DNI en el caso de ser de Gran Canaria, Mallorca, Ceuta o Melilla para poder entregarte los art\u00edculos que has comprado.<\/li>\n<\/ul>\n<p>Te informamos que crisalove.com revelar\u00e1 a las autoridades p\u00fablicas competentes los datos personales y cualquier otra informaci\u00f3n que est\u00e9 en su poder o sea accesible a trav\u00e9s de sus sistemas y sea requerida de conformidad con las disposiciones legales y reglamentarias aplicables. Por ejemplo, si la Polic\u00eda nos solicita datos de car\u00e1cter personal en prevenci\u00f3n de fraudes se los proporcionaremos.<\/p>\n<p>&nbsp;<\/p>\n<p><strong>\u00bfC\u00f3mo protegemos tus datos?<\/strong><\/p>\n<p>Pussycat Boutique Er\u00f3tica te garantiza que ha adoptado las medidas oportunas de seguridad en sus sistemas y ficheros. Tus datos personales ser\u00e1n tratados con confidencialidad, de acuerdo a lo establecido con la legislaci\u00f3n aplicable.<\/p>\n<p>Todos los pagos se procesan a trav\u00e9s de pasarelas de pagos y entidades financieras de primer orden y de acuerdo con los m\u00e1s avanzados est\u00e1ndares de seguridad. Los datos bancarios introducidos son encriptados y transmitidos de forma segura a los servidores de la entidad bancaria y, posteriormente, son verificados para evitar posibles fraudes y abusos. Crisalove.com no tiene acceso a ninguno de los datos bancarios vinculados a los m\u00e9todos de pago online, de manera que no los conoce ni los registra en ning\u00fan momento. Para que te hagas una idea, es m\u00e1s seguro realizar comprar online en www.pussycatmerida.com que pagar en una gasolinera.<\/p>\n<p>Utilizamos el protocolo de encriptaci\u00f3n SSL (Secure Socket Layer) para cifrado de datos. Se trata de uno de los sistemas de protecci\u00f3n m\u00e1s eficaces y te asegura que ning\u00fan tercero tendr\u00e1 acceso v\u00eda Internet a esta informaci\u00f3n relativa a tus datos bancarios. Estos datos quedan registrados de forma encriptada.<\/p>\n<p>&nbsp;<\/p>\n<p><strong>\u00bfDurante cu\u00e1nto tiempo guardamos tus datos?<\/strong><\/p>\n<p>Retenemos tus datos personales en nuestros sistemas durante el tiempo necesario para:<\/p>\n<ul>\n<li>Poder ofrecerte nuestros productos.<\/li>\n<li>Cumplir con todas las obligaciones legales necesarias para ofrecer nuestros productos.<\/li>\n<li>Cumplir con cualquier requisito legal que se anteponga a www.pussycatmerida.com.<\/li>\n<\/ul>\n<p>En cualquier caso, la duraci\u00f3n del tiempo de retenci\u00f3n de los datos var\u00eda.<\/p>\n<p>&nbsp;<\/p>\n<p><strong>\u00bfCu\u00e1les son tus derechos sobre tus datos personales?<\/strong><\/p>\n<p>Tienes una serie de derechos relacionados con tu informaci\u00f3n personal. Adem\u00e1s de tu derecho a que te informemos sobre c\u00f3mo utilizamos tus datos, tambi\u00e9n tienes derecho a:<\/p>\n<ul>\n<li>Acceder a la informaci\u00f3n que disponemos de ti.<\/li>\n<li>Solicitar la correcci\u00f3n de los datos personales inexactos que tenemos sobre ti.<\/li>\n<li>Solicitar la transferencia de tus datos.<\/li>\n<li>Interrumpir el env\u00edo de mensajes promocionales, como nuestro bolet\u00edn de contenidos (newsletter) por email al correo electr\u00f3nico info@pussycatmerida.com<\/li>\n<li>Interponer una queja al organismo regulador sobre la protecci\u00f3n de datos.<\/li>\n<li>Solicitar la eliminaci\u00f3n y borrado de tus datos a trav\u00e9s del correo electr\u00f3nico\u00a0info@pussycatmerida.com<\/li>\n<\/ul>\n<p>Puedes pedirnos una copia de los datos personales que tenemos almacenados en crisalove.com en cualquier momento. Env\u00eda un email a\u00a0info@pussycatmerida.com con el asunto \u201cMis datos personales\u201d. Por motivos de seguridad tendremos que validar la identidad del solicitante, por tanto tendr\u00e1s que enviarnos el email desde la misma cuenta de correo electr\u00f3nico con la que est\u00e1s registrado en Pussycat Boutique Er\u00f3tica. Adicionalmente te pediremos fotocopia del DNI, firma electr\u00f3nica o copia escaneada del DNI, de acuerdo al contenido m\u00ednimo legalmente establecido. Tal como estipula la legislaci\u00f3n actual, te enviaremos la informaci\u00f3n solicitada en menos de 30 d\u00edas.<\/p>\n<p>Puedes borrar tus datos personales. Para eso tendr\u00e1s que darte de baja eliminando tu cuenta de Pussycat Boutique Er\u00f3tica. Si lo haces, esos datos ya no se podr\u00e1n recuperar en el futuro. Una vez solicites el borrado de datos de crisalove.com tus datos personales ser\u00e1n disociados de tu persona; eso significa que nadie podr\u00e1 identificarte con los datos que queden en nuestros sistemas. Esa informaci\u00f3n disociada que conservaremos se utilizar\u00e1 con fines estad\u00edsticos y\/o comerciales por parte de Pussycat Boutique Er\u00f3tica<\/p>\n<p>.<\/p>\n<p><strong>\u00bfCu\u00e1les son tus responsabilidades sobre tus datos personales?\u00a0<\/strong><\/p>\n<p>La aceptaci\u00f3n de la pol\u00edtica de privacidad y los t\u00e9rminos y condiciones de crisalove.com te compromete a proporcionar informaci\u00f3n veraz, correcta y completa en relaci\u00f3n con tus datos personales, as\u00ed como a mantener esta informaci\u00f3n actualizada. Pussycat Boutique Er\u00f3tica se reserva el derecho de excluir de su tienda online a todo usuario que haya facilitado datos falsos, as\u00ed como la fecha de nacimiento ya que a menores de edad no le suministrar\u00e1 nuestros productos, sin perjuicio de las dem\u00e1s acciones que procedan en Derecho.<\/p>\n<p>Tambi\u00e9n ser\u00e1s responsable de la informaci\u00f3n que proporciones.<\/p>\n<p>[\/vc_column_text][\/vc_column][\/vc_row]<\/p>\n<\/section>","protected":false},"excerpt":{"rendered":"<p>[vc_row][vc_column][vc_column_text] Politica de proteccion de datos En\u00a0www.pussycatmerida.com tenemos el compromiso de proteger tus datos tanto como protegemos los nuestros. S\u00f3lo almacenamos aquellos datos que son estrictamente necesarios para ofrecerte un mejor servicio y una experiencia de usuario excepcional. Y, por supuesto queremos que sepas exactamente, de forma clara[\u2026]<\/p>\n","protected":false},"author":2,"featured_media":0,"parent":6196,"menu_order":0,"comment_status":"closed","ping_status":"closed","template":"","meta":{"footnotes":""},"class_list":["post-6194","page","type-page","status-publish","hentry","post_count_is_0","boutique_post_style_4","boutique_image_style_2"],"_links":{"self":[{"href":"https:\/\/www.pussycatmerida.com\/eshop\/wp-json\/wp\/v2\/pages\/6194","targetHints":{"allow":["GET"]}}],"collection":[{"href":"https:\/\/www.pussycatmerida.com\/eshop\/wp-json\/wp\/v2\/pages"}],"about":[{"href":"https:\/\/www.pussycatmerida.com\/eshop\/wp-json\/wp\/v2\/types\/page"}],"author":[{"embeddable":true,"href":"https:\/\/www.pussycatmerida.com\/eshop\/wp-json\/wp\/v2\/users\/2"}],"replies":[{"embeddable":true,"href":"https:\/\/www.pussycatmerida.com\/eshop\/wp-json\/wp\/v2\/comments?post=6194"}],"version-history":[{"count":1,"href":"https:\/\/www.pussycatmerida.com\/eshop\/wp-json\/wp\/v2\/pages\/6194\/revisions"}],"predecessor-version":[{"id":6195,"href":"https:\/\/www.pussycatmerida.com\/eshop\/wp-json\/wp\/v2\/pages\/6194\/revisions\/6195"}],"up":[{"embeddable":true,"href":"https:\/\/www.pussycatmerida.com\/eshop\/wp-json\/wp\/v2\/pages\/6196"}],"wp:attachment":[{"href":"https:\/\/www.pussycatmerida.com\/eshop\/wp-json\/wp\/v2\/media?parent=6194"}],"curies":[{"name":"wp","href":"https:\/\/api.w.org\/{rel}","templated":true}]}}