{"id":885,"date":"2018-10-25T00:30:31","date_gmt":"2018-10-25T00:30:31","guid":{"rendered":"https:\/\/www.pussycatmerida.com\/eshop\/?page_id=885"},"modified":"2021-03-25T18:41:27","modified_gmt":"2021-03-25T16:41:27","slug":"inicio","status":"publish","type":"page","link":"https:\/\/www.pussycatmerida.com\/eshop\/","title":{"rendered":"Inicio"},"content":{"rendered":"<section class=\"wpb-content-wrapper\"><p>[vc_row][vc_column][vc_gallery interval=\u00bb5&#8243; images=\u00bb933,6286,1092,1090,2076,6288,7398&#8243; img_size=\u00bbfull\u00bb onclick=\u00bbcustom_link\u00bb custom_links_target=\u00bb_blank\u00bb custom_links=\u00bb#E-8_aHR0cCUzQSUyRiUyRnd3dy5wdXNzeWNhdG1lcmlkYS5jb20lMkZlc2hvcCUyRmd1aWEtZGUtanVndWV0ZXMtZXJvdGljb3MlMkYlMkNodHRwcyUzQSUyRiUyRnB1c3N5Y2F0bWVyaWRhLmNvbSUyRmVzaG9wJTJGbWFyY2ElMkZzYXRpc2Z5ZXIlMkYlMkNodHRwcyUzQSUyRiUyRnB1c3N5Y2F0bWVyaWRhLmNvbSUyRmVzaG9wJTJGbWFyY2ElMkZsZWxvJTJGJTJDaHR0cHMlM0ElMkYlMkZwdXNzeWNhdG1lcmlkYS5jb20lMkZlc2hvcCUyRm1hcmNhJTJGZmlmdHktc2hhZGVzLW9mLWdyZXklMkYlMkNodHRwJTNBJTJGJTJGd3d3LnB1c3N5Y2F0bWVyaWRhLmNvbSUyRmVzaG9wJTJGanVndWV0ZXMlMkZyZWFsaXN0aWNvcyUyRnJlYWxpc3RpY29zLXNpbi12aWJyYWNpb24lMkYlMkNodHRwcyUzQSUyRiUyRnB1c3N5Y2F0bWVyaWRhLmNvbSUyRmVzaG9wJTJGbWFyY2ElMkZzaHVuZ2ElMkYlMkNodHRwcyUzQSUyRiUyRnd3dy5wdXNzeWNhdG1lcmlkYS5jb20lMkZlc2hvcCUyRnByb2R1Y3QtY2F0ZWdvcnklMkZzYWx1ZC1zZXh1YWwlMkZib2xhcy1jaGluYXMlMkY=\u00bb][vc_row_inner][vc_column_inner width=\u00bb1\/3&#8243;][vc_single_image image=\u00bb1078&#8243; img_size=\u00bbfull\u00bb alignment=\u00bbcenter\u00bb onclick=\u00bbcustom_link\u00bb img_link_target=\u00bb_blank\u00bb link=\u00bbhttps:\/\/www.pussycatmerida.com\/eshop\/los-10-mejores-juguetes-para-ella\/\u00bb][\/vc_column_inner][vc_column_inner width=\u00bb1\/3&#8243;][vc_single_image image=\u00bb1088&#8243; img_size=\u00bbfull\u00bb alignment=\u00bbcenter\u00bb onclick=\u00bbcustom_link\u00bb img_link_target=\u00bb_blank\u00bb link=\u00bbhttps:\/\/www.pussycatmerida.com\/eshop\/novedades\/\u00bb][\/vc_column_inner][vc_column_inner width=\u00bb1\/3&#8243;][vc_single_image image=\u00bb6474&#8243; img_size=\u00bbfull\u00bb alignment=\u00bbcenter\u00bb][\/vc_column_inner][\/vc_row_inner][\/vc_column][\/vc_row][vc_row][vc_column width=\u00bb2\/3&#8243;][vc_column_text]<\/p>\n<h1>Bienvenid@s<\/h1>\n<p>Esta es una p\u00e1gina de venta online algo diferente, te invitamos a que pases y te des una vuelta, y si est\u00e1s a gusto te quedes un rato con nosotros. <strong>\u00bfPor qu\u00e9 es diferente?<\/strong> Hemos querido trasladar la filosof\u00eda de Pussycat Boutique Er\u00f3tica a nuestra web online. Es decir, hacer una <strong>venta honesta, profesional<\/strong> y buscando asesorar de la mejor forma al cliente.<\/p>\n<p>Sabemos que muchas veces es un l\u00edo comprar online: miles de productos, donde todos parecen iguales, y sobre todo si es nuestro primer juguete er\u00f3tico no sabemos muy bien qu\u00e9 comprar. Pues desde Pussycat os ofrecemos una\u00a0<strong>selecci\u00f3n de los mejores productos que existen en el mercado<\/strong>, aquellos que por su calidad, dise\u00f1o y funcionalidad llevamos a\u00f1os vendiendo en nuestra tienda.[\/vc_column_text][\/vc_column][vc_column width=\u00bb1\/3&#8243;][vc_single_image image=\u00bb887&#8243; img_size=\u00bbfull\u00bb alignment=\u00bbright\u00bb][\/vc_column][\/vc_row][vc_row][vc_column][vc_custom_heading text=\u00bbCOMPRAR EN PUSSYCAT BOUTIQUE ER\u00d3TICA\u00bb font_container=\u00bbtag:h2|text_align:center\u00bb][vc_row_inner][vc_column_inner width=\u00bb1\/3&#8243;][vc_single_image image=\u00bb961&#8243; img_size=\u00bbfull\u00bb alignment=\u00bbcenter\u00bb][\/vc_column_inner][vc_column_inner width=\u00bb1\/3&#8243;][vc_single_image image=\u00bb1082&#8243; img_size=\u00bbfull\u00bb alignment=\u00bbcenter\u00bb][\/vc_column_inner][vc_column_inner width=\u00bb1\/3&#8243;][vc_single_image image=\u00bb1064&#8243; img_size=\u00bbfull\u00bb alignment=\u00bbcenter\u00bb][\/vc_column_inner][\/vc_row_inner][\/vc_column][\/vc_row][vc_row][vc_column][vc_column_text]<\/p>\n<div class=\"dtbaker_line_bird\"><\/p>\n<h1>\u00daltimos productos<\/h1>\n<p>[recent_products per_page=\"4\" columns=\"4\"]<\/p>\n<p>[dtbaker_banner linkhref=\"\/\" title=\"Novedades:\" link=\"Ampliar Info\"]Descubre las \u00faltimas novedades en jugueter\u00eda y cosm\u00e9tica er\u00f3tica. [\/dtbaker_banner]<\/p>\n<p>[\/vc_column_text][\/vc_column][\/vc_row][vc_row][vc_column][vc_custom_heading text=\u00bb\u00a1Nuestras Marcas!\u00bb font_container=\u00bbtag:h1|text_align:center\u00bb][vc_row_inner][vc_column_inner width=\u00bb1\/5&#8243;][vc_column_text][\/vc_column_text][vc_single_image image=\u00bb916&#8243; onclick=\u00bbcustom_link\u00bb img_link_target=\u00bb_blank\u00bb link=\u00bbhttps:\/\/www.pussycatmerida.com\/eshop\/brand\/lelo\/\u00bb][\/vc_column_inner][vc_column_inner width=\u00bb1\/5&#8243;][vc_single_image image=\u00bb5412&#8243; onclick=\u00bbcustom_link\u00bb img_link_target=\u00bb_blank\u00bb link=\u00bbhttps:\/\/www.pussycatmerida.com\/eshop\/brand\/shunga\/\u00bb][\/vc_column_inner][vc_column_inner width=\u00bb1\/5&#8243;][vc_single_image image=\u00bb5413&#8243; onclick=\u00bbcustom_link\u00bb img_link_target=\u00bb_blank\u00bb link=\u00bbhttps:\/\/www.pussycatmerida.com\/eshop\/brand\/tenga\/\u00bb][\/vc_column_inner][vc_column_inner width=\u00bb1\/5&#8243;][vc_single_image image=\u00bb5410&#8243; onclick=\u00bbcustom_link\u00bb img_link_target=\u00bb_blank\u00bb link=\u00bbhttps:\/\/www.pussycatmerida.com\/eshop\/brand\/fifty-shades-of-grey\/\u00bb][\/vc_column_inner][vc_column_inner width=\u00bb1\/5&#8243;][vc_single_image image=\u00bb5411&#8243; onclick=\u00bbcustom_link\u00bb img_link_target=\u00bb_blank\u00bb link=\u00bbhttps:\/\/www.pussycatmerida.com\/eshop\/brand\/intense\/\u00bb][\/vc_column_inner][\/vc_row_inner][\/vc_column][\/vc_row][vc_row][vc_column][vc_separator][vc_row_inner][vc_column_inner width=\u00bb1\/5&#8243;][vc_single_image image=\u00bb5418&#8243; onclick=\u00bbcustom_link\u00bb img_link_target=\u00bb_blank\u00bb link=\u00bbhttps:\/\/www.pussycatmerida.com\/eshop\/brand\/dorcel\/\u00bb][\/vc_column_inner][vc_column_inner width=\u00bb1\/5&#8243;][vc_single_image image=\u00bb5416&#8243; onclick=\u00bbcustom_link\u00bb img_link_target=\u00bb_blank\u00bb link=\u00bbhttps:\/\/www.pussycatmerida.com\/eshop\/brand\/kamasutra-cosmetics\/\u00bb][\/vc_column_inner][vc_column_inner width=\u00bb1\/5&#8243;][vc_single_image image=\u00bb5420&#8243; onclick=\u00bbcustom_link\u00bb img_link_target=\u00bb_blank\u00bb link=\u00bbhttps:\/\/www.pussycatmerida.com\/eshop\/brand\/satisfyer\/\u00bb][\/vc_column_inner][vc_column_inner width=\u00bb1\/5&#8243;][vc_single_image image=\u00bb5414&#8243; onclick=\u00bbcustom_link\u00bb img_link_target=\u00bb_blank\u00bb link=\u00bbhttps:\/\/www.pussycatmerida.com\/eshop\/brand\/bijoux-indiscrets\/\u00bb][\/vc_column_inner][vc_column_inner width=\u00bb1\/5&#8243;][vc_single_image image=\u00bb5419&#8243; onclick=\u00bbcustom_link\u00bb img_link_target=\u00bb_blank\u00bb link=\u00bbhttps:\/\/www.pussycatmerida.com\/eshop\/brand\/ouch\/\u00bb][\/vc_column_inner][\/vc_row_inner][\/vc_column][\/vc_row][vc_row][vc_column][vc_column_text]<\/p>\n<p>[dtbaker_line type=\"heart\"]<\/div>\n<p>[\/vc_column_text][vc_custom_heading text=\u00bb\u00a1\u00a1\u00daLTIMAS ENTRADAS EN NUESTRO BLOG!!\u00bb font_container=\u00bbtag:h4|text_align:center\u00bb google_fonts=\u00bbfont_family:Boogaloo%3Aregular|font_style:400%20regular%3A400%3Anormal\u00bb][vc_row_inner][vc_column_inner width=\u00bb1\/3&#8243;][vc_single_image image=\u00bb1152&#8243; img_size=\u00bbfull\u00bb alignment=\u00bbcenter\u00bb onclick=\u00bbcustom_link\u00bb img_link_target=\u00bb_blank\u00bb link=\u00bbhttps:\/\/www.pussycatmerida.com\/eshop\/2018\/11\/07\/iniciarse-en-el-sexo-anal\/\u00bb][vc_column_text]<\/p>\n<h5 style=\"text-align: center;\"><a href=\"https:\/\/www.pussycatmerida.com\/eshop\/iniciarse-en-el-sexo-anal\/\" target=\"_blank\" rel=\"noopener noreferrer\">Introducci\u00f3n al Sexo Anal<\/a><\/h5>\n<p>[\/vc_column_text][\/vc_column_inner][vc_column_inner width=\u00bb1\/3&#8243;][vc_single_image image=\u00bb1165&#8243; img_size=\u00bbfull\u00bb alignment=\u00bbcenter\u00bb onclick=\u00bbcustom_link\u00bb img_link_target=\u00bb_blank\u00bb link=\u00bbhttps:\/\/www.pussycatmerida.com\/eshop\/iniciarse-en-el-sexo-anal\/\u00bb][vc_column_text]<\/p>\n<h5 style=\"text-align: center;\"><a href=\"https:\/\/www.pussycatmerida.com\/eshop\/como-iniciarse-en-el-mundo-del-bdsm\/\" target=\"_blank\" rel=\"noopener noreferrer\">Gu\u00eda para iniciarse<\/a><br \/>\n<a href=\"https:\/\/www.pussycatmerida.com\/eshop\/como-iniciarse-en-el-mundo-del-bdsm\/\" target=\"_blank\" rel=\"noopener noreferrer\">en el mundo del BDSM<\/a><\/h5>\n<p>[\/vc_column_text][\/vc_column_inner][vc_column_inner width=\u00bb1\/3&#8243;][vc_single_image 0=\u00bb\u00bb 1=\u00bbhref=\u00abhttps:\/\/www.pussycatmerida.com\/eshop\/como-iniciarse-en-el-mundo-del-bdsm\/\u00ab&gt;https:\/\/www.pussycatmerida.com\/eshop\/2018\/11\/10\/2346\/\u00ab\u00bb image=\u00bb6290&#8243; img_size=\u00bbfull\u00bb alignment=\u00bbcenter\u00bb onclick=\u00bbcustom_link\u00bb][vc_column_text]<\/p>\n<h5 style=\"text-align: center;\"><a href=\"https:\/\/www.pussycatmerida.com\/eshop\/2346\/\" target=\"_blank\" rel=\"noopener noreferrer\">\u00bfQu\u00e9 bolas chinas escoger?<\/a><\/h5>\n<p>[\/vc_column_text][\/vc_column_inner][\/vc_row_inner][\/vc_column][\/vc_row][vc_row][vc_column][vc_column_text]<\/p>\n<h2>Tienda Er\u00f3tica en Extremadura<\/h2>\n<p><strong>Pussycat Boutique Er\u00f3tica<\/strong> es el <strong>sexshop n\u00famero 1 en Extremadura<\/strong>. Nuestros m\u00e1s de 5 a\u00f1os como tienda f\u00edsica nos avalan como un negocio profesional, serio y que nos tomamos esto del sexo y la sexualidad muy en serio.<\/p>\n<p>Nuestro objetivo siempre ha sido dar una imagen del sexo y la sexualidad humana como algo<strong> natural y saludable<\/strong>, que hay que cuidar, mimar\u00a0 y alimentar todos los d\u00edas, ya que con ello conseguiremos <strong>ser m\u00e1s felices<\/strong>, tanto individualmente como en la vida de pareja.[\/vc_column_text][vc_column_text]<\/p>\n<div class=\"dtbaker_line_heart\"><\/div>\n<p>[\/vc_column_text][vc_column_text]<\/p>\n<h2>SexShop Online<\/h2>\n<p><strong>Si tienes dudas o preguntas acerca de cualquier producto no dudes en contactar<\/strong> con Pussycat Boutique Er\u00f3tica mediante e-mail, chat o WhatsApp, ya que nuestro equipo estar\u00e1 encantado de poder ayudar y asesorar durante todo tu proceso de compra.<\/p>\n<p>Sabemos que comprar un juguete er\u00f3tico, sobre todo si es nuestra primera vez nunca es f\u00e1cil, y no siempre es f\u00e1cil dar con el juguete ideal a la primera, por lo que nuestra idea es <strong>ofrecerte la mayor sinceridad a la hora de comprarte ese primer vibrador<\/strong>.<\/p>\n<p>Por lo que tanto en nuestra web, como en nuestra tienda, s\u00f3lo encontrar\u00e1s aquellos productos y aquellas marcas, en las que conf\u00edamos plenamente. Marcas de <strong>juguetes er\u00f3ticos que por su calidad, dise\u00f1o y eficacia nosotros te recomendar\u00edamos siempre<\/strong>.<\/p>\n<p>De todas formas, encontrar\u00e1s informaci\u00f3n sobre mucho de nuestros productos er\u00f3ticos <strong>en nuestras redes sociales<\/strong>, por lo que te animamos a que nos sigan y descubras todos los contenidos divulgativos que tenemos sobre sexualidad, salud sexual, reviews de juguetes, er\u00f3tica en pareja, etc.[\/vc_column_text][\/vc_column][\/vc_row]<\/p>\n<\/section>","protected":false},"excerpt":{"rendered":"<p>[vc_row][vc_column][vc_gallery interval=\u00bb5&#8243; images=\u00bb933,6286,1092,1090,2076,6288,7398&#8243; img_size=\u00bbfull\u00bb onclick=\u00bbcustom_link\u00bb custom_links_target=\u00bb_blank\u00bb custom_links=\u00bb#E-8_aHR0cCUzQSUyRiUyRnd3dy5wdXNzeWNhdG1lcmlkYS5jb20lMkZlc2hvcCUyRmd1aWEtZGUtanVndWV0ZXMtZXJvdGljb3MlMkYlMkNodHRwcyUzQSUyRiUyRnB1c3N5Y2F0bWVyaWRhLmNvbSUyRmVzaG9wJTJGbWFyY2ElMkZzYXRpc2Z5ZXIlMkYlMkNodHRwcyUzQSUyRiUyRnB1c3N5Y2F0bWVyaWRhLmNvbSUyRmVzaG9wJTJGbWFyY2ElMkZsZWxvJTJGJTJDaHR0cHMlM0ElMkYlMkZwdXNzeWNhdG1lcmlkYS5jb20lMkZlc2hvcCUyRm1hcmNhJTJGZmlmdHktc2hhZGVzLW9mLWdyZXklMkYlMkNodHRwJTNBJTJGJTJGd3d3LnB1c3N5Y2F0bWVyaWRhLmNvbSUyRmVzaG9wJTJGanVndWV0ZXMlMkZyZWFsaXN0aWNvcyUyRnJlYWxpc3RpY29zLXNpbi12aWJyYWNpb24lMkYlMkNodHRwcyUzQSUyRiUyRnB1c3N5Y2F0bWVyaWRhLmNvbSUyRmVzaG9wJTJGbWFyY2ElMkZzaHVuZ2ElMkYlMkNodHRwcyUzQSUyRiUyRnd3dy5wdXNzeWNhdG1lcmlkYS5jb20lMkZlc2hvcCUyRnByb2R1Y3QtY2F0ZWdvcnklMkZzYWx1ZC1zZXh1YWwlMkZib2xhcy1jaGluYXMlMkY=\u00bb][vc_row_inner][vc_column_inner width=\u00bb1\/3&#8243;][vc_single_image image=\u00bb1078&#8243; img_size=\u00bbfull\u00bb alignment=\u00bbcenter\u00bb onclick=\u00bbcustom_link\u00bb img_link_target=\u00bb_blank\u00bb link=\u00bbhttps:\/\/www.pussycatmerida.com\/eshop\/los-10-mejores-juguetes-para-ella\/\u00bb][\/vc_column_inner][vc_column_inner width=\u00bb1\/3&#8243;][vc_single_image image=\u00bb1088&#8243; img_size=\u00bbfull\u00bb alignment=\u00bbcenter\u00bb onclick=\u00bbcustom_link\u00bb img_link_target=\u00bb_blank\u00bb link=\u00bbhttps:\/\/www.pussycatmerida.com\/eshop\/novedades\/\u00bb][\/vc_column_inner][vc_column_inner width=\u00bb1\/3&#8243;][vc_single_image image=\u00bb6474&#8243; img_size=\u00bbfull\u00bb alignment=\u00bbcenter\u00bb][\/vc_column_inner][\/vc_row_inner][\/vc_column][\/vc_row][vc_row][vc_column width=\u00bb2\/3&#8243;][vc_column_text] Bienvenid@s Esta es una p\u00e1gina de venta online algo diferente, te invitamos a que pases y te des una vuelta, y si[\u2026]<\/p>\n","protected":false},"author":2,"featured_media":0,"parent":0,"menu_order":0,"comment_status":"closed","ping_status":"closed","template":"","meta":{"footnotes":""},"class_list":["post-885","page","type-page","status-publish","hentry","post_count_is_0","boutique_post_style_4","boutique_image_style_2"],"_links":{"self":[{"href":"https:\/\/www.pussycatmerida.com\/eshop\/wp-json\/wp\/v2\/pages\/885","targetHints":{"allow":["GET"]}}],"collection":[{"href":"https:\/\/www.pussycatmerida.com\/eshop\/wp-json\/wp\/v2\/pages"}],"about":[{"href":"https:\/\/www.pussycatmerida.com\/eshop\/wp-json\/wp\/v2\/types\/page"}],"author":[{"embeddable":true,"href":"https:\/\/www.pussycatmerida.com\/eshop\/wp-json\/wp\/v2\/users\/2"}],"replies":[{"embeddable":true,"href":"https:\/\/www.pussycatmerida.com\/eshop\/wp-json\/wp\/v2\/comments?post=885"}],"version-history":[{"count":65,"href":"https:\/\/www.pussycatmerida.com\/eshop\/wp-json\/wp\/v2\/pages\/885\/revisions"}],"predecessor-version":[{"id":64966,"href":"https:\/\/www.pussycatmerida.com\/eshop\/wp-json\/wp\/v2\/pages\/885\/revisions\/64966"}],"wp:attachment":[{"href":"https:\/\/www.pussycatmerida.com\/eshop\/wp-json\/wp\/v2\/media?parent=885"}],"curies":[{"name":"wp","href":"https:\/\/api.w.org\/{rel}","templated":true}]}}