{"id":10114,"date":"2021-02-24T14:30:59","date_gmt":"2021-02-24T12:30:59","guid":{"rendered":"https:\/\/www.pussycatmerida.com\/eshop\/product\/anal-fantasy-arnes-the-pegger\/"},"modified":"2026-03-11T12:26:58","modified_gmt":"2026-03-11T11:26:58","slug":"anal-fantasy-arnes-the-pegger","status":"publish","type":"product","link":"https:\/\/www.pussycatmerida.com\/eshop\/producto\/anal-fantasy-arnes-the-pegger\/","title":{"rendered":"ANAL FANTASY ARNES THE PEGGER"},"content":{"rendered":"<p>Si nunca has probado el juego anal, el The Pegger es justo lo que necesitas para explorar el maravilloso mundo de la estimulaci\u00f3n anal. Este delgado consolador tiene el tama\u00f1o perfecto para tu primer encuentro anal.<\/p>\n<p>Es lo suficientemente peque\u00f1o como para no intimidar, pero lo suficiente grande como para ofrecer el placer que buscas, y h\u00e1bilmente curvado para llegar a esos puntos dulces con facilidad.<\/p>\n<p>Las cuatro correas de nylon se ajustan f\u00e1cilmente para adaptarse a la mayor\u00eda de los tama\u00f1os, mientras que el arn\u00e9s de felpa forrada permanece en su lugar cuando la acci\u00f3n empieza.<\/p>\n<ul>\n<li>La limpieza es una obligaci\u00f3n depu\u00e9s de la diversi\u00f3n con el Pipedream toy Cleaner y agua tibia.<\/li>\n<\/ul>\n<p>Alcanzar el orgasmo mediante la estimulaci\u00f3n anal es incre\u00edblemente excitante gracias a la alta concentraci\u00f3n de terminaciones nerviosas y nuestra Anal Fantasy Collection que incluye juguetes que estimulan a cada uno de esos nervios.<\/p>\n<p>As\u00ed que perm\u00edtete entrar en un nuevo mundo del placer por la puerta trasera&#8230; las posibilidades son infinitas!<\/p>\n<ul>\n<li>Longitud insertable: 12 cm. Di\u00e1metro m\u00e1ximo: 3,2 cm.<\/li>\n<\/ul>\n<p style=\"font-size: 12.8000001907349px; line-height: 16.6399993896484px;\"><strong>Anal Fantasy<\/strong>\u00a0es una linea perfecta para estimular la zona anal, donde concentramos puntos sensitivos perfectos para alcanzar el orgasmo, todos los juguetes estan orientados para la maxima satisfaci\u00f3n anal.<\/p>\n<p style=\"font-size: 12.8000001907349px; line-height: 16.6399993896484px;\"><span style=\"line-height: 20.8px;\">No incluye muestras de lubricante y toycleaner<\/span><\/p>\n<p style=\"font-size: 12.8000001907349px; line-height: 16.6399993896484px;\">Descubre nuevas sensaciones!<\/p>\n","protected":false},"excerpt":{"rendered":"<p>ANAL FANTASY THE PEGGER.<\/p>\n","protected":false},"featured_media":33495,"template":"","meta":[],"pwb-brand":[496,476],"product_brand":[],"product_cat":[280,278,274],"product_tag":[],"class_list":{"0":"post-10114","1":"product","2":"type-product","3":"status-publish","4":"has-post-thumbnail","6":"pwb-brand-pipedreams-anal-fantasy-series","7":"pwb-brand-pipedreams","8":"product_cat-juguetes-sexuales-xxxanal","9":"product_cat-juguetes-sexuales-xxxarneses","10":"product_cat-juguetes-sexuales-xxx","11":"post_count_is_0","12":"boutique_post_style_4","14":"first","15":"instock","16":"taxable","17":"shipping-taxable","18":"purchasable","19":"product-type-simple","20":"boutique_image_style_2"},"brands":[{"id":496,"name":"ANAL FANTASY SERIES","slug":"pipedreams-anal-fantasy-series"},{"id":476,"name":"PIPEDREAMS","slug":"pipedreams"}],"_links":{"self":[{"href":"https:\/\/www.pussycatmerida.com\/eshop\/wp-json\/wp\/v2\/product\/10114","targetHints":{"allow":["GET"]}}],"collection":[{"href":"https:\/\/www.pussycatmerida.com\/eshop\/wp-json\/wp\/v2\/product"}],"about":[{"href":"https:\/\/www.pussycatmerida.com\/eshop\/wp-json\/wp\/v2\/types\/product"}],"wp:featuredmedia":[{"embeddable":true,"href":"https:\/\/www.pussycatmerida.com\/eshop\/wp-json\/wp\/v2\/media\/33495"}],"wp:attachment":[{"href":"https:\/\/www.pussycatmerida.com\/eshop\/wp-json\/wp\/v2\/media?parent=10114"}],"wp:term":[{"taxonomy":"pwb-brand","embeddable":true,"href":"https:\/\/www.pussycatmerida.com\/eshop\/wp-json\/wp\/v2\/pwb-brand?post=10114"},{"taxonomy":"product_brand","embeddable":true,"href":"https:\/\/www.pussycatmerida.com\/eshop\/wp-json\/wp\/v2\/product_brand?post=10114"},{"taxonomy":"product_cat","embeddable":true,"href":"https:\/\/www.pussycatmerida.com\/eshop\/wp-json\/wp\/v2\/product_cat?post=10114"},{"taxonomy":"product_tag","embeddable":true,"href":"https:\/\/www.pussycatmerida.com\/eshop\/wp-json\/wp\/v2\/product_tag?post=10114"}],"curies":[{"name":"wp","href":"https:\/\/api.w.org\/{rel}","templated":true}]}}