{"id":10123,"date":"2021-02-26T15:41:27","date_gmt":"2021-02-26T13:41:27","guid":{"rendered":"https:\/\/www.pussycatmerida.com\/eshop\/product\/pump-worx-bomba-de-ereccion-con-vagina-para-principiantes\/"},"modified":"2026-03-11T12:27:58","modified_gmt":"2026-03-11T11:27:58","slug":"pump-worx-bomba-de-ereccion-con-vagina-para-principiantes","status":"publish","type":"product","link":"https:\/\/www.pussycatmerida.com\/eshop\/producto\/pump-worx-bomba-de-ereccion-con-vagina-para-principiantes\/","title":{"rendered":"PUMP WORX BOMBA DE ERECCION CON VAGINA PARA PRINCIPIANTES"},"content":{"rendered":"<p style=\"text-align: center;\"><embed allowfullscreen=\"true\" allowscriptaccess=\"always\" flashvars=\"controlbar=bottomnetstreambasepath=http%3A%2F%2Fwww.pipedreamproducts.com%2Ffile=http%3A%2F%2Fwww.pipedreamproducts.com%2Fpdtv_videos\/pdtvvideo_0000000158.m4vautostart=true\" height=\"304\" src=\"http:\/\/www.pipedreamproducts.com\/jwplayer\/player.swf\" width=\"650\"><\/embed><\/p>\n<p>Hemos tomado el tacto suave y de apariencia real de una vagina, combinada con una bomba de erecci\u00f3n que te permitir\u00e1 rendir m\u00e1s! Despu\u00e9s de s\u00f3lo unas pocas veces, descubrir\u00e1s gruesas y palpitantes erecciones que duran y duran.<\/p>\n<p>Desliza tu pene en el interior de la vagina real\u00edstica, inserta tu pene en el cilindro de vac\u00edo y apriete la manilla!<\/p>\n<p>La vagina suave est\u00e1 completamente sujeta y unida a la bomba de erecci\u00f3n, creando un vac\u00edo dentro de la c\u00e1mara, obligando a que tu pene se ponga duro y erecto con mucha potencia.<\/p>\n<ul>\n<li>Una vez que haya crecido lo suficiente, puedes cogerlo y usarlo como un masturbador!<\/li>\n<\/ul>\n<p>Cuando hayas terminado, s\u00f3lo tienes que separar el cilindro de la manguera y la limpieza es muy f\u00e1cil con el limpiador de de juguetes Pipedream y agua tibia.<\/p>\n<ul>\n<li>Incluye anillo para el pene.<\/li>\n<\/ul>\n","protected":false},"excerpt":{"rendered":"<p>PUMP WORX BEGINNER&#8217;S PUSSY PUMP.<\/p>\n","protected":false},"featured_media":53788,"template":"","meta":[],"pwb-brand":[476,844],"product_brand":[],"product_cat":[386,277,953,286,274,306],"product_tag":[],"class_list":{"0":"post-10123","1":"product","2":"type-product","3":"status-publish","4":"has-post-thumbnail","6":"pwb-brand-pipedreams","7":"pwb-brand-pipedreams-pump-worx","8":"product_cat-alargamiento-del-pene","9":"product_cat-juguetes-sexuales-xxxalargamiento-pene","10":"product_cat-bombas-de-ereccion","11":"product_cat-juguetes-sexuales-xxxdesarrolladores","12":"product_cat-juguetes-sexuales-xxx","13":"product_cat-juguetes-sexuales-xxxpara-el","14":"post_count_is_0","15":"boutique_post_style_4","17":"first","18":"instock","19":"taxable","20":"shipping-taxable","21":"purchasable","22":"product-type-simple","23":"boutique_image_style_2"},"brands":[{"id":476,"name":"PIPEDREAMS","slug":"pipedreams"},{"id":844,"name":"PUMP WORX","slug":"pipedreams-pump-worx"}],"_links":{"self":[{"href":"https:\/\/www.pussycatmerida.com\/eshop\/wp-json\/wp\/v2\/product\/10123","targetHints":{"allow":["GET"]}}],"collection":[{"href":"https:\/\/www.pussycatmerida.com\/eshop\/wp-json\/wp\/v2\/product"}],"about":[{"href":"https:\/\/www.pussycatmerida.com\/eshop\/wp-json\/wp\/v2\/types\/product"}],"wp:featuredmedia":[{"embeddable":true,"href":"https:\/\/www.pussycatmerida.com\/eshop\/wp-json\/wp\/v2\/media\/53788"}],"wp:attachment":[{"href":"https:\/\/www.pussycatmerida.com\/eshop\/wp-json\/wp\/v2\/media?parent=10123"}],"wp:term":[{"taxonomy":"pwb-brand","embeddable":true,"href":"https:\/\/www.pussycatmerida.com\/eshop\/wp-json\/wp\/v2\/pwb-brand?post=10123"},{"taxonomy":"product_brand","embeddable":true,"href":"https:\/\/www.pussycatmerida.com\/eshop\/wp-json\/wp\/v2\/product_brand?post=10123"},{"taxonomy":"product_cat","embeddable":true,"href":"https:\/\/www.pussycatmerida.com\/eshop\/wp-json\/wp\/v2\/product_cat?post=10123"},{"taxonomy":"product_tag","embeddable":true,"href":"https:\/\/www.pussycatmerida.com\/eshop\/wp-json\/wp\/v2\/product_tag?post=10123"}],"curies":[{"name":"wp","href":"https:\/\/api.w.org\/{rel}","templated":true}]}}