{"id":11109,"date":"2021-02-26T15:02:54","date_gmt":"2021-02-26T13:02:54","guid":{"rendered":"https:\/\/www.pussycatmerida.com\/eshop\/product\/durex-natural-plus-24-unidades\/"},"modified":"2026-03-11T12:40:37","modified_gmt":"2026-03-11T11:40:37","slug":"durex-natural-plus-24-unidades","status":"publish","type":"product","link":"https:\/\/www.pussycatmerida.com\/eshop\/producto\/durex-natural-plus-24-unidades\/","title":{"rendered":"DUREX NATURAL PLUS 24 UNIDADES"},"content":{"rendered":"<p style=\"line-height: 16.6399993896484px;\">Durex con forma easy on, m\u00e1s largos y m\u00e1s anchos que facilitan su colocaci\u00f3n.<\/p>\n<p style=\"line-height: 16.6399993896484px;\">Con forma anat\u00f3mica que asegura la sujeci\u00f3n<\/p>\n<ul style=\"line-height: 16.6399993896484px;\">\n<li>Lisos y con dep\u00f3sito.<\/li>\n<li>Con aroma Zeus que enmascara el olor a l\u00e1tex.<\/li>\n<li>Fabricado con l\u00e1tex de caucho natural.<\/li>\n<li>Verificados electr\u00f3nicamente uno por uno.<\/li>\n<\/ul>\n<p style=\"line-height: 16.6399993896484px;\">Estuche 24\u00a0Unidades<\/p>\n","protected":false},"excerpt":{"rendered":"<p>DUREX NATURAL PLUS 24 UNIDADES<\/p>\n","protected":false},"featured_media":49952,"template":"","meta":[],"pwb-brand":[49,778],"product_brand":[],"product_cat":[367,391],"product_tag":[],"class_list":{"0":"post-11109","1":"product","2":"type-product","3":"status-publish","4":"has-post-thumbnail","6":"pwb-brand-durex","7":"pwb-brand-durexdurex-condoms","8":"product_cat-preservativos","9":"product_cat-preservativospreservativos-naturales","10":"post_count_is_0","11":"boutique_post_style_4","13":"first","14":"instock","15":"taxable","16":"shipping-taxable","17":"purchasable","18":"product-type-simple","19":"boutique_image_style_2"},"brands":[{"id":49,"name":"DUREX","slug":"durex"},{"id":778,"name":"DUREX CONDOMS","slug":"durexdurex-condoms"}],"_links":{"self":[{"href":"https:\/\/www.pussycatmerida.com\/eshop\/wp-json\/wp\/v2\/product\/11109","targetHints":{"allow":["GET"]}}],"collection":[{"href":"https:\/\/www.pussycatmerida.com\/eshop\/wp-json\/wp\/v2\/product"}],"about":[{"href":"https:\/\/www.pussycatmerida.com\/eshop\/wp-json\/wp\/v2\/types\/product"}],"wp:featuredmedia":[{"embeddable":true,"href":"https:\/\/www.pussycatmerida.com\/eshop\/wp-json\/wp\/v2\/media\/49952"}],"wp:attachment":[{"href":"https:\/\/www.pussycatmerida.com\/eshop\/wp-json\/wp\/v2\/media?parent=11109"}],"wp:term":[{"taxonomy":"pwb-brand","embeddable":true,"href":"https:\/\/www.pussycatmerida.com\/eshop\/wp-json\/wp\/v2\/pwb-brand?post=11109"},{"taxonomy":"product_brand","embeddable":true,"href":"https:\/\/www.pussycatmerida.com\/eshop\/wp-json\/wp\/v2\/product_brand?post=11109"},{"taxonomy":"product_cat","embeddable":true,"href":"https:\/\/www.pussycatmerida.com\/eshop\/wp-json\/wp\/v2\/product_cat?post=11109"},{"taxonomy":"product_tag","embeddable":true,"href":"https:\/\/www.pussycatmerida.com\/eshop\/wp-json\/wp\/v2\/product_tag?post=11109"}],"curies":[{"name":"wp","href":"https:\/\/api.w.org\/{rel}","templated":true}]}}