{"id":12688,"date":"2021-03-01T11:20:40","date_gmt":"2021-03-01T09:20:40","guid":{"rendered":"https:\/\/www.pussycatmerida.com\/eshop\/product\/pretty-love-flirtation-hegel-ball\/"},"modified":"2026-03-11T12:28:03","modified_gmt":"2026-03-11T11:28:03","slug":"pretty-love-flirtation-hegel-ball","status":"publish","type":"product","link":"https:\/\/www.pussycatmerida.com\/eshop\/producto\/pretty-love-flirtation-hegel-ball\/","title":{"rendered":"PRETTY LOVE FLIRTATION &#8211; HEGEL BALL"},"content":{"rendered":"<p style=\"line-height: 16.6399993896484px; font-size: 12.8000001907349px;\">Bienvenido el mundo Pretty Love, altos estandares de calidad con riguros controles consiguen un resultado perfecto.<\/p>\n<p style=\"line-height: 16.6399993896484px; font-size: 12.8000001907349px;\">Alcanza orgasmos m\u00e1s intensos con el set de bolas\u00a0<strong>Pretty Love Hegel\u00a0Ball<\/strong><\/p>\n<p style=\"line-height: 16.6399993896484px; font-size: 12.8000001907349px;\">Estan equipadas con el soporte que mantiene una de las dos bolas intercambiables de distinto peso (30 o 40 gr).<\/p>\n<p style=\"line-height: 16.6399993896484px; font-size: 12.8000001907349px;\">Para obtener mejores resultados, empieza con la bola m\u00e1s ligera (la de 30 gr) y seg\u00fan sientas tus m\u00fasculos m\u00e1s fortalecidos, cambia la bola por la de mayor peso (la de 40gr).<\/p>\n<p style=\"line-height: 16.6399993896484px; font-size: 12.8000001907349px;\">Las Bolas Pretty Love\u00a0son 100% de silicona suave, sus principales cualidaes son;<\/p>\n<ul style=\"line-height: 16.6399993896484px; font-size: 12.8000001907349px;\">\n<li>Silicona suave y lujosa, respetuosa con tu cuerpo.<\/li>\n<li>4 bolas intercambiables, dos\u00a0de 30 gr y dos de 40 gr.<\/li>\n<li>Sumergibles \/ Apto para la ducha o Spa.<\/li>\n<li>Bolsa suave para guardar las bolas despues de cada uso.<\/li>\n<li>Garant\u00eda de 1 a\u00f1o.<\/li>\n<\/ul>\n<p style=\"line-height: 16.6399993896484px; font-size: 12.8000001907349px;\">Las Bolas de Pretty love\u00a0\u00a0tiene un di\u00e1metro de 3,6\u00a0cm y 3.1 cm y\u00a0una longitud total de 15.25 cm. incluida la cuerda para retirar la bola china.<\/p>\n<ul style=\"line-height: 16.6399993896484px;\">\n<li style=\"font-size: 12.8000001907349px; line-height: 16.6399993896484px;\">Este kit incluye soporte para dos bolas + 1 bola por separado, se puede utilizar por separado.<\/li>\n<\/ul>\n<p style=\"line-height: 16.6399993896484px; font-size: 12.8000001907349px;\">Para su maximo rendimiento recomendamos usar las bolas acompa\u00f1adas de un ejercicio cardiobascular pasivo, lo ideal es andar entre 15-20 minutos al dia.<\/p>\n<p style=\"line-height: 16.6399993896484px; font-size: 12.8000001907349px;\">Pretty Love fabrica productos con exigentes normas de calidad, todos sus productos estan dise\u00f1ados en Estados Unidos y tienen 1 a\u00f1o de garant\u00eda en defectos tecnicos.<\/p>\n<p style=\"line-height: 16.6399993896484px; font-size: 12.8000001907349px;\">\u00a0<\/p>\n","protected":false},"excerpt":{"rendered":"<p>PRETTY LOVE FLIRTATION &#8211; HEGEL BALL<\/p>\n","protected":false},"featured_media":58883,"template":"","meta":[],"pwb-brand":[509,213],"product_brand":[],"product_cat":[430,274],"product_tag":[],"class_list":{"0":"post-12688","1":"product","2":"type-product","3":"status-publish","4":"has-post-thumbnail","6":"pwb-brand-pretty-loveflirtation","7":"pwb-brand-pretty-love","8":"product_cat-juguetes-sexuales-xxxbolas","9":"product_cat-juguetes-sexuales-xxx","10":"post_count_is_0","11":"boutique_post_style_4","13":"first","14":"instock","15":"taxable","16":"shipping-taxable","17":"purchasable","18":"product-type-simple","19":"boutique_image_style_2"},"brands":[{"id":509,"name":"FLIRTATION","slug":"pretty-loveflirtation"},{"id":213,"name":"PRETTY LOVE","slug":"pretty-love"}],"_links":{"self":[{"href":"https:\/\/www.pussycatmerida.com\/eshop\/wp-json\/wp\/v2\/product\/12688","targetHints":{"allow":["GET"]}}],"collection":[{"href":"https:\/\/www.pussycatmerida.com\/eshop\/wp-json\/wp\/v2\/product"}],"about":[{"href":"https:\/\/www.pussycatmerida.com\/eshop\/wp-json\/wp\/v2\/types\/product"}],"wp:featuredmedia":[{"embeddable":true,"href":"https:\/\/www.pussycatmerida.com\/eshop\/wp-json\/wp\/v2\/media\/58883"}],"wp:attachment":[{"href":"https:\/\/www.pussycatmerida.com\/eshop\/wp-json\/wp\/v2\/media?parent=12688"}],"wp:term":[{"taxonomy":"pwb-brand","embeddable":true,"href":"https:\/\/www.pussycatmerida.com\/eshop\/wp-json\/wp\/v2\/pwb-brand?post=12688"},{"taxonomy":"product_brand","embeddable":true,"href":"https:\/\/www.pussycatmerida.com\/eshop\/wp-json\/wp\/v2\/product_brand?post=12688"},{"taxonomy":"product_cat","embeddable":true,"href":"https:\/\/www.pussycatmerida.com\/eshop\/wp-json\/wp\/v2\/product_cat?post=12688"},{"taxonomy":"product_tag","embeddable":true,"href":"https:\/\/www.pussycatmerida.com\/eshop\/wp-json\/wp\/v2\/product_tag?post=12688"}],"curies":[{"name":"wp","href":"https:\/\/api.w.org\/{rel}","templated":true}]}}