{"id":12696,"date":"2021-03-06T15:23:03","date_gmt":"2021-03-06T13:23:03","guid":{"rendered":"https:\/\/www.pussycatmerida.com\/eshop\/product\/pretty-love-smart-vibrador-con-rabbit-30-modos-hunter\/"},"modified":"2026-03-11T12:28:04","modified_gmt":"2026-03-11T11:28:04","slug":"pretty-love-smart-vibrador-con-rabbit-30-modos-hunter","status":"publish","type":"product","link":"https:\/\/www.pussycatmerida.com\/eshop\/producto\/pretty-love-smart-vibrador-con-rabbit-30-modos-hunter\/","title":{"rendered":"PRETTY LOVE SMART &#8211; VIBRADOR CON RABBIT 30 MODOS HUNTER"},"content":{"rendered":"<p style=\"line-height: 16.6399993896484px;\">Hunter\u00a0 es un vibrador con la m\u00e1s alta tecnologia con dos motores potentes, con un tacto suave, confortable y una forma ergonomica, potenciara cada estimulo interior ademas con estimulador de clitoris incorporado que incorpora puntas estimulantes y sensacion completamente diferente.<\/p>\n<p style=\"line-height: 16.6399993896484px;\">Hunter es un vibrador con forma realistica y \u00a0te ofrece;<\/p>\n<ul style=\"line-height: 16.6399993896484px;\">\n<li>30 Funciones de Vibraci\u00f3n<\/li>\n<li>2 Potentes Motores con 3\u00a0puntos de estimulaci\u00f3n<\/li>\n<li>Sumergible \/ Apto para la ducha o Spa<\/li>\n<li>100% Silicona suave, confortable y \u00fanica en el mundo<\/li>\n<li>Medidas; 170\u00a0mm\u00a0 x 30\u00a0mm<\/li>\n<li>Recargable<\/li>\n<\/ul>\n<p style=\"line-height: 16.6399993896484px;\">Hunter, har\u00e1 tus fantasias realidad<\/p>\n<p style=\"line-height: 16.6399993896484px;\">Es recargable, e incluye cargador y cable USB.<\/p>\n<p style=\"line-height: 16.6399993896484px;\">Pretty Love fabrica productos con exigentes normas de calidad, todos sus productos estan dise\u00f1ados en Estados Unidos y tienen 1 a\u00f1o de garant\u00eda en defectos tecnicos.<\/p>\n","protected":false},"excerpt":{"rendered":"<p>PRETTY LOVE SMART RABBIT VIBRATOR HUNTER 30 SPEEDS<\/p>\n","protected":false},"featured_media":38680,"template":"","meta":[],"pwb-brand":[213,451],"product_brand":[],"product_cat":[275,274,294,307,299,905],"product_tag":[],"class_list":{"0":"post-12696","1":"product","2":"type-product","3":"status-publish","4":"has-post-thumbnail","6":"pwb-brand-pretty-love","7":"pwb-brand-pretty-lovesmart","8":"product_cat-juguetes-sexuales-xxxacuaticos","9":"product_cat-juguetes-sexuales-xxx","10":"product_cat-juguetes-sexuales-xxxmasturbadores-para-ellas","11":"product_cat-juguetes-sexuales-xxxpunto-g","12":"product_cat-juguetes-sexuales-xxxvibradores","13":"product_cat-vibradores-dobles","14":"post_count_is_0","15":"boutique_post_style_4","17":"first","18":"instock","19":"taxable","20":"shipping-taxable","21":"purchasable","22":"product-type-simple","23":"boutique_image_style_2"},"brands":[{"id":213,"name":"PRETTY LOVE","slug":"pretty-love"},{"id":451,"name":"SMART","slug":"pretty-lovesmart"}],"_links":{"self":[{"href":"https:\/\/www.pussycatmerida.com\/eshop\/wp-json\/wp\/v2\/product\/12696","targetHints":{"allow":["GET"]}}],"collection":[{"href":"https:\/\/www.pussycatmerida.com\/eshop\/wp-json\/wp\/v2\/product"}],"about":[{"href":"https:\/\/www.pussycatmerida.com\/eshop\/wp-json\/wp\/v2\/types\/product"}],"wp:featuredmedia":[{"embeddable":true,"href":"https:\/\/www.pussycatmerida.com\/eshop\/wp-json\/wp\/v2\/media\/38680"}],"wp:attachment":[{"href":"https:\/\/www.pussycatmerida.com\/eshop\/wp-json\/wp\/v2\/media?parent=12696"}],"wp:term":[{"taxonomy":"pwb-brand","embeddable":true,"href":"https:\/\/www.pussycatmerida.com\/eshop\/wp-json\/wp\/v2\/pwb-brand?post=12696"},{"taxonomy":"product_brand","embeddable":true,"href":"https:\/\/www.pussycatmerida.com\/eshop\/wp-json\/wp\/v2\/product_brand?post=12696"},{"taxonomy":"product_cat","embeddable":true,"href":"https:\/\/www.pussycatmerida.com\/eshop\/wp-json\/wp\/v2\/product_cat?post=12696"},{"taxonomy":"product_tag","embeddable":true,"href":"https:\/\/www.pussycatmerida.com\/eshop\/wp-json\/wp\/v2\/product_tag?post=12696"}],"curies":[{"name":"wp","href":"https:\/\/api.w.org\/{rel}","templated":true}]}}