{"id":12700,"date":"2021-03-05T14:03:35","date_gmt":"2021-03-05T12:03:35","guid":{"rendered":"https:\/\/www.pussycatmerida.com\/eshop\/product\/pretty-love-chester-anillo-vibrador-negro\/"},"modified":"2026-03-11T12:27:14","modified_gmt":"2026-03-11T11:27:14","slug":"pretty-love-chester-anillo-vibrador-negro","status":"publish","type":"product","link":"https:\/\/www.pussycatmerida.com\/eshop\/producto\/pretty-love-chester-anillo-vibrador-negro\/","title":{"rendered":"PRETTY LOVE CHESTER ANILLO VIBRADOR NEGRO"},"content":{"rendered":"<p style=\"line-height: 16.6399993896484px;\">Pretty Love Chester, anillo vibrador de calidad inigualable, fabricado con la silicona de m\u00e1s alta calidad , se acciona mediante una bala vibradora que dispone de facil uso.<\/p>\n<ul style=\"line-height: 16.6399993896484px;\">\n<li>100% Silicona grado medico<\/li>\n<li>Bala vibradora fabricada en Abs \/ Funciona con dos pilas LR1130\u00a0<\/li>\n<li>Boton de facil uso On \/ Off<\/li>\n<\/ul>\n<p style=\"line-height: 16.6399993896484px;\">Te ayudar\u00e1 a potenciar la erecci\u00f3n y retrasar la eyaculaci\u00f3n, ademas de potenciar la sensacion con el estimulador de clitoris.<\/p>\n<p style=\"line-height: 16.6399993896484px;\">Descubre nuevas experiencias!!<\/p>\n","protected":false},"excerpt":{"rendered":"<p>PRETTY LOVE CHESTER COCKRING BLACK<\/p>\n","protected":false},"featured_media":31600,"template":"","meta":[],"pwb-brand":[213,455],"product_brand":[],"product_cat":[276,945,903,274],"product_tag":[],"class_list":{"0":"post-12700","1":"product","2":"type-product","3":"status-publish","4":"has-post-thumbnail","6":"pwb-brand-pretty-love","7":"pwb-brand-pretty-lovepretty-male","8":"product_cat-juguetes-sexuales-xxxaccesorios-para-el-pene","9":"product_cat-anillos-con-vibracion","10":"product_cat-anillos-para-el-pene","11":"product_cat-juguetes-sexuales-xxx","12":"post_count_is_0","13":"boutique_post_style_4","15":"first","16":"instock","17":"taxable","18":"shipping-taxable","19":"purchasable","20":"product-type-simple","21":"boutique_image_style_2"},"brands":[{"id":213,"name":"PRETTY LOVE","slug":"pretty-love"},{"id":455,"name":"PRETTY MALE","slug":"pretty-lovepretty-male"}],"_links":{"self":[{"href":"https:\/\/www.pussycatmerida.com\/eshop\/wp-json\/wp\/v2\/product\/12700","targetHints":{"allow":["GET"]}}],"collection":[{"href":"https:\/\/www.pussycatmerida.com\/eshop\/wp-json\/wp\/v2\/product"}],"about":[{"href":"https:\/\/www.pussycatmerida.com\/eshop\/wp-json\/wp\/v2\/types\/product"}],"wp:featuredmedia":[{"embeddable":true,"href":"https:\/\/www.pussycatmerida.com\/eshop\/wp-json\/wp\/v2\/media\/31600"}],"wp:attachment":[{"href":"https:\/\/www.pussycatmerida.com\/eshop\/wp-json\/wp\/v2\/media?parent=12700"}],"wp:term":[{"taxonomy":"pwb-brand","embeddable":true,"href":"https:\/\/www.pussycatmerida.com\/eshop\/wp-json\/wp\/v2\/pwb-brand?post=12700"},{"taxonomy":"product_brand","embeddable":true,"href":"https:\/\/www.pussycatmerida.com\/eshop\/wp-json\/wp\/v2\/product_brand?post=12700"},{"taxonomy":"product_cat","embeddable":true,"href":"https:\/\/www.pussycatmerida.com\/eshop\/wp-json\/wp\/v2\/product_cat?post=12700"},{"taxonomy":"product_tag","embeddable":true,"href":"https:\/\/www.pussycatmerida.com\/eshop\/wp-json\/wp\/v2\/product_tag?post=12700"}],"curies":[{"name":"wp","href":"https:\/\/api.w.org\/{rel}","templated":true}]}}