{"id":13344,"date":"2021-02-24T14:27:46","date_gmt":"2021-02-24T12:27:46","guid":{"rendered":"https:\/\/www.pussycatmerida.com\/eshop\/product\/fantasy-c-ringz-rock-hard-anillo-potenciador-con-plug-anal\/"},"modified":"2026-03-11T12:39:38","modified_gmt":"2026-03-11T11:39:38","slug":"fantasy-c-ringz-rock-hard-anillo-potenciador-con-plug-anal","status":"publish","type":"product","link":"https:\/\/www.pussycatmerida.com\/eshop\/producto\/fantasy-c-ringz-rock-hard-anillo-potenciador-con-plug-anal\/","title":{"rendered":"FANTASY C-RINGZ ROCK HARD ANILLO POTENCIADOR CON PLUG ANAL"},"content":{"rendered":"<p style=\"line-height: 20.8px;\">Fantasy C-ring es la gama de anillos m\u00e1s completa! su dise\u00f1o ha sido revisado para estimular a la perfecci\u00f3n el pene y todos sus sentidos, cada uno ha sido dise\u00f1ado por un equipo de ingenieros Pipedreams.<\/p>\n<p style=\"line-height: 20.8px;\">Su calidad es extrema , potenciar\u00e1s la erecci\u00f3n, conseguir\u00e1s retardar la eyaculaci\u00f3n .<\/p>\n<p style=\"line-height: 20.8px;\">Ass- Gasm Vibrating\u00a0rabbit\u00a0est\u00e1\u00a0orientado al hombre y su estimulaci\u00f3n mas potencial, limitando el flujo de sangre y\u00a0mejorando gracias a ello\u00a0el tama\u00f1o de su pene adem\u00e1s\u00a0controlar\u00e1 la eyaculaci\u00f3n, potenciando la resistencia, por si todo fuera poco tiene un potente motor anal<\/p>\n<p style=\"line-height: 20.8px;\">Con este anillo tienes garantizado el placer!, gracias a su ergonom\u00eda y vibraci\u00f3n<\/p>\n<ul style=\"line-height: 20.8px;\">\n<li>Coloca un anillo en la base del pene \u00a0e introduce el plug anal\u00a0<\/li>\n<li>Incorpora un\u00a0potente\u00a0motor\u00a0extraible\u00a0( puedes usarlo por separado como estimulador )\u00a0<\/li>\n<li>Fabricado 100% En silicona elite\u00a0suave y muy confortable<\/li>\n<li>Se ajusta a todos los tama\u00f1os de Pene<\/li>\n<\/ul>\n<p style=\"line-height: 20.8px;\">Funciona con dos pilas AAA ( No incluidas ) \u00a0que puedes encontrar en la secci\u00f3n Pilas.<\/p>\n<p style=\"line-height: 20.8px;\">Incluye muestra de lubricante y toycleanner.<\/p>\n<p style=\"text-align: center;\">\u00a0<\/p>\n<p style=\"text-align: center;\"><iframe loading=\"lazy\" allowfullscreen=\"\" frameborder=\"0\" height=\"400\" mozallowfullscreen=\"\" src=\"https:\/\/player.vimeo.com\/video\/145156755\" webkitallowfullscreen=\"\" width=\"700\"><\/iframe><\/p>\n","protected":false},"excerpt":{"rendered":"<p>FANTASY C-RINGZ ROCK HARD ASS-GASM<\/p>\n","protected":false},"featured_media":32576,"template":"","meta":[],"pwb-brand":[477,476],"product_brand":[],"product_cat":[276,903,944,274],"product_tag":[],"class_list":{"0":"post-13344","1":"product","2":"type-product","3":"status-publish","4":"has-post-thumbnail","6":"pwb-brand-pipedreams-fantasy-c-ringz","7":"pwb-brand-pipedreams","8":"product_cat-juguetes-sexuales-xxxaccesorios-para-el-pene","9":"product_cat-anillos-para-el-pene","10":"product_cat-anillos-sin-vibracion","11":"product_cat-juguetes-sexuales-xxx","12":"post_count_is_0","13":"boutique_post_style_4","15":"first","16":"instock","17":"taxable","18":"shipping-taxable","19":"purchasable","20":"product-type-simple","21":"boutique_image_style_2"},"brands":[{"id":477,"name":"FANTASY C-RINGZ","slug":"pipedreams-fantasy-c-ringz"},{"id":476,"name":"PIPEDREAMS","slug":"pipedreams"}],"_links":{"self":[{"href":"https:\/\/www.pussycatmerida.com\/eshop\/wp-json\/wp\/v2\/product\/13344","targetHints":{"allow":["GET"]}}],"collection":[{"href":"https:\/\/www.pussycatmerida.com\/eshop\/wp-json\/wp\/v2\/product"}],"about":[{"href":"https:\/\/www.pussycatmerida.com\/eshop\/wp-json\/wp\/v2\/types\/product"}],"wp:featuredmedia":[{"embeddable":true,"href":"https:\/\/www.pussycatmerida.com\/eshop\/wp-json\/wp\/v2\/media\/32576"}],"wp:attachment":[{"href":"https:\/\/www.pussycatmerida.com\/eshop\/wp-json\/wp\/v2\/media?parent=13344"}],"wp:term":[{"taxonomy":"pwb-brand","embeddable":true,"href":"https:\/\/www.pussycatmerida.com\/eshop\/wp-json\/wp\/v2\/pwb-brand?post=13344"},{"taxonomy":"product_brand","embeddable":true,"href":"https:\/\/www.pussycatmerida.com\/eshop\/wp-json\/wp\/v2\/product_brand?post=13344"},{"taxonomy":"product_cat","embeddable":true,"href":"https:\/\/www.pussycatmerida.com\/eshop\/wp-json\/wp\/v2\/product_cat?post=13344"},{"taxonomy":"product_tag","embeddable":true,"href":"https:\/\/www.pussycatmerida.com\/eshop\/wp-json\/wp\/v2\/product_tag?post=13344"}],"curies":[{"name":"wp","href":"https:\/\/api.w.org\/{rel}","templated":true}]}}