{"id":13364,"date":"2021-03-01T10:24:50","date_gmt":"2021-03-01T08:24:50","guid":{"rendered":"https:\/\/www.pussycatmerida.com\/eshop\/product\/king-cock-harness-con-pene-realistico-15-20cm\/"},"modified":"2026-03-11T12:26:07","modified_gmt":"2026-03-11T11:26:07","slug":"king-cock-harness-con-pene-realistico-15-20cm","status":"publish","type":"product","link":"https:\/\/www.pussycatmerida.com\/eshop\/producto\/king-cock-harness-con-pene-realistico-15-20cm\/","title":{"rendered":"KING COCK HARNESS CON PENE REALISTICO 15.20CM"},"content":{"rendered":"<p>Cuando buscar un Arn\u00e9s confortable para una experiencia real\u00edstica, debes seleccionar cada detalle para que la experiencia sea optima! Cada detalle, cada costura, cada broche esta cuidadosamente elegido, dise\u00f1ado y fabricado para la mejor experiencia que nunca imaginaste. La base con succi\u00f3n permite que la sujeci\u00f3n es perfecta para una penetraci\u00f3n suave o dura y cada dildo que incluye el arn\u00e9s puede ser utilizado por separado. Fabricado en Pipedreams Usa cada King Cock\u00a0<\/p>\n<p>El Arn\u00e9s resistente de vinillo mantiene todo en su lugar, incluso con el sexo m\u00e1s fuerte, el interior es confortable y las correas son completamente ajustables al cuerpo, se adapta perfectamente desde las tallas S a la XL. Las hebillas de metal en la uni\u00f3n de las correas aseguran que no se suelten durante el sexo m\u00e1s fuerte, mientras que las correas con velcro hacen que las anillas que sujetan al dildo est\u00e9n recto y fijo.<br \/>La experiencia m\u00e1s \u00f3ptima con la m\u00e1s alta calidad!<\/p>\n<ul>\n<li>Medidas Dildo \/ 15.20 x 4.10 cm<\/li>\n<\/ul>\n<p>Tras su uso limpiar con el limpiador de juguetes Pipedreams y agua tibia, se conservar\u00e1 en perfectas condiciones para un nuevo acto!<\/p>\n<p>\u00a0<\/p>\n<p style=\"text-align: center;\">\u00a0<\/p>\n<p style=\"text-align: center;\"><iframe loading=\"lazy\" allowfullscreen=\"\" frameborder=\"0\" height=\"400\" mozallowfullscreen=\"\" src=\"https:\/\/player.vimeo.com\/video\/146038939\" webkitallowfullscreen=\"\" width=\"700\"><\/iframe><\/p>\n","protected":false},"excerpt":{"rendered":"<p>KING COCK HARNESS 6&#8243; COCK<\/p>\n","protected":false},"featured_media":56509,"template":"","meta":[],"pwb-brand":[493,476],"product_brand":[],"product_cat":[278,287,274],"product_tag":[],"class_list":{"0":"post-13364","1":"product","2":"type-product","3":"status-publish","4":"has-post-thumbnail","6":"pwb-brand-pipedreams-king-cock","7":"pwb-brand-pipedreams","8":"product_cat-juguetes-sexuales-xxxarneses","9":"product_cat-juguetes-sexuales-xxxdildos","10":"product_cat-juguetes-sexuales-xxx","11":"post_count_is_0","12":"boutique_post_style_4","14":"first","15":"instock","16":"taxable","17":"shipping-taxable","18":"purchasable","19":"product-type-simple","20":"boutique_image_style_2"},"brands":[{"id":493,"name":"KING COCK","slug":"pipedreams-king-cock"},{"id":476,"name":"PIPEDREAMS","slug":"pipedreams"}],"_links":{"self":[{"href":"https:\/\/www.pussycatmerida.com\/eshop\/wp-json\/wp\/v2\/product\/13364","targetHints":{"allow":["GET"]}}],"collection":[{"href":"https:\/\/www.pussycatmerida.com\/eshop\/wp-json\/wp\/v2\/product"}],"about":[{"href":"https:\/\/www.pussycatmerida.com\/eshop\/wp-json\/wp\/v2\/types\/product"}],"wp:featuredmedia":[{"embeddable":true,"href":"https:\/\/www.pussycatmerida.com\/eshop\/wp-json\/wp\/v2\/media\/56509"}],"wp:attachment":[{"href":"https:\/\/www.pussycatmerida.com\/eshop\/wp-json\/wp\/v2\/media?parent=13364"}],"wp:term":[{"taxonomy":"pwb-brand","embeddable":true,"href":"https:\/\/www.pussycatmerida.com\/eshop\/wp-json\/wp\/v2\/pwb-brand?post=13364"},{"taxonomy":"product_brand","embeddable":true,"href":"https:\/\/www.pussycatmerida.com\/eshop\/wp-json\/wp\/v2\/product_brand?post=13364"},{"taxonomy":"product_cat","embeddable":true,"href":"https:\/\/www.pussycatmerida.com\/eshop\/wp-json\/wp\/v2\/product_cat?post=13364"},{"taxonomy":"product_tag","embeddable":true,"href":"https:\/\/www.pussycatmerida.com\/eshop\/wp-json\/wp\/v2\/product_tag?post=13364"}],"curies":[{"name":"wp","href":"https:\/\/api.w.org\/{rel}","templated":true}]}}