{"id":13773,"date":"2021-03-01T10:30:00","date_gmt":"2021-03-01T08:30:00","guid":{"rendered":"https:\/\/www.pussycatmerida.com\/eshop\/product\/bijoux-magnifique-collar-latigo-de-cadenas-metalicas\/"},"modified":"2026-03-11T12:39:40","modified_gmt":"2026-03-11T11:39:40","slug":"bijoux-magnifique-collar-latigo-de-cadenas-metalicas","status":"publish","type":"product","link":"https:\/\/www.pussycatmerida.com\/eshop\/producto\/bijoux-magnifique-collar-latigo-de-cadenas-metalicas\/","title":{"rendered":"BIJOUX MAGNIFIQUE COLLAR \/ LATIGO DE CADENAS MET\u00c1LICAS"},"content":{"rendered":"<p>El roce de las cadenas met\u00e1licas en tu piel despierta tu imaginaci\u00f3n\u2026 Un colgante para cualquier ocasi\u00f3n y un l\u00e1tigo que castiga con placer. \u00a1Ad\u00e9ntrate en el mundo del soft bondage! Contenido: Collar y l\u00e1tigo de cadenas met\u00e1licas<\/p>\n<ul>\n<li>\u00a0 \u00a0 \u00a0\u00a1Doble uso! Un elegante collar para cualquier ocasi\u00f3n y un fant\u00e1stico l\u00e1tigo que castiga con placer para tus momentos de<\/li>\n<li>\u00a0 \u00a0 \u00a0 \u00a0pasi\u00f3n.<\/li>\n<li>&#8211; \u00a0 \u00a0 \u00a1Conjunto de esc\u00e1ndalo! Combina tu collar con las esposas Magnifique.<\/li>\n<li>&#8211; \u00a0 \u00a0 Comb\u00ednalo con un look de noche, lencer\u00eda, o, simplemente, con tu piel.<\/li>\n<li>&#8211; \u00a0 \u00a0 \u00a1Dos niveles! Cadenas met\u00e1licas para acariciar y castigar.<\/li>\n<li>&#8211; \u00a0 \u00a0 \u00a1Sorprende! El fr\u00edo de las cadenas met\u00e1licas contrasta con la temperatura de tu piel.<\/li>\n<li>&#8211; \u00a0 \u00a0 \u00a1Juega sin problemas! No contiene n\u00edquel por lo que no causa reacciones al\u00e9rgicas.<\/li>\n<li>&#8211; \u00a0 \u00a0 \u00a1Placer para los sentidos! Comb\u00ednalo con un antifaz para que tus sensaciones se intensifiquen.<\/li>\n<\/ul>\n<p>Dise\u00f1o exclusivo por Bijoux Indiscrets.<\/p>\n<p>Dise\u00f1o inspirado en las sensuales bailarinas de los cabarets neoyorquinos, donde la seducci\u00f3n est\u00e1 presente en todo detalle.<\/p>\n<p style=\"text-align: center;\"><iframe loading=\"lazy\" allowfullscreen=\"\" frameborder=\"0\" height=\"300\" scrolling=\"no\" src=\"https:\/\/www.youtube.com\/embed\/vsuu3ATqq2c?rel=0controls=0showinfo=0\" width=\"800\"><\/iframe><\/p>\n","protected":false},"excerpt":{"rendered":"<p>MAGNIFIQUE WHIP METALLIC CHAIN WHIP NECKLACE<\/p>\n","protected":false},"featured_media":56832,"template":"","meta":[],"pwb-brand":[51,632],"product_brand":[],"product_cat":[423,422,313,282,412,912,274,309,295],"product_tag":[],"class_list":{"0":"post-13773","1":"product","2":"type-product","3":"status-publish","4":"has-post-thumbnail","6":"pwb-brand-bijoux-indiscrets","7":"pwb-brand-bijoux-indiscretsbijoux-magnifique","8":"product_cat-juguetes-sexuales-xxxfetish-bondagebdsm-accesorios","9":"product_cat-juguetes-sexuales-xxxfetish-bondagebdsm-collares","10":"product_cat-lenceriacomplementos-lenceria","11":"product_cat-juguetes-sexuales-xxxfetish-bondage","12":"product_cat-juguetes-sexuales-xxxfetish-bondagefustas-palas","13":"product_cat-joyeria-corporal","14":"product_cat-juguetes-sexuales-xxx","15":"product_cat-lenceria","16":"product_cat-juguetes-sexuales-xxxmetal","17":"post_count_is_0","18":"boutique_post_style_4","20":"first","21":"instock","22":"taxable","23":"shipping-taxable","24":"purchasable","25":"product-type-simple","26":"boutique_image_style_2"},"brands":[{"id":51,"name":"BIJOUX INDISCRETS","slug":"bijoux-indiscrets"},{"id":632,"name":"BIJOUX MAGNIFIQUE","slug":"bijoux-indiscretsbijoux-magnifique"}],"_links":{"self":[{"href":"https:\/\/www.pussycatmerida.com\/eshop\/wp-json\/wp\/v2\/product\/13773","targetHints":{"allow":["GET"]}}],"collection":[{"href":"https:\/\/www.pussycatmerida.com\/eshop\/wp-json\/wp\/v2\/product"}],"about":[{"href":"https:\/\/www.pussycatmerida.com\/eshop\/wp-json\/wp\/v2\/types\/product"}],"wp:featuredmedia":[{"embeddable":true,"href":"https:\/\/www.pussycatmerida.com\/eshop\/wp-json\/wp\/v2\/media\/56832"}],"wp:attachment":[{"href":"https:\/\/www.pussycatmerida.com\/eshop\/wp-json\/wp\/v2\/media?parent=13773"}],"wp:term":[{"taxonomy":"pwb-brand","embeddable":true,"href":"https:\/\/www.pussycatmerida.com\/eshop\/wp-json\/wp\/v2\/pwb-brand?post=13773"},{"taxonomy":"product_brand","embeddable":true,"href":"https:\/\/www.pussycatmerida.com\/eshop\/wp-json\/wp\/v2\/product_brand?post=13773"},{"taxonomy":"product_cat","embeddable":true,"href":"https:\/\/www.pussycatmerida.com\/eshop\/wp-json\/wp\/v2\/product_cat?post=13773"},{"taxonomy":"product_tag","embeddable":true,"href":"https:\/\/www.pussycatmerida.com\/eshop\/wp-json\/wp\/v2\/product_tag?post=13773"}],"curies":[{"name":"wp","href":"https:\/\/api.w.org\/{rel}","templated":true}]}}