{"id":13812,"date":"2021-02-26T10:39:52","date_gmt":"2021-02-26T08:39:52","guid":{"rendered":"https:\/\/www.pussycatmerida.com\/eshop\/product\/deluxe-pretty-love-snaky-vibrador-7v\/"},"modified":"2026-03-11T12:28:04","modified_gmt":"2026-03-11T11:28:04","slug":"deluxe-pretty-love-snaky-vibrador-7v","status":"publish","type":"product","link":"https:\/\/www.pussycatmerida.com\/eshop\/producto\/deluxe-pretty-love-snaky-vibrador-7v\/","title":{"rendered":"DELUXE PRETTY LOVE SNAKY VIBRADOR 7V"},"content":{"rendered":"<p>Pretty Love Lanza un juguete \u00fanico, con infinidad de posibilidades para el juego, ya seas heterosexual, homosexual o lesbiana, sea cual sea tu condicion, este juguete estimular\u00e1 a todos los integrantes de una relacion a 2.<\/p>\n<p>Sus posibilidades infinitas permiten que los usuarios puedan dejar volar la imaginaci\u00f3n y vivir sensaciones muy placenteras al mismo tiempo<\/p>\n<ul>\n<li>Sus dos extremos de dimensiones diferentes permiten jugar de diferentes maneras, ya sea por estimulaci\u00f3n vaginal o anal.<\/li>\n<\/ul>\n<p>Las estr\u00edas y vol\u00famenes de ambos extremos hacen que 2 sea totalmente estimulante para las zonas \u00edntimas.<\/p>\n<p>Su confecci\u00f3n en silicona hace que sea suave, delicado y extremadamente flexible para el m\u00e1ximo comfort del usuario, y del mismo modo lo hace totalmente higi\u00e9nico y f\u00e1cil de limpiar.<\/p>\n<p>Se caracteriza por;<\/p>\n<ul>\n<li style=\"box-sizing: border-box; margin-top: 0px; font-size: 14px !important; line-height: 1.5 !important;\">100% Silicona extremadamente suave<\/li>\n<li style=\"box-sizing: border-box; margin-top: 0px; font-size: 14px !important; line-height: 1.5 !important;\">2 Potentes motores<\/li>\n<li style=\"box-sizing: border-box; margin-top: 0px; font-size: 14px !important; line-height: 1.5 !important;\">7 Funciones de Vibraci\u00f3n<\/li>\n<li style=\"box-sizing: border-box; margin-top: 0px; font-size: 14px !important; line-height: 1.5 !important;\">Recargable<\/li>\n<li style=\"box-sizing: border-box; margin-top: 0px; font-size: 14px !important; line-height: 1.5 !important;\">Flexible y c\u00f3domo de usar<\/li>\n<li style=\"box-sizing: border-box; margin-top: 0px; font-size: 14px !important; line-height: 1.5 !important;\">Medidas; 600\u00a0mm longitud total\u00a0x 32\u00a0mm de ancho en cada vibrador insertable<\/li>\n<li style=\"box-sizing: border-box; margin-top: 0px; font-size: 14px !important; line-height: 1.5 !important;\">Incorpora cargador USB<\/li>\n<\/ul>\n<p style=\"box-sizing: border-box; margin-top: 0px; font-size: 14px !important; line-height: 1.5 !important;\"><span style=\"color: rgb(57, 57, 57); font-family: 'Roboto Slab', sans-serif; font-size: 14px; line-height: 19.0909px;\">Pretty Love fabrica productos con exigentes normas de calidad, todos sus productos estan dise\u00f1ados en Estados Unidos y tienen 1 a\u00f1o de garant\u00eda en defectos tecnicos.<\/span><\/p>\n<p style=\"box-sizing: border-box; margin-top: 0px; font-size: 14px !important; line-height: 1.5 !important;\">\u00a0<\/p>\n","protected":false},"excerpt":{"rendered":"<p>DELUXE PRETTY LOVE SNAKY VIBE 7V<\/p>\n","protected":false},"featured_media":38702,"template":"","meta":[],"pwb-brand":[213,451],"product_brand":[],"product_cat":[288,274,294,434,299],"product_tag":[],"class_list":{"0":"post-13812","1":"product","2":"type-product","3":"status-publish","4":"has-post-thumbnail","6":"pwb-brand-pretty-love","7":"pwb-brand-pretty-lovesmart","8":"product_cat-juguetes-sexuales-xxxestimuladores","9":"product_cat-juguetes-sexuales-xxx","10":"product_cat-juguetes-sexuales-xxxmasturbadores-para-ellas","11":"product_cat-juguetes-sexuales-xxxestimuladorespara-clitoris","12":"product_cat-juguetes-sexuales-xxxvibradores","13":"post_count_is_0","14":"boutique_post_style_4","16":"first","17":"instock","18":"taxable","19":"shipping-taxable","20":"purchasable","21":"product-type-simple","22":"boutique_image_style_2"},"brands":[{"id":213,"name":"PRETTY LOVE","slug":"pretty-love"},{"id":451,"name":"SMART","slug":"pretty-lovesmart"}],"_links":{"self":[{"href":"https:\/\/www.pussycatmerida.com\/eshop\/wp-json\/wp\/v2\/product\/13812","targetHints":{"allow":["GET"]}}],"collection":[{"href":"https:\/\/www.pussycatmerida.com\/eshop\/wp-json\/wp\/v2\/product"}],"about":[{"href":"https:\/\/www.pussycatmerida.com\/eshop\/wp-json\/wp\/v2\/types\/product"}],"wp:featuredmedia":[{"embeddable":true,"href":"https:\/\/www.pussycatmerida.com\/eshop\/wp-json\/wp\/v2\/media\/38702"}],"wp:attachment":[{"href":"https:\/\/www.pussycatmerida.com\/eshop\/wp-json\/wp\/v2\/media?parent=13812"}],"wp:term":[{"taxonomy":"pwb-brand","embeddable":true,"href":"https:\/\/www.pussycatmerida.com\/eshop\/wp-json\/wp\/v2\/pwb-brand?post=13812"},{"taxonomy":"product_brand","embeddable":true,"href":"https:\/\/www.pussycatmerida.com\/eshop\/wp-json\/wp\/v2\/product_brand?post=13812"},{"taxonomy":"product_cat","embeddable":true,"href":"https:\/\/www.pussycatmerida.com\/eshop\/wp-json\/wp\/v2\/product_cat?post=13812"},{"taxonomy":"product_tag","embeddable":true,"href":"https:\/\/www.pussycatmerida.com\/eshop\/wp-json\/wp\/v2\/product_tag?post=13812"}],"curies":[{"name":"wp","href":"https:\/\/api.w.org\/{rel}","templated":true}]}}