{"id":14727,"date":"2021-02-24T14:30:21","date_gmt":"2021-02-24T12:30:21","guid":{"rendered":"https:\/\/www.pussycatmerida.com\/eshop\/product\/fetish-fantasy-arnes-doble-delicia-vibrador\/"},"modified":"2026-03-11T12:27:00","modified_gmt":"2026-03-11T11:27:00","slug":"fetish-fantasy-arnes-doble-delicia-vibrador","status":"publish","type":"product","link":"https:\/\/www.pussycatmerida.com\/eshop\/producto\/fetish-fantasy-arnes-doble-delicia-vibrador\/","title":{"rendered":"FETISH FANTASY ARNES DOBLE DELICIA VIBRADOR"},"content":{"rendered":"<p>Este sexy arn\u00e9s doble es el modo perfecto de tomar el control en la habitaci\u00f3n. Las cintas el\u00e1sticas se ajustan f\u00e1cilmente a casi todas las tallas, mientras que el dildo permanece c\u00f3modamente en su lugar. Tu pareja y tu amar\u00e9is el grosor\u00a0y lo real\u00edstico que es este pene, as\u00ed como los resultados<\/p>\n<ul>\n<li>Funciona con 4 pilas AA no incluidas.<\/li>\n<li>Medidas: 15 cm. x 3,6 cm. y 16 cm. x 3,6 cm.<\/li>\n<\/ul>\n<p>Incluye una m\u00e1scara de regalo.<\/p>\n","protected":false},"excerpt":{"rendered":"<p>FETISH FANTASY VIBRATING DOUBLE DELIGHT STRAP-ON.<\/p>\n","protected":false},"featured_media":33388,"template":"","meta":[],"pwb-brand":[485,476],"product_brand":[],"product_cat":[918,278,274],"product_tag":[],"class_list":{"0":"post-14727","1":"product","2":"type-product","3":"status-publish","4":"has-post-thumbnail","6":"pwb-brand-pipedreams-fetish-fantasy-series","7":"pwb-brand-pipedreams","8":"product_cat-arnes-doble","9":"product_cat-juguetes-sexuales-xxxarneses","10":"product_cat-juguetes-sexuales-xxx","11":"post_count_is_0","12":"boutique_post_style_4","14":"first","15":"instock","16":"taxable","17":"shipping-taxable","18":"purchasable","19":"product-type-simple","20":"boutique_image_style_2"},"brands":[{"id":485,"name":"FETISH FANTASY SERIES","slug":"pipedreams-fetish-fantasy-series"},{"id":476,"name":"PIPEDREAMS","slug":"pipedreams"}],"_links":{"self":[{"href":"https:\/\/www.pussycatmerida.com\/eshop\/wp-json\/wp\/v2\/product\/14727","targetHints":{"allow":["GET"]}}],"collection":[{"href":"https:\/\/www.pussycatmerida.com\/eshop\/wp-json\/wp\/v2\/product"}],"about":[{"href":"https:\/\/www.pussycatmerida.com\/eshop\/wp-json\/wp\/v2\/types\/product"}],"wp:featuredmedia":[{"embeddable":true,"href":"https:\/\/www.pussycatmerida.com\/eshop\/wp-json\/wp\/v2\/media\/33388"}],"wp:attachment":[{"href":"https:\/\/www.pussycatmerida.com\/eshop\/wp-json\/wp\/v2\/media?parent=14727"}],"wp:term":[{"taxonomy":"pwb-brand","embeddable":true,"href":"https:\/\/www.pussycatmerida.com\/eshop\/wp-json\/wp\/v2\/pwb-brand?post=14727"},{"taxonomy":"product_brand","embeddable":true,"href":"https:\/\/www.pussycatmerida.com\/eshop\/wp-json\/wp\/v2\/product_brand?post=14727"},{"taxonomy":"product_cat","embeddable":true,"href":"https:\/\/www.pussycatmerida.com\/eshop\/wp-json\/wp\/v2\/product_cat?post=14727"},{"taxonomy":"product_tag","embeddable":true,"href":"https:\/\/www.pussycatmerida.com\/eshop\/wp-json\/wp\/v2\/product_tag?post=14727"}],"curies":[{"name":"wp","href":"https:\/\/api.w.org\/{rel}","templated":true}]}}