{"id":14760,"date":"2021-02-26T10:40:15","date_gmt":"2021-02-26T08:40:15","guid":{"rendered":"https:\/\/www.pussycatmerida.com\/eshop\/product\/pretty-love-egg-berger-control-remoto-12v\/"},"modified":"2026-03-11T12:28:04","modified_gmt":"2026-03-11T11:28:04","slug":"pretty-love-egg-berger-control-remoto-12v","status":"publish","type":"product","link":"https:\/\/www.pussycatmerida.com\/eshop\/producto\/pretty-love-egg-berger-control-remoto-12v\/","title":{"rendered":"PRETTY LOVE EGG BERGER CONTROL REMOTO 12V"},"content":{"rendered":"<p style=\"box-sizing: border-box; font-family: 'Roboto Slab', sans-serif; margin-top: 0px; font-size: 14px; color: rgb(57, 57, 57); line-height: 1.5 !important;\">Elegante estimulador en forma de huevo\u00a0 con fuerte vibraci\u00f3n y altas prestaciones\u00a0 de una calidad inigualable.<\/p>\n<p style=\"box-sizing: border-box; font-family: 'Roboto Slab', sans-serif; margin-top: 0px; font-size: 14px; color: rgb(57, 57, 57); line-height: 1.5 !important;\">Te dar\u00e1 sin duda un paseo inolvidable, al mismo tiempo que se introduce dentro de ti, haci\u00e9ndote sentir a\u00fan m\u00e1s profundamente sus vibraciones, masajeando tu interior.<\/p>\n<p style=\"box-sizing: border-box; font-family: 'Roboto Slab', sans-serif; margin-top: 0px; font-size: 14px; color: rgb(57, 57, 57); line-height: 1.5 !important;\">Pretty Love es sinonimo de Calidad.<\/p>\n<ul>\n<li style=\"box-sizing: border-box; margin-top: 0px; line-height: 1.5 !important;\">Dispone de 12\u00a0funciones diferentes de vibraci\u00f3n, haciendo un vibrador perfecto para ti!!<\/li>\n<li style=\"box-sizing: border-box; margin-top: 0px; line-height: 1.5 !important;\">Silicona 100% Alta Calidad libre de phalatos aprobada por la FDA \u00a0+ \u00a0Abs en detalles metalizados<\/li>\n<li style=\"box-sizing: border-box; margin-top: 0px; line-height: 1.5 !important;\">Recargable<\/li>\n<li style=\"box-sizing: border-box; margin-top: 0px; line-height: 1.5 !important;\">Cordon silicona facil extracci\u00f3n<\/li>\n<\/ul>\n<p style=\"box-sizing: border-box; font-family: 'Roboto Slab', sans-serif; margin-top: 0px; font-size: 14px; color: rgb(57, 57, 57); line-height: 1.5 !important;\">En su interior encontrar\u00e1s libro de instrucciones y cable cargador usb.<\/p>\n<p style=\"box-sizing: border-box; font-family: 'Roboto Slab', sans-serif; margin-top: 0px; font-size: 14px; color: rgb(57, 57, 57); line-height: 1.5 !important;\">Adem\u00e1s, el Berge incluye un sistema inteligente de apagado autom\u00e1tico con lo que si no lo usas durante cinco minutos, se apagar\u00e1 autom\u00e1ticamente para optimizar el uso de la bater\u00eda.<br style=\"box-sizing: border-box;\" \/><br style=\"box-sizing: border-box;\" \/>Pretty Love fabrica productos con exigentes normas de calidad, todos sus productos estan dise\u00f1ados en Estados Unidos y tienen 1 a\u00f1o de garant\u00eda en defectos tecnicos.<\/p>\n","protected":false},"excerpt":{"rendered":"<p>PRETTY LOVE EGG BERGER REMOTE CONTROL 12V<\/p>\n","protected":false},"featured_media":38750,"template":"","meta":[],"pwb-brand":[213,451],"product_brand":[],"product_cat":[284,288,289,274,299],"product_tag":[],"class_list":{"0":"post-14760","1":"product","2":"type-product","3":"status-publish","4":"has-post-thumbnail","6":"pwb-brand-pretty-love","7":"pwb-brand-pretty-lovesmart","8":"product_cat-juguetes-sexuales-xxxcontrol-remoto","9":"product_cat-juguetes-sexuales-xxxestimuladores","10":"product_cat-juguetes-sexuales-xxxhuevos-vibradores","11":"product_cat-juguetes-sexuales-xxx","12":"product_cat-juguetes-sexuales-xxxvibradores","13":"post_count_is_0","14":"boutique_post_style_4","16":"first","17":"instock","18":"taxable","19":"shipping-taxable","20":"purchasable","21":"product-type-simple","22":"boutique_image_style_2"},"brands":[{"id":213,"name":"PRETTY LOVE","slug":"pretty-love"},{"id":451,"name":"SMART","slug":"pretty-lovesmart"}],"_links":{"self":[{"href":"https:\/\/www.pussycatmerida.com\/eshop\/wp-json\/wp\/v2\/product\/14760","targetHints":{"allow":["GET"]}}],"collection":[{"href":"https:\/\/www.pussycatmerida.com\/eshop\/wp-json\/wp\/v2\/product"}],"about":[{"href":"https:\/\/www.pussycatmerida.com\/eshop\/wp-json\/wp\/v2\/types\/product"}],"wp:featuredmedia":[{"embeddable":true,"href":"https:\/\/www.pussycatmerida.com\/eshop\/wp-json\/wp\/v2\/media\/38750"}],"wp:attachment":[{"href":"https:\/\/www.pussycatmerida.com\/eshop\/wp-json\/wp\/v2\/media?parent=14760"}],"wp:term":[{"taxonomy":"pwb-brand","embeddable":true,"href":"https:\/\/www.pussycatmerida.com\/eshop\/wp-json\/wp\/v2\/pwb-brand?post=14760"},{"taxonomy":"product_brand","embeddable":true,"href":"https:\/\/www.pussycatmerida.com\/eshop\/wp-json\/wp\/v2\/product_brand?post=14760"},{"taxonomy":"product_cat","embeddable":true,"href":"https:\/\/www.pussycatmerida.com\/eshop\/wp-json\/wp\/v2\/product_cat?post=14760"},{"taxonomy":"product_tag","embeddable":true,"href":"https:\/\/www.pussycatmerida.com\/eshop\/wp-json\/wp\/v2\/product_tag?post=14760"}],"curies":[{"name":"wp","href":"https:\/\/api.w.org\/{rel}","templated":true}]}}