{"id":14761,"date":"2021-03-06T15:23:26","date_gmt":"2021-03-06T13:23:26","guid":{"rendered":"https:\/\/www.pussycatmerida.com\/eshop\/product\/pretty-love-huevo-vibrador-arvin-control-remoto-12v\/"},"modified":"2026-03-11T12:28:04","modified_gmt":"2026-03-11T11:28:04","slug":"pretty-love-huevo-vibrador-arvin-control-remoto-12v","status":"publish","type":"product","link":"https:\/\/www.pussycatmerida.com\/eshop\/producto\/pretty-love-huevo-vibrador-arvin-control-remoto-12v\/","title":{"rendered":"PRETTY LOVE HUEVO VIBRADOR ARVIN CONTROL REMOTO 12V"},"content":{"rendered":"<p style=\"box-sizing: border-box; font-family: 'Roboto Slab', sans-serif; margin-top: 0px; font-size: 14px; color: rgb(57, 57, 57); line-height: 1.5 !important;\">Elegante estimulador en forma de bala\u00a0 con fuerte vibraci\u00f3n y altas prestaciones\u00a0 de una calidad inigualable.<\/p>\n<p style=\"box-sizing: border-box; font-family: 'Roboto Slab', sans-serif; margin-top: 0px; font-size: 14px; color: rgb(57, 57, 57); line-height: 1.5 !important;\">Te dar\u00e1 sin duda un paseo inolvidable, al mismo tiempo que se introduce dentro de ti, haci\u00e9ndote sentir a\u00fan m\u00e1s profundamente sus vibraciones, masajeando tu interior.<\/p>\n<p style=\"box-sizing: border-box; font-family: 'Roboto Slab', sans-serif; margin-top: 0px; font-size: 14px; color: rgb(57, 57, 57); line-height: 1.5 !important;\">Pretty Love es sinonimo de Calidad.<\/p>\n<ul style=\"line-height: 18.9091px;\">\n<li style=\"box-sizing: border-box; margin-top: 0px; line-height: 1.5 !important;\">Dispone de 12\u00a0funciones diferentes de vibraci\u00f3n, haciendo un vibrador perfecto para ti!!<\/li>\n<li style=\"box-sizing: border-box; margin-top: 0px; line-height: 1.5 !important;\">Silicona 100% Alta Calidad libre de phalatos aprobada por la FDA \u00a0+ \u00a0Abs en detalles metalizados<\/li>\n<li style=\"box-sizing: border-box; margin-top: 0px; line-height: 1.5 !important;\">Cordon silicona facil extracci\u00f3n<\/li>\n<\/ul>\n<p style=\"box-sizing: border-box; margin-top: 0px; line-height: 1.5 !important;\">Medidas\u00a0<\/p>\n<p style=\"box-sizing: border-box; margin-top: 0px; line-height: 1.5 !important; text-align: center;\"><img decoding=\"async\" alt=\"\" src=\"https:\/\/dreamlove.gesio.be\/UserFiles\/images\/BI-014374W_05.jpg\" style=\"width: 588px; height: 644px;\" \/><\/p>\n<ul>\n<li style=\"box-sizing: border-box; font-family: 'Roboto Slab', sans-serif; margin-top: 0px; font-size: 14px; color: rgb(57, 57, 57); line-height: 1.5 !important;\">Funciona con 3 pilas AAA NO Incluidas<\/li>\n<\/ul>\n<p style=\"box-sizing: border-box; font-family: 'Roboto Slab', sans-serif; margin-top: 0px; font-size: 14px; color: rgb(57, 57, 57); line-height: 1.5 !important;\">Pretty Love fabrica productos con exigentes normas de calidad, todos sus productos estan dise\u00f1ados en Estados Unidos y tienen 1 a\u00f1o de garant\u00eda en defectos tecnicos.<\/p>\n","protected":false},"excerpt":{"rendered":"<p>PRETTY LOVE VIBRATING EGG ARVIN REMOTE CONTROL 12V<\/p>\n","protected":false},"featured_media":38755,"template":"","meta":[],"pwb-brand":[509,213],"product_brand":[],"product_cat":[284,289,274],"product_tag":[],"class_list":{"0":"post-14761","1":"product","2":"type-product","3":"status-publish","4":"has-post-thumbnail","6":"pwb-brand-pretty-loveflirtation","7":"pwb-brand-pretty-love","8":"product_cat-juguetes-sexuales-xxxcontrol-remoto","9":"product_cat-juguetes-sexuales-xxxhuevos-vibradores","10":"product_cat-juguetes-sexuales-xxx","11":"post_count_is_0","12":"boutique_post_style_4","14":"first","15":"instock","16":"taxable","17":"shipping-taxable","18":"purchasable","19":"product-type-simple","20":"boutique_image_style_2"},"brands":[{"id":509,"name":"FLIRTATION","slug":"pretty-loveflirtation"},{"id":213,"name":"PRETTY LOVE","slug":"pretty-love"}],"_links":{"self":[{"href":"https:\/\/www.pussycatmerida.com\/eshop\/wp-json\/wp\/v2\/product\/14761","targetHints":{"allow":["GET"]}}],"collection":[{"href":"https:\/\/www.pussycatmerida.com\/eshop\/wp-json\/wp\/v2\/product"}],"about":[{"href":"https:\/\/www.pussycatmerida.com\/eshop\/wp-json\/wp\/v2\/types\/product"}],"wp:featuredmedia":[{"embeddable":true,"href":"https:\/\/www.pussycatmerida.com\/eshop\/wp-json\/wp\/v2\/media\/38755"}],"wp:attachment":[{"href":"https:\/\/www.pussycatmerida.com\/eshop\/wp-json\/wp\/v2\/media?parent=14761"}],"wp:term":[{"taxonomy":"pwb-brand","embeddable":true,"href":"https:\/\/www.pussycatmerida.com\/eshop\/wp-json\/wp\/v2\/pwb-brand?post=14761"},{"taxonomy":"product_brand","embeddable":true,"href":"https:\/\/www.pussycatmerida.com\/eshop\/wp-json\/wp\/v2\/product_brand?post=14761"},{"taxonomy":"product_cat","embeddable":true,"href":"https:\/\/www.pussycatmerida.com\/eshop\/wp-json\/wp\/v2\/product_cat?post=14761"},{"taxonomy":"product_tag","embeddable":true,"href":"https:\/\/www.pussycatmerida.com\/eshop\/wp-json\/wp\/v2\/product_tag?post=14761"}],"curies":[{"name":"wp","href":"https:\/\/api.w.org\/{rel}","templated":true}]}}