{"id":14921,"date":"2021-02-26T15:44:56","date_gmt":"2021-02-26T13:44:56","guid":{"rendered":"https:\/\/www.pussycatmerida.com\/eshop\/product\/confortex-sabanas-higienicas-desechables-en-bolsa-individual\/"},"modified":"2026-03-11T12:38:53","modified_gmt":"2026-03-11T11:38:53","slug":"confortex-sabanas-higienicas-desechables-en-bolsa-individual","status":"publish","type":"product","link":"https:\/\/www.pussycatmerida.com\/eshop\/producto\/confortex-sabanas-higienicas-desechables-en-bolsa-individual\/","title":{"rendered":"CONFORTEX SABANAS HIGI\u00c9NICAS DESECHABLES  EN BOLSA INDIVIDUAL"},"content":{"rendered":"<p>Los S\u00e1banas Higi\u00e9nicas Desechables CONFORTEX est\u00e1n fabricadas en Polipropileno Blanco, un material muy ligero y de f\u00e1cil manejo, con gran capacidad de adaptaci\u00f3n y absorci\u00f3n. Son biocompatibles, hipoalerg\u00e9nicas, resistentes a la tensi\u00f3n y a la rotura. Escaso desprendimiento de fibra \u00a0y acabado mate.<\/p>\n<p>Con las s\u00e1banas desechables no tendr\u00e1s que estar lavando despu\u00e9s de cada uso. Las s\u00e1banas higi\u00e9nicas desechables ayudan a protegerse de contagios de hongos y bacterias que suelen vivir entre los tejidos.<\/p>\n<p>La medida de una s\u00e1bana desechable es siempre con la s\u00e1bana estirada.<\/p>\n<p>Debe tener en cuenta la altura del colch\u00f3n para saber c\u00f3mo le quedar\u00e1 la s\u00e1bana una vez puesta.<\/p>\n<ul>\n<li>Medida; 150 cm x 200 cm<\/li>\n<\/ul>\n<p>Todo el proceso de elaboraci\u00f3n se realiza en una sala de ambiente controlado.<\/p>\n","protected":false},"excerpt":{"rendered":"<p>CONFORTEX SABANAS HIGI\u00c9NICAS DESECHABLES  EN BOLSA INDIVIDUAL<\/p>\n","protected":false},"featured_media":54197,"template":"","meta":[],"pwb-brand":[779],"product_brand":[],"product_cat":[417,274,291,292],"product_tag":[],"class_list":{"0":"post-14921","1":"product","2":"type-product","3":"status-publish","4":"has-post-thumbnail","6":"pwb-brand-confortex","7":"product_cat-juguetes-sexuales-xxxarticulos-limpieza-e-higiene","8":"product_cat-juguetes-sexuales-xxx","9":"product_cat-juguetes-sexuales-xxxlimpieza-intima","10":"product_cat-juguetes-sexuales-xxxlimpieza-y-conservacion","11":"post_count_is_0","12":"boutique_post_style_4","14":"first","15":"instock","16":"taxable","17":"shipping-taxable","18":"purchasable","19":"product-type-simple","20":"boutique_image_style_2"},"brands":[{"id":779,"name":"CONFORTEX","slug":"confortex"}],"_links":{"self":[{"href":"https:\/\/www.pussycatmerida.com\/eshop\/wp-json\/wp\/v2\/product\/14921","targetHints":{"allow":["GET"]}}],"collection":[{"href":"https:\/\/www.pussycatmerida.com\/eshop\/wp-json\/wp\/v2\/product"}],"about":[{"href":"https:\/\/www.pussycatmerida.com\/eshop\/wp-json\/wp\/v2\/types\/product"}],"wp:featuredmedia":[{"embeddable":true,"href":"https:\/\/www.pussycatmerida.com\/eshop\/wp-json\/wp\/v2\/media\/54197"}],"wp:attachment":[{"href":"https:\/\/www.pussycatmerida.com\/eshop\/wp-json\/wp\/v2\/media?parent=14921"}],"wp:term":[{"taxonomy":"pwb-brand","embeddable":true,"href":"https:\/\/www.pussycatmerida.com\/eshop\/wp-json\/wp\/v2\/pwb-brand?post=14921"},{"taxonomy":"product_brand","embeddable":true,"href":"https:\/\/www.pussycatmerida.com\/eshop\/wp-json\/wp\/v2\/product_brand?post=14921"},{"taxonomy":"product_cat","embeddable":true,"href":"https:\/\/www.pussycatmerida.com\/eshop\/wp-json\/wp\/v2\/product_cat?post=14921"},{"taxonomy":"product_tag","embeddable":true,"href":"https:\/\/www.pussycatmerida.com\/eshop\/wp-json\/wp\/v2\/product_tag?post=14921"}],"curies":[{"name":"wp","href":"https:\/\/api.w.org\/{rel}","templated":true}]}}