{"id":16857,"date":"2021-02-26T14:19:28","date_gmt":"2021-02-26T12:19:28","guid":{"rendered":"https:\/\/www.pussycatmerida.com\/eshop\/product\/kamasutra-aceite-de-masaje-espiritu-volador-236ml\/"},"modified":"2026-03-11T12:26:25","modified_gmt":"2026-03-11T11:26:25","slug":"kamasutra-aceite-de-masaje-espiritu-volador-236ml","status":"publish","type":"product","link":"https:\/\/www.pussycatmerida.com\/eshop\/producto\/kamasutra-aceite-de-masaje-espiritu-volador-236ml\/","title":{"rendered":"KAMASUTRA ACEITE DE MASAJE ESPIRITU VOLADOR 236ML"},"content":{"rendered":"<p>Es un aceite de masaje de la colecci\u00f3n Kamasutra. Una combinaci\u00f3n sensual de aceites calmantes para la relajaci\u00f3n y la liberaci\u00f3n del estr\u00e9s.<\/p>\n<ul>\n<li>Para uso externo.<\/li>\n<li>Dermatol\u00f3gicamente probado.<\/li>\n<li>Hipoal\u00e9rgico.<\/li>\n<li>Sabor a Esp\u00edritu Volador.<\/li>\n<\/ul>\n<p>Envase de 263 ml<\/p>\n<p style=\"text-align: center;\"><img decoding=\"async\" alt=\"\" src=\"https:\/\/dreamlove.gesio.be\/UserFiles\/images\/kamasura.png\" style=\"text-align: center; width: 700px; height: 493px;\" \/><\/p>\n","protected":false},"excerpt":{"rendered":"<p>KAMASUTRA  AROMATIC MASSAGE OIL SOARING SPIRIT<\/p>\n","protected":false},"featured_media":46396,"template":"","meta":[],"pwb-brand":[593,695],"product_brand":[],"product_cat":[349,342,337,353,356],"product_tag":[],"class_list":{"0":"post-16857","1":"product","2":"type-product","3":"status-publish","4":"has-post-thumbnail","6":"pwb-brand-kamasutra","7":"pwb-brand-kamasutrakamasutra-cosmetics","8":"product_cat-aceites-y-lubricantesaceites-y-cremas-de-masajeaceites-esenciales","9":"product_cat-aceites-y-lubricantesaceites-y-cremas-de-masaje","10":"product_cat-aceites-y-lubricantes","11":"product_cat-aceites-y-lubricantesaceites-y-cremas-de-masajeclima-erotico","12":"product_cat-aceites-y-lubricantesaceites-y-cremas-de-masajeefecto-afrodisiaco","13":"post_count_is_0","14":"boutique_post_style_4","16":"first","17":"instock","18":"taxable","19":"shipping-taxable","20":"purchasable","21":"product-type-simple","22":"boutique_image_style_2"},"brands":[{"id":593,"name":"KAMASUTRA","slug":"kamasutra"},{"id":695,"name":"KAMASUTRA COSMETICS","slug":"kamasutrakamasutra-cosmetics"}],"_links":{"self":[{"href":"https:\/\/www.pussycatmerida.com\/eshop\/wp-json\/wp\/v2\/product\/16857","targetHints":{"allow":["GET"]}}],"collection":[{"href":"https:\/\/www.pussycatmerida.com\/eshop\/wp-json\/wp\/v2\/product"}],"about":[{"href":"https:\/\/www.pussycatmerida.com\/eshop\/wp-json\/wp\/v2\/types\/product"}],"wp:featuredmedia":[{"embeddable":true,"href":"https:\/\/www.pussycatmerida.com\/eshop\/wp-json\/wp\/v2\/media\/46396"}],"wp:attachment":[{"href":"https:\/\/www.pussycatmerida.com\/eshop\/wp-json\/wp\/v2\/media?parent=16857"}],"wp:term":[{"taxonomy":"pwb-brand","embeddable":true,"href":"https:\/\/www.pussycatmerida.com\/eshop\/wp-json\/wp\/v2\/pwb-brand?post=16857"},{"taxonomy":"product_brand","embeddable":true,"href":"https:\/\/www.pussycatmerida.com\/eshop\/wp-json\/wp\/v2\/product_brand?post=16857"},{"taxonomy":"product_cat","embeddable":true,"href":"https:\/\/www.pussycatmerida.com\/eshop\/wp-json\/wp\/v2\/product_cat?post=16857"},{"taxonomy":"product_tag","embeddable":true,"href":"https:\/\/www.pussycatmerida.com\/eshop\/wp-json\/wp\/v2\/product_tag?post=16857"}],"curies":[{"name":"wp","href":"https:\/\/api.w.org\/{rel}","templated":true}]}}