{"id":16879,"date":"2021-02-26T14:26:58","date_gmt":"2021-02-26T12:26:58","guid":{"rendered":"https:\/\/www.pussycatmerida.com\/eshop\/product\/kamasutra-geles-intensficadores-para-las-mujeres-efecto-calor-15ml\/"},"modified":"2026-03-11T12:26:35","modified_gmt":"2026-03-11T11:26:35","slug":"kamasutra-geles-intensficadores-para-las-mujeres-efecto-calor-15ml","status":"publish","type":"product","link":"https:\/\/www.pussycatmerida.com\/eshop\/producto\/kamasutra-geles-intensficadores-para-las-mujeres-efecto-calor-15ml\/","title":{"rendered":"KAMASUTRA GELES INTENSFICADORES PARA LAS MUJERES EFECTO CALOR 15ML"},"content":{"rendered":"<p>Gel reconfortante intensificador para mujeres. Aplique unas gotas excitantes acariciando la zona alrededor del clitoris para aumentar la sensibilidad e intensificar el placer sexual. Este gel intensificador a base de agua, transparente y delicioso se enjuaga. f\u00e1cilmente y no mancha los tejidos. \u00d9selo con moderaci\u00f3n, del\u00e9itese con frecuenc\u00eda.<\/p>\n<ul>\n<li>Seguro para el l\u00e1tex.<\/li>\n<li>Para uso externo.<\/li>\n<li>Dermatol\u00f3gicamente probado.<\/li>\n<li>Hipoal\u00e9rgico.<\/li>\n<\/ul>\n","protected":false},"excerpt":{"rendered":"<p>KAMASUTRA INTENSIFY PLUS WARMING<\/p>\n","protected":false},"featured_media":46855,"template":"","meta":[],"pwb-brand":[593,695],"product_brand":[],"product_cat":[337,328,336,359,363,361,330,334],"product_tag":[],"class_list":{"0":"post-16879","1":"product","2":"type-product","3":"status-publish","4":"has-post-thumbnail","6":"pwb-brand-kamasutra","7":"pwb-brand-kamasutrakamasutra-cosmetics","8":"product_cat-aceites-y-lubricantes","9":"product_cat-afrodisiacos","10":"product_cat-afrodisiacoscremas-potenciadores-orgasmo-femenino","11":"product_cat-aceites-y-lubricantesorgasmo-femenino","12":"product_cat-aceites-y-lubricantesorgasmo-femeninopara-tu-punto-g","13":"product_cat-aceites-y-lubricantesorgasmo-femeninopotenciador-orgasmo-femenino","14":"product_cat-afrodisiacospotenciadores","15":"product_cat-afrodisiacossensibilizantes","16":"post_count_is_0","17":"boutique_post_style_4","19":"first","20":"instock","21":"taxable","22":"shipping-taxable","23":"purchasable","24":"product-type-simple","25":"boutique_image_style_2"},"brands":[{"id":593,"name":"KAMASUTRA","slug":"kamasutra"},{"id":695,"name":"KAMASUTRA COSMETICS","slug":"kamasutrakamasutra-cosmetics"}],"_links":{"self":[{"href":"https:\/\/www.pussycatmerida.com\/eshop\/wp-json\/wp\/v2\/product\/16879","targetHints":{"allow":["GET"]}}],"collection":[{"href":"https:\/\/www.pussycatmerida.com\/eshop\/wp-json\/wp\/v2\/product"}],"about":[{"href":"https:\/\/www.pussycatmerida.com\/eshop\/wp-json\/wp\/v2\/types\/product"}],"wp:featuredmedia":[{"embeddable":true,"href":"https:\/\/www.pussycatmerida.com\/eshop\/wp-json\/wp\/v2\/media\/46855"}],"wp:attachment":[{"href":"https:\/\/www.pussycatmerida.com\/eshop\/wp-json\/wp\/v2\/media?parent=16879"}],"wp:term":[{"taxonomy":"pwb-brand","embeddable":true,"href":"https:\/\/www.pussycatmerida.com\/eshop\/wp-json\/wp\/v2\/pwb-brand?post=16879"},{"taxonomy":"product_brand","embeddable":true,"href":"https:\/\/www.pussycatmerida.com\/eshop\/wp-json\/wp\/v2\/product_brand?post=16879"},{"taxonomy":"product_cat","embeddable":true,"href":"https:\/\/www.pussycatmerida.com\/eshop\/wp-json\/wp\/v2\/product_cat?post=16879"},{"taxonomy":"product_tag","embeddable":true,"href":"https:\/\/www.pussycatmerida.com\/eshop\/wp-json\/wp\/v2\/product_tag?post=16879"}],"curies":[{"name":"wp","href":"https:\/\/api.w.org\/{rel}","templated":true}]}}