{"id":16999,"date":"2021-02-26T10:40:45","date_gmt":"2021-02-26T08:40:45","guid":{"rendered":"https:\/\/www.pussycatmerida.com\/eshop\/product\/bijoux-indiscrets-twenty-one-diamante-vibrador\/"},"modified":"2026-03-11T12:28:05","modified_gmt":"2026-03-11T11:28:05","slug":"bijoux-indiscrets-twenty-one-diamante-vibrador","status":"publish","type":"product","link":"https:\/\/www.pussycatmerida.com\/eshop\/producto\/bijoux-indiscrets-twenty-one-diamante-vibrador\/","title":{"rendered":"BIJOUX INDISCRETS  TWENTY ONE DIAMANTE VIBRADOR"},"content":{"rendered":"<p>Sab\u00edas que 75 de cada 100 mujeres necesitan estimular el cl\u00edtoris para llegar al orgasmo? Twenty One est\u00e1 dise\u00f1ado para llevar el placer femenino a lo m\u00e1s alto. Con el tama\u00f1o y forma perfectos, est\u00e1 pensado para estimular externamente combinando sus distintos modos y zonas de vibraci\u00f3n.<\/p>\n<p>\u00a1R\u00edndete al placer sin limites!<\/p>\n<p>Contenidos: Masajeador \u00edntimo externo (diamante), bolsa de sat\u00e9n, manual de uso, gu\u00eda de inicio r\u00e1pido, cargador USB.<\/p>\n<p>Caracter\u00edsticas: 7 modos de vibraci\u00f3n, 3 intensidades de vibraci\u00f3n, Sumergible, Recargable.<\/p>\n<ul>\n<li>Dimensiones: 4,6&#215;6,5 cm<\/li>\n<\/ul>\n<p>Material: Pl\u00e1stico ABS Dorado<\/p>\n<p>1 a\u00f1o de garant\u00eda\u00a0<\/p>\n<p style=\"text-align: center;\"><iframe loading=\"lazy\" allowfullscreen=\"\" frameborder=\"0\" height=\"300\" scrolling=\"no\" src=\"https:\/\/www.youtube.com\/embed\/5Eqn6MK6tus?rel=0controls=0showinfo=0\" width=\"800\"><\/iframe><\/p>\n","protected":false},"excerpt":{"rendered":"<p>BIJOUX INDISCRETS  TWENTY ONE VIBRATING DIAMOND<\/p>\n","protected":false},"featured_media":38837,"template":"","meta":[],"pwb-brand":[592,51],"product_brand":[],"product_cat":[288,274,294,434],"product_tag":[],"class_list":{"0":"post-16999","1":"product","2":"type-product","3":"status-publish","4":"has-post-thumbnail","6":"pwb-brand-bijoux-indiscretsbijoux-21-vibrating-diamond","7":"pwb-brand-bijoux-indiscrets","8":"product_cat-juguetes-sexuales-xxxestimuladores","9":"product_cat-juguetes-sexuales-xxx","10":"product_cat-juguetes-sexuales-xxxmasturbadores-para-ellas","11":"product_cat-juguetes-sexuales-xxxestimuladorespara-clitoris","12":"post_count_is_0","13":"boutique_post_style_4","15":"first","16":"instock","17":"taxable","18":"shipping-taxable","19":"purchasable","20":"product-type-simple","21":"boutique_image_style_2"},"brands":[{"id":592,"name":"BIJOUX 21 VIBRATING DIAMOND","slug":"bijoux-indiscretsbijoux-21-vibrating-diamond"},{"id":51,"name":"BIJOUX INDISCRETS","slug":"bijoux-indiscrets"}],"_links":{"self":[{"href":"https:\/\/www.pussycatmerida.com\/eshop\/wp-json\/wp\/v2\/product\/16999","targetHints":{"allow":["GET"]}}],"collection":[{"href":"https:\/\/www.pussycatmerida.com\/eshop\/wp-json\/wp\/v2\/product"}],"about":[{"href":"https:\/\/www.pussycatmerida.com\/eshop\/wp-json\/wp\/v2\/types\/product"}],"wp:featuredmedia":[{"embeddable":true,"href":"https:\/\/www.pussycatmerida.com\/eshop\/wp-json\/wp\/v2\/media\/38837"}],"wp:attachment":[{"href":"https:\/\/www.pussycatmerida.com\/eshop\/wp-json\/wp\/v2\/media?parent=16999"}],"wp:term":[{"taxonomy":"pwb-brand","embeddable":true,"href":"https:\/\/www.pussycatmerida.com\/eshop\/wp-json\/wp\/v2\/pwb-brand?post=16999"},{"taxonomy":"product_brand","embeddable":true,"href":"https:\/\/www.pussycatmerida.com\/eshop\/wp-json\/wp\/v2\/product_brand?post=16999"},{"taxonomy":"product_cat","embeddable":true,"href":"https:\/\/www.pussycatmerida.com\/eshop\/wp-json\/wp\/v2\/product_cat?post=16999"},{"taxonomy":"product_tag","embeddable":true,"href":"https:\/\/www.pussycatmerida.com\/eshop\/wp-json\/wp\/v2\/product_tag?post=16999"}],"curies":[{"name":"wp","href":"https:\/\/api.w.org\/{rel}","templated":true}]}}