{"id":17170,"date":"2021-03-06T15:23:59","date_gmt":"2021-03-06T13:23:59","guid":{"rendered":"https:\/\/www.pussycatmerida.com\/eshop\/product\/pretty-love-flirtation-huevo-vibrador-dawn\/"},"modified":"2026-03-11T12:28:05","modified_gmt":"2026-03-11T11:28:05","slug":"pretty-love-flirtation-huevo-vibrador-dawn","status":"publish","type":"product","link":"https:\/\/www.pussycatmerida.com\/eshop\/producto\/pretty-love-flirtation-huevo-vibrador-dawn\/","title":{"rendered":"PRETTY LOVE FLIRTATION &#8211; HUEVO VIBRADOR DAWN"},"content":{"rendered":"<p>El Dawn\u00a0de Pretty Love es un fant\u00e1stico estimulador de silicona con 12\u00a0patrones de vibraci\u00f3n para que escojas con su mando a distancia\u00a0y disfrutes del que mas te guste. Es muy f\u00e1cil de usar y su sensaci\u00f3n y materiales son de primera calidad.<\/p>\n<p>Caracter\u00edsticas:\u00a0<\/p>\n<ul>\n<li>12 modos de vibraci\u00f3n<\/li>\n<li>Material: Silicona<\/li>\n<li>Pilas: 2xAAA (No inclu\u00eddas).<\/li>\n<li>Mando a distancia<\/li>\n<li>Color: Lila<\/li>\n<\/ul>\n<p>Pretty Love fabrica productos con exigentes normas de calidad, todos sus productos estan dise\u00f1ados en Estados Unidos y tienen 1 a\u00f1o de garant\u00eda en defectos t\u00e9cnicos<\/p>\n","protected":false},"excerpt":{"rendered":"<p>PRETTY LOVE FLIRTATION &#8211; HUEVO VIBRADOR DAWN<\/p>\n","protected":false},"featured_media":38867,"template":"","meta":[],"pwb-brand":[509,213],"product_brand":[],"product_cat":[284,288,274,299],"product_tag":[],"class_list":{"0":"post-17170","1":"product","2":"type-product","3":"status-publish","4":"has-post-thumbnail","6":"pwb-brand-pretty-loveflirtation","7":"pwb-brand-pretty-love","8":"product_cat-juguetes-sexuales-xxxcontrol-remoto","9":"product_cat-juguetes-sexuales-xxxestimuladores","10":"product_cat-juguetes-sexuales-xxx","11":"product_cat-juguetes-sexuales-xxxvibradores","12":"post_count_is_0","13":"boutique_post_style_4","15":"first","16":"instock","17":"taxable","18":"shipping-taxable","19":"purchasable","20":"product-type-simple","21":"boutique_image_style_2"},"brands":[{"id":509,"name":"FLIRTATION","slug":"pretty-loveflirtation"},{"id":213,"name":"PRETTY LOVE","slug":"pretty-love"}],"_links":{"self":[{"href":"https:\/\/www.pussycatmerida.com\/eshop\/wp-json\/wp\/v2\/product\/17170","targetHints":{"allow":["GET"]}}],"collection":[{"href":"https:\/\/www.pussycatmerida.com\/eshop\/wp-json\/wp\/v2\/product"}],"about":[{"href":"https:\/\/www.pussycatmerida.com\/eshop\/wp-json\/wp\/v2\/types\/product"}],"wp:featuredmedia":[{"embeddable":true,"href":"https:\/\/www.pussycatmerida.com\/eshop\/wp-json\/wp\/v2\/media\/38867"}],"wp:attachment":[{"href":"https:\/\/www.pussycatmerida.com\/eshop\/wp-json\/wp\/v2\/media?parent=17170"}],"wp:term":[{"taxonomy":"pwb-brand","embeddable":true,"href":"https:\/\/www.pussycatmerida.com\/eshop\/wp-json\/wp\/v2\/pwb-brand?post=17170"},{"taxonomy":"product_brand","embeddable":true,"href":"https:\/\/www.pussycatmerida.com\/eshop\/wp-json\/wp\/v2\/product_brand?post=17170"},{"taxonomy":"product_cat","embeddable":true,"href":"https:\/\/www.pussycatmerida.com\/eshop\/wp-json\/wp\/v2\/product_cat?post=17170"},{"taxonomy":"product_tag","embeddable":true,"href":"https:\/\/www.pussycatmerida.com\/eshop\/wp-json\/wp\/v2\/product_tag?post=17170"}],"curies":[{"name":"wp","href":"https:\/\/api.w.org\/{rel}","templated":true}]}}