{"id":18042,"date":"2021-02-26T14:29:57","date_gmt":"2021-02-26T12:29:57","guid":{"rendered":"https:\/\/www.pussycatmerida.com\/eshop\/product\/control-forte-12-unidades\/"},"modified":"2026-03-11T12:40:38","modified_gmt":"2026-03-11T11:40:38","slug":"control-forte-12-unidades","status":"publish","type":"product","link":"https:\/\/www.pussycatmerida.com\/eshop\/producto\/control-forte-12-unidades\/","title":{"rendered":"CONTROL FORTE 12 UNIDADES"},"content":{"rendered":"<p>El especial dise\u00f1o de Control Forte permite una perfecta adaptabilidad, haciendo tu relaci\u00f3n sexual mas satisfactoria. Control Forte tiene un grosor superior manteniendo un grado de sensibilidad \u00f3ptimo.\u00a0<\/p>\n<p>Control Forte es un preservativo de l\u00e1tex de caucho natural, de m\u00e1xima calidad, liso, anat\u00f3mico de lados no paralelos, transparente, lubricado y con dep\u00f3sito. Anchura nominal 54 mm. Producto de un solo uso. La seguridad de Control est\u00e1 garantizada oir rigurosos controles de calidad, incluido un control electr\u00f3nico unitario. Los preservativos Control son eficaces como contraceptivo y protegen frente a enferemedades de transmisi\u00f3n sexual.<\/p>\n<ul>\n<li>Con sistema de apertura f\u00e1cil.<\/li>\n<li>12 unidades.<\/li>\n<li>Mayor grosor sin perder la sensibilidad.<\/li>\n<li>Ancho: 5.4 cm.<\/li>\n<li>Longitud: 19 cm.<\/li>\n<\/ul>\n<p>\u00a0<\/p>\n<p style=\"text-align: center;\"><img loading=\"lazy\" decoding=\"async\" alt=\"\" height=\"230\" src=\"https:\/\/dreamlove.gesio.be\/UserFiles\/image\/homeGama.png\" style=\"text-align: center;\" width=\"505\" \/><\/p>\n","protected":false},"excerpt":{"rendered":"<p>CONTROL FORTE 12 UNIDADES<\/p>\n","protected":false},"featured_media":47121,"template":"","meta":[],"pwb-brand":[50],"product_brand":[],"product_cat":[367,372],"product_tag":[],"class_list":{"0":"post-18042","1":"product","2":"type-product","3":"status-publish","4":"has-post-thumbnail","6":"pwb-brand-control","7":"product_cat-preservativos","8":"product_cat-preservativospreservativos-especiales","9":"post_count_is_0","10":"boutique_post_style_4","12":"first","13":"instock","14":"taxable","15":"shipping-taxable","16":"purchasable","17":"product-type-simple","18":"boutique_image_style_2"},"brands":[{"id":50,"name":"CONTROL","slug":"control"}],"_links":{"self":[{"href":"https:\/\/www.pussycatmerida.com\/eshop\/wp-json\/wp\/v2\/product\/18042","targetHints":{"allow":["GET"]}}],"collection":[{"href":"https:\/\/www.pussycatmerida.com\/eshop\/wp-json\/wp\/v2\/product"}],"about":[{"href":"https:\/\/www.pussycatmerida.com\/eshop\/wp-json\/wp\/v2\/types\/product"}],"wp:featuredmedia":[{"embeddable":true,"href":"https:\/\/www.pussycatmerida.com\/eshop\/wp-json\/wp\/v2\/media\/47121"}],"wp:attachment":[{"href":"https:\/\/www.pussycatmerida.com\/eshop\/wp-json\/wp\/v2\/media?parent=18042"}],"wp:term":[{"taxonomy":"pwb-brand","embeddable":true,"href":"https:\/\/www.pussycatmerida.com\/eshop\/wp-json\/wp\/v2\/pwb-brand?post=18042"},{"taxonomy":"product_brand","embeddable":true,"href":"https:\/\/www.pussycatmerida.com\/eshop\/wp-json\/wp\/v2\/product_brand?post=18042"},{"taxonomy":"product_cat","embeddable":true,"href":"https:\/\/www.pussycatmerida.com\/eshop\/wp-json\/wp\/v2\/product_cat?post=18042"},{"taxonomy":"product_tag","embeddable":true,"href":"https:\/\/www.pussycatmerida.com\/eshop\/wp-json\/wp\/v2\/product_tag?post=18042"}],"curies":[{"name":"wp","href":"https:\/\/api.w.org\/{rel}","templated":true}]}}