{"id":20193,"date":"2021-02-24T15:13:34","date_gmt":"2021-02-24T13:13:34","guid":{"rendered":"https:\/\/www.pussycatmerida.com\/eshop\/product\/pdx-elite-estimulador-con-vibracion-y-succion-roto-sucker\/"},"modified":"2026-03-11T12:27:36","modified_gmt":"2026-03-11T11:27:36","slug":"pdx-elite-estimulador-con-vibracion-y-succion-roto-sucker","status":"publish","type":"product","link":"https:\/\/www.pussycatmerida.com\/eshop\/producto\/pdx-elite-estimulador-con-vibracion-y-succion-roto-sucker\/","title":{"rendered":"PDX ELITE ESTIMULADOR CON VIBRACION Y SUCCION ROTO-SUCKER"},"content":{"rendered":"<p>Disfruta de la experiencia de la estimulaci\u00f3n en su m\u00e1ximo nivel. Coloca el Roto-sucker en el punto correcto y sentir\u00e1s como te ofrece su increible combinaci\u00f3n de intensas vibraciones y extraordinaria succi\u00f3n. Personaliza tu placer como\u00a0quieras ya que puedes escoger entre vibraci\u00f3n o succi\u00f3n,\u00a0e incluso hasta las dos a la vez! Dispone de potentes motores que trabajan independientemente as\u00ed que\u00a0puedes elegir lo que prefieras sin que varie un \u00e1pice el placer. Escoge entre sus 7 modos de vibraciones y pulsaciones con tan solo pulsar un bot\u00f3n.<\/p>\n<ul>\n<li>Cabezal ajustable fabricado con la prestigiosa silicona Elite que se envolver\u00e1 suavemente y se ajustar\u00e1 sobre tu glande. Los cuatro plieges sirven par un ajuste c\u00f3modo y seguro y asegurar\u00e1 que ninguna zona sensible de la piel est\u00e9 comprimida. Por dentro, tiene unas texturas para estimulaci\u00f3n extra.<\/li>\n<li>Succi\u00f3n intensa y c\u00f3moda con vac\u00edo.<\/li>\n<li>M\u00faltiples modos de vibraci\u00f3n. Dispone de un motor de enorme potencia dise\u00f1ado para estimular el frenillo. Dispone de 7 intensos modos de virbaciones y pulsaciones.<\/li>\n<li>Silicona Elite suave y ajustada. Es la m\u00e1s higi\u00e9nica que podr\u00e1s encontrar, body safe y muy f\u00e1cil de limpiar de todo el mercado.<\/li>\n<li>Sistema de liberaci\u00f3n r\u00e1pida de presi\u00f3n.<\/li>\n<li>Limpiar despu\u00e9s de usar con limpiador de juguetes y agua tibia. No sumergir en agua.\u00a0<\/li>\n<\/ul>\n<p>\u00a0<\/p>\n<p style=\"text-align: center;\"><iframe loading=\"lazy\" allowfullscreen=\"\" frameborder=\"0\" height=\"400\" mozallowfullscreen=\"\" src=\"https:\/\/player.vimeo.com\/video\/204021995\" webkitallowfullscreen=\"\" width=\"700\"><\/iframe><\/p>\n","protected":false},"excerpt":{"rendered":"<p>PDX ELITE ESTIMULADOR CON VIBRACION Y SUCCION ROTO-SUCKER<\/p>\n","protected":false},"featured_media":35372,"template":"","meta":[],"pwb-brand":[527,476],"product_brand":[],"product_cat":[274,902,293],"product_tag":[],"class_list":{"0":"post-20193","1":"product","2":"type-product","3":"status-publish","4":"has-post-thumbnail","6":"pwb-brand-pipedreams-pdx-elite","7":"pwb-brand-pipedreams","8":"product_cat-juguetes-sexuales-xxx","9":"product_cat-masturbador-hi-tech","10":"product_cat-juguetes-sexuales-xxxmasturbadores-para-ellos","11":"post_count_is_0","12":"boutique_post_style_4","14":"first","15":"instock","16":"taxable","17":"shipping-taxable","18":"purchasable","19":"product-type-simple","20":"boutique_image_style_2"},"brands":[{"id":527,"name":"PDX ELITE","slug":"pipedreams-pdx-elite"},{"id":476,"name":"PIPEDREAMS","slug":"pipedreams"}],"_links":{"self":[{"href":"https:\/\/www.pussycatmerida.com\/eshop\/wp-json\/wp\/v2\/product\/20193","targetHints":{"allow":["GET"]}}],"collection":[{"href":"https:\/\/www.pussycatmerida.com\/eshop\/wp-json\/wp\/v2\/product"}],"about":[{"href":"https:\/\/www.pussycatmerida.com\/eshop\/wp-json\/wp\/v2\/types\/product"}],"wp:featuredmedia":[{"embeddable":true,"href":"https:\/\/www.pussycatmerida.com\/eshop\/wp-json\/wp\/v2\/media\/35372"}],"wp:attachment":[{"href":"https:\/\/www.pussycatmerida.com\/eshop\/wp-json\/wp\/v2\/media?parent=20193"}],"wp:term":[{"taxonomy":"pwb-brand","embeddable":true,"href":"https:\/\/www.pussycatmerida.com\/eshop\/wp-json\/wp\/v2\/pwb-brand?post=20193"},{"taxonomy":"product_brand","embeddable":true,"href":"https:\/\/www.pussycatmerida.com\/eshop\/wp-json\/wp\/v2\/product_brand?post=20193"},{"taxonomy":"product_cat","embeddable":true,"href":"https:\/\/www.pussycatmerida.com\/eshop\/wp-json\/wp\/v2\/product_cat?post=20193"},{"taxonomy":"product_tag","embeddable":true,"href":"https:\/\/www.pussycatmerida.com\/eshop\/wp-json\/wp\/v2\/product_tag?post=20193"}],"curies":[{"name":"wp","href":"https:\/\/api.w.org\/{rel}","templated":true}]}}