{"id":20212,"date":"2021-02-26T10:32:00","date_gmt":"2021-02-26T08:32:00","guid":{"rendered":"https:\/\/www.pussycatmerida.com\/eshop\/product\/pdx-elite-masturbador-deluxe-mega-bator\/"},"modified":"2026-03-11T12:27:36","modified_gmt":"2026-03-11T11:27:36","slug":"pdx-elite-masturbador-deluxe-mega-bator","status":"publish","type":"product","link":"https:\/\/www.pussycatmerida.com\/eshop\/producto\/pdx-elite-masturbador-deluxe-mega-bator\/","title":{"rendered":"PDX ELITE MASTURBADOR DELUXE MEGA-BATOR"},"content":{"rendered":"<p>El Mega Bator es un masturbador deluxe ya que es el \u00fanico masturbador sin manos que har\u00e1 por ti todo el todo el trabajo para que vivas la mejor experiencia de masturbaci\u00f3n sin manos que se pueda tener. El innovador Mega Bator combina rotaci\u00f3n y batidas que puedes complementar de 10 formas\u00a0distintas completamente personalizables. Disfruta de lo mejor de ambos mundos a la vez, con su intensa rotaci\u00f3n combinada con potentes batidas y lo mejor de todo es que es sin manos.\u00a0<\/p>\n<ul>\n<li>Masturbador luxury multifuncional<\/li>\n<li>Funciones de batida y rotaci\u00f3n combinables<\/li>\n<li>Esclusivo sistema de suspensi\u00f3n de la manga que permite que se mueva en el interior y su posterior y sencilla extracci\u00f3n para su limpieza.\u00a0<\/li>\n<li>5 velocidades<\/li>\n<li>10 modos de distintos de pulsaciones.<\/li>\n<li>3 toppers intercambiables para aumento del placer incluidos: formas vagina, ano o boca. todos los toppers son ajustados y se adaptan a tu temperatura corporal, lo que da una sensacion completamente real\u00edstica.<\/li>\n<li>USB recargable. Carga completa en aproximadamente 1.5 hora y media para dos 2 horas de duraci\u00f3n.<\/li>\n<li>Manga extraible para limpieza. F\u00e1cil extracci\u00f3n.<\/li>\n<li>Antes de usar, extraer pl\u00e1sticos protectores.<\/li>\n<li>Longitud total: 35.6 cm<\/li>\n<li>Anchura total: 8 cm<\/li>\n<li>Adaptador de tablet \/ ipad no est\u00e1 incluido<\/li>\n<\/ul>\n<p>Con PDX Elite podr\u00e1s disfrutar\u00a0del placer de una estimulaci\u00f3n vers\u00e1til y potente. Todo ello, adem\u00e1s, con motores de palta potencia\u00a0y silicona de primera calidad.<\/p>\n<p style=\"text-align: center;\"><iframe loading=\"lazy\" allowfullscreen=\"\" frameborder=\"0\" height=\"400\" mozallowfullscreen=\"\" src=\"https:\/\/player.vimeo.com\/video\/215890065\" webkitallowfullscreen=\"\" width=\"700\"><\/iframe><\/p>\n","protected":false},"excerpt":{"rendered":"<p>PDX ELITE MASTURBADOR DELUXE MEGA-BATOR<\/p>\n","protected":false},"featured_media":37429,"template":"","meta":[],"pwb-brand":[527,476],"product_brand":[],"product_cat":[274,902,293,305],"product_tag":[],"class_list":{"0":"post-20212","1":"product","2":"type-product","3":"status-publish","4":"has-post-thumbnail","6":"pwb-brand-pipedreams-pdx-elite","7":"pwb-brand-pipedreams","8":"product_cat-juguetes-sexuales-xxx","9":"product_cat-masturbador-hi-tech","10":"product_cat-juguetes-sexuales-xxxmasturbadores-para-ellos","11":"product_cat-juguetes-sexuales-xxxvaginas-y-anos","12":"post_count_is_0","13":"boutique_post_style_4","15":"first","16":"instock","17":"taxable","18":"shipping-taxable","19":"purchasable","20":"product-type-simple","21":"boutique_image_style_2"},"brands":[{"id":527,"name":"PDX ELITE","slug":"pipedreams-pdx-elite"},{"id":476,"name":"PIPEDREAMS","slug":"pipedreams"}],"_links":{"self":[{"href":"https:\/\/www.pussycatmerida.com\/eshop\/wp-json\/wp\/v2\/product\/20212","targetHints":{"allow":["GET"]}}],"collection":[{"href":"https:\/\/www.pussycatmerida.com\/eshop\/wp-json\/wp\/v2\/product"}],"about":[{"href":"https:\/\/www.pussycatmerida.com\/eshop\/wp-json\/wp\/v2\/types\/product"}],"wp:featuredmedia":[{"embeddable":true,"href":"https:\/\/www.pussycatmerida.com\/eshop\/wp-json\/wp\/v2\/media\/37429"}],"wp:attachment":[{"href":"https:\/\/www.pussycatmerida.com\/eshop\/wp-json\/wp\/v2\/media?parent=20212"}],"wp:term":[{"taxonomy":"pwb-brand","embeddable":true,"href":"https:\/\/www.pussycatmerida.com\/eshop\/wp-json\/wp\/v2\/pwb-brand?post=20212"},{"taxonomy":"product_brand","embeddable":true,"href":"https:\/\/www.pussycatmerida.com\/eshop\/wp-json\/wp\/v2\/product_brand?post=20212"},{"taxonomy":"product_cat","embeddable":true,"href":"https:\/\/www.pussycatmerida.com\/eshop\/wp-json\/wp\/v2\/product_cat?post=20212"},{"taxonomy":"product_tag","embeddable":true,"href":"https:\/\/www.pussycatmerida.com\/eshop\/wp-json\/wp\/v2\/product_tag?post=20212"}],"curies":[{"name":"wp","href":"https:\/\/api.w.org\/{rel}","templated":true}]}}