{"id":20307,"date":"2021-02-26T10:32:01","date_gmt":"2021-02-26T08:32:01","guid":{"rendered":"https:\/\/www.pussycatmerida.com\/eshop\/product\/pdx-elite-kit-ass-gasm-explosion-diseno-vagina\/"},"modified":"2026-03-11T12:25:59","modified_gmt":"2026-03-11T11:25:59","slug":"pdx-elite-kit-ass-gasm-explosion-diseno-vagina","status":"publish","type":"product","link":"https:\/\/www.pussycatmerida.com\/eshop\/producto\/pdx-elite-kit-ass-gasm-explosion-diseno-vagina\/","title":{"rendered":"PDX ELITE KIT ASS-GASM EXPLOSION DISE\u00d1O VAGINA"},"content":{"rendered":"<p>Col\u00f3catelo, aprieta y disfruta de la sensaci\u00f3n de succi\u00f3n con este increible stroker. Su material flexible se ajusta perfectamente y te segura un agarre f\u00e1cil, mientras que su canal\u00a0interior texturado te har\u00e1 expltar de placer. Adem\u00e1s en este fant\u00e1stico kit viene incluido un fabuloso plug anal que ala vez sirve como anillo para el pene y test\u00edculos para prolongar tus erecciones a la vez que el plug crear\u00e1 una increible estimulaci\u00f3n. La parte que conecta el anillo y el plugproduce tensi\u00f3n entre ambas por delante y por detr\u00e1s, intensificando el placer. ya que estimula la prostata con el movimiento.<\/p>\n<ul>\n<li>El kit incluye:\u00a0\n<ul>\n<li>Stroker dise\u00f1o vagina con la funci\u00f3n especial efecto extra succi\u00f3n dise\u00f1ado espec\u00edficamente para un agarre \u00f3ptimo y un placer extremo con su eje interior texturado.<\/li>\n<li>Plug con anillo. Retrasar\u00e1 tus eyaculaciones con su anillo a la vez que el plug sirve como estimulador prost\u00e1tico.<\/li>\n<li>3 anillos de silicona\u00a0<\/li>\n<\/ul>\n<\/li>\n<li>Fabricado con Silicona Elite. La m\u00e1s higi\u00e9nica y body-safe del mercado.<\/li>\n<li>Usar con lubricante de base agua<\/li>\n<li>Limpiar despues de usar con limpiador de juguetes y agua tibia.<\/li>\n<\/ul>\n<p>Con PDX Elite podr\u00e1s disfrutar\u00a0del placer de una estimulaci\u00f3n vers\u00e1til y potente. Todo ello, adem\u00e1s, con motores de palta potencia\u00a0y silicona de primera calidad.<\/p>\n<p>\u00a0<\/p>\n<p style=\"text-align: center;\"><iframe loading=\"lazy\" allowfullscreen=\"\" frameborder=\"0\" height=\"400\" mozallowfullscreen=\"\" src=\"https:\/\/player.vimeo.com\/video\/220020474\" webkitallowfullscreen=\"\" width=\"700\"><\/iframe><\/p>\n<p>\u00a0<\/p>\n","protected":false},"excerpt":{"rendered":"<p>PDX ELITE KIT ASS-GASM EXPLOSION DISE\u00d1O VAGINA<\/p>\n","protected":false},"featured_media":37434,"template":"","meta":[],"pwb-brand":[527,476],"product_brand":[],"product_cat":[274,293,305],"product_tag":[],"class_list":{"0":"post-20307","1":"product","2":"type-product","3":"status-publish","4":"has-post-thumbnail","6":"pwb-brand-pipedreams-pdx-elite","7":"pwb-brand-pipedreams","8":"product_cat-juguetes-sexuales-xxx","9":"product_cat-juguetes-sexuales-xxxmasturbadores-para-ellos","10":"product_cat-juguetes-sexuales-xxxvaginas-y-anos","11":"post_count_is_0","12":"boutique_post_style_4","14":"first","15":"instock","16":"taxable","17":"shipping-taxable","18":"purchasable","19":"product-type-simple","20":"boutique_image_style_2"},"brands":[{"id":527,"name":"PDX ELITE","slug":"pipedreams-pdx-elite"},{"id":476,"name":"PIPEDREAMS","slug":"pipedreams"}],"_links":{"self":[{"href":"https:\/\/www.pussycatmerida.com\/eshop\/wp-json\/wp\/v2\/product\/20307","targetHints":{"allow":["GET"]}}],"collection":[{"href":"https:\/\/www.pussycatmerida.com\/eshop\/wp-json\/wp\/v2\/product"}],"about":[{"href":"https:\/\/www.pussycatmerida.com\/eshop\/wp-json\/wp\/v2\/types\/product"}],"wp:featuredmedia":[{"embeddable":true,"href":"https:\/\/www.pussycatmerida.com\/eshop\/wp-json\/wp\/v2\/media\/37434"}],"wp:attachment":[{"href":"https:\/\/www.pussycatmerida.com\/eshop\/wp-json\/wp\/v2\/media?parent=20307"}],"wp:term":[{"taxonomy":"pwb-brand","embeddable":true,"href":"https:\/\/www.pussycatmerida.com\/eshop\/wp-json\/wp\/v2\/pwb-brand?post=20307"},{"taxonomy":"product_brand","embeddable":true,"href":"https:\/\/www.pussycatmerida.com\/eshop\/wp-json\/wp\/v2\/product_brand?post=20307"},{"taxonomy":"product_cat","embeddable":true,"href":"https:\/\/www.pussycatmerida.com\/eshop\/wp-json\/wp\/v2\/product_cat?post=20307"},{"taxonomy":"product_tag","embeddable":true,"href":"https:\/\/www.pussycatmerida.com\/eshop\/wp-json\/wp\/v2\/product_tag?post=20307"}],"curies":[{"name":"wp","href":"https:\/\/api.w.org\/{rel}","templated":true}]}}