{"id":20318,"date":"2021-03-01T13:24:33","date_gmt":"2021-03-01T11:24:33","guid":{"rendered":"https:\/\/www.pussycatmerida.com\/eshop\/product\/nina-kiki-spray-limpiador-de-juguetes-150ml\/"},"modified":"2026-03-11T12:38:52","modified_gmt":"2026-03-11T11:38:52","slug":"nina-kiki-spray-limpiador-de-juguetes-150ml","status":"publish","type":"product","link":"https:\/\/www.pussycatmerida.com\/eshop\/producto\/nina-kiki-spray-limpiador-de-juguetes-150ml\/","title":{"rendered":"NINA KIK\u00cd SPRAY LIMPIADOR DE JUGUETES 150ml"},"content":{"rendered":"<p>Un spray instant\u00e1neo y eficaz para la limpieza de juguetes er\u00f3ticos.<\/p>\n<p>Toycleaner NINA KIKI es un limpiador de juguetes que, gracias a su exclusiva composici\u00f3n este spray no lleva alcohol con lo que prolonga la vida \u00a0productos para higiene \u00edntima, especialmente incicado para juguetes y copas vaginales.\u00a0<\/p>\n<ul>\n<li>Extremadamente eficaz<\/li>\n<li>Envase de 150ml<\/li>\n<\/ul>\n<p>Aplicaci\u00f3n: Pulverizar directamente sobre la superficie del producto. Frote y limpie con un pa\u00f1o h\u00famedo o enjuague con agua. Luego frote hasta secar.<\/p>\n<p>Contiene: \u00a0< 5% - Surfactantes no i\u00f3nicos - Surfactantes ani\u00f3nicos, Parfum, Limonene, \u00a0la Metilcloroisotiazolinona, la Metilisotiazolinona<\/p>\n","protected":false},"excerpt":{"rendered":"<p>NINA CUP TOY CLEANER 150ML<\/p>\n","protected":false},"featured_media":62363,"template":"","meta":[],"pwb-brand":[803],"product_brand":[],"product_cat":[439,274,291,292,322],"product_tag":[],"class_list":{"0":"post-20318","1":"product","2":"type-product","3":"status-publish","4":"has-post-thumbnail","6":"pwb-brand-nina-kiki","7":"product_cat-covid-19","8":"product_cat-juguetes-sexuales-xxx","9":"product_cat-juguetes-sexuales-xxxlimpieza-intima","10":"product_cat-juguetes-sexuales-xxxlimpieza-y-conservacion","11":"product_cat-seccion-tuppersex","12":"post_count_is_0","13":"boutique_post_style_4","15":"first","16":"instock","17":"taxable","18":"shipping-taxable","19":"purchasable","20":"product-type-simple","21":"boutique_image_style_2"},"brands":[{"id":803,"name":"NINA KIK\u00cd","slug":"nina-kiki"}],"_links":{"self":[{"href":"https:\/\/www.pussycatmerida.com\/eshop\/wp-json\/wp\/v2\/product\/20318","targetHints":{"allow":["GET"]}}],"collection":[{"href":"https:\/\/www.pussycatmerida.com\/eshop\/wp-json\/wp\/v2\/product"}],"about":[{"href":"https:\/\/www.pussycatmerida.com\/eshop\/wp-json\/wp\/v2\/types\/product"}],"wp:featuredmedia":[{"embeddable":true,"href":"https:\/\/www.pussycatmerida.com\/eshop\/wp-json\/wp\/v2\/media\/62363"}],"wp:attachment":[{"href":"https:\/\/www.pussycatmerida.com\/eshop\/wp-json\/wp\/v2\/media?parent=20318"}],"wp:term":[{"taxonomy":"pwb-brand","embeddable":true,"href":"https:\/\/www.pussycatmerida.com\/eshop\/wp-json\/wp\/v2\/pwb-brand?post=20318"},{"taxonomy":"product_brand","embeddable":true,"href":"https:\/\/www.pussycatmerida.com\/eshop\/wp-json\/wp\/v2\/product_brand?post=20318"},{"taxonomy":"product_cat","embeddable":true,"href":"https:\/\/www.pussycatmerida.com\/eshop\/wp-json\/wp\/v2\/product_cat?post=20318"},{"taxonomy":"product_tag","embeddable":true,"href":"https:\/\/www.pussycatmerida.com\/eshop\/wp-json\/wp\/v2\/product_tag?post=20318"}],"curies":[{"name":"wp","href":"https:\/\/api.w.org\/{rel}","templated":true}]}}