{"id":21062,"date":"2021-03-01T11:23:09","date_gmt":"2021-03-01T09:23:09","guid":{"rendered":"https:\/\/www.pussycatmerida.com\/eshop\/product\/intimichic-pelvis-health-ii\/"},"modified":"2026-03-11T12:38:00","modified_gmt":"2026-03-11T11:38:00","slug":"intimichic-pelvis-health-ii","status":"publish","type":"product","link":"https:\/\/www.pussycatmerida.com\/eshop\/producto\/intimichic-pelvis-health-ii\/","title":{"rendered":"INTIMICHIC PELVIS HEALTH II"},"content":{"rendered":"<p><strong>Intimichic\u00a0 Pelvis Health II <\/strong>; Basado en la realizaci\u00f3n de ejercicios de Kegel, desarrollados por el Dr. Arnold Kegel, son una serie de contracciones y relajaciones vaginales que fortalecen el m\u00fasculo Pubococc\u00edgeo (PC) y el grupo de m\u00fasculos del suelo p\u00e9lvico mediante el aumento gradual de pesos.<\/p>\n<p>Especificaciones;<\/p>\n<ul>\n<li>Silicona medica<\/li>\n<li>Hipoalergenico y libre ftalatos<\/li>\n<li>Ergon\u00f3mico<\/li>\n<li>C\u00f3modo sistema de extracci\u00f3n mediante resistente cord\u00f3n de silicona<\/li>\n<li>En los tama\u00f1os 2-3 la uni\u00f3n entre ambas bolas es de silicona flexible para adaptarse al movimiento vaginal.<\/li>\n<\/ul>\n<p><strong>Intimichic Pelvis Health <\/strong>dispone de tres entrenadores individuales para una evoluci\u00f3n progresiva.<\/p>\n<ol>\n<li>Intimichic\u00a0 Pelvis Health II Entrenador tama\u00f1o 1 34mm x 120 mm\u00a0\u00a0 Peso 51 gr<\/li>\n<li>Intimichic\u00a0 Pelvis Health II Entrenador tama\u00f1o 2 34 mm\u00a0 x 168 mm Peso 85 gr<\/li>\n<li>Intimichic\u00a0 Pelvis Health II Entrenador tama\u00f1o 3 \u00a035mm x\u00a0 175 mm Peso 101 gr<\/li>\n<\/ol>\n<p>Contenido del envase.<\/p>\n<p>Al abrir una caja Intimichic elegante y formada por;<\/p>\n<ul>\n<li>Intimichic\u00a0 Pelvis Health II Entrenador tama\u00f1o 1 34mm x 120 mm\u00a0\u00a0 Peso 51 gr<\/li>\n<li>Intimichic\u00a0 Pelvis Health II Entrenador tama\u00f1o 2 34 mm\u00a0 x 168 mm Peso 85 gr<\/li>\n<li>Intimichic\u00a0 Pelvis Health II Entrenador tama\u00f1o 3\u00a035mm x\u00a0 175 mm Peso 101 gr<\/li>\n<li>Bolsita Sat\u00e9n<\/li>\n<li>Instrucciones de uso en espa\u00f1ol, ingl\u00e9s, alem\u00e1n, franc\u00e9s, italiano y portugu\u00e9s.\u00a0<\/li>\n<\/ul>\n<p style=\"text-align: center;\"><iframe loading=\"lazy\" allow=\"autoplay; encrypted-media\" allowfullscreen=\"\" frameborder=\"0\" height=\"400\" scrolling=\"no\" src=\"https:\/\/www.youtube.com\/embed\/dyK6p75Y8QE\" width=\"800\"><\/iframe><\/p>\n","protected":false},"excerpt":{"rendered":"<p>INTIMICHIC PELVIS HEALTH II  PELVIC FLOOR REHABILITATION<\/p>\n","protected":false},"featured_media":58994,"template":"","meta":[],"pwb-brand":[550],"product_brand":[],"product_cat":[380,430,274,428,322],"product_tag":[],"class_list":{"0":"post-21062","1":"product","2":"type-product","3":"status-publish","4":"has-post-thumbnail","6":"pwb-brand-intimichic","7":"product_cat-articulos-variados","8":"product_cat-juguetes-sexuales-xxxbolas","9":"product_cat-juguetes-sexuales-xxx","10":"product_cat-articulos-variadosparapharmacy","11":"product_cat-seccion-tuppersex","12":"post_count_is_0","13":"boutique_post_style_4","15":"first","16":"instock","17":"taxable","18":"shipping-taxable","19":"purchasable","20":"product-type-simple","21":"boutique_image_style_2"},"brands":[{"id":550,"name":"INTIMICHIC","slug":"intimichic"}],"_links":{"self":[{"href":"https:\/\/www.pussycatmerida.com\/eshop\/wp-json\/wp\/v2\/product\/21062","targetHints":{"allow":["GET"]}}],"collection":[{"href":"https:\/\/www.pussycatmerida.com\/eshop\/wp-json\/wp\/v2\/product"}],"about":[{"href":"https:\/\/www.pussycatmerida.com\/eshop\/wp-json\/wp\/v2\/types\/product"}],"wp:featuredmedia":[{"embeddable":true,"href":"https:\/\/www.pussycatmerida.com\/eshop\/wp-json\/wp\/v2\/media\/58994"}],"wp:attachment":[{"href":"https:\/\/www.pussycatmerida.com\/eshop\/wp-json\/wp\/v2\/media?parent=21062"}],"wp:term":[{"taxonomy":"pwb-brand","embeddable":true,"href":"https:\/\/www.pussycatmerida.com\/eshop\/wp-json\/wp\/v2\/pwb-brand?post=21062"},{"taxonomy":"product_brand","embeddable":true,"href":"https:\/\/www.pussycatmerida.com\/eshop\/wp-json\/wp\/v2\/product_brand?post=21062"},{"taxonomy":"product_cat","embeddable":true,"href":"https:\/\/www.pussycatmerida.com\/eshop\/wp-json\/wp\/v2\/product_cat?post=21062"},{"taxonomy":"product_tag","embeddable":true,"href":"https:\/\/www.pussycatmerida.com\/eshop\/wp-json\/wp\/v2\/product_tag?post=21062"}],"curies":[{"name":"wp","href":"https:\/\/api.w.org\/{rel}","templated":true}]}}