{"id":21942,"date":"2021-02-26T10:43:19","date_gmt":"2021-02-26T08:43:19","guid":{"rendered":"https:\/\/www.pussycatmerida.com\/eshop\/product\/satisfyer-pro-g-spot-rabbit-edicion-2020\/"},"modified":"2026-03-11T12:40:51","modified_gmt":"2026-03-11T11:40:51","slug":"satisfyer-pro-g-spot-rabbit-edicion-2020","status":"publish","type":"product","link":"https:\/\/www.pussycatmerida.com\/eshop\/producto\/satisfyer-pro-g-spot-rabbit-edicion-2020\/","title":{"rendered":"SATISFYER PRO G-SPOT RABBIT EDICI\u00d3N 2020"},"content":{"rendered":"<p>Satisfyer Pro G-Spot Rabbit<\/p>\n<ul>\n<li>2:1 &#8211; Ondas de presi\u00f3n y vibraci\u00f3n<\/li>\n<li>Novedad mundial: Un imprescindible<\/li>\n<li>Los programas se controlan por separado<\/li>\n<li>2 motores potentes impermeable<\/li>\n<li>recargable, incl. cable USB de carga<\/li>\n<\/ul>\n<p>Ha llegado la hora de la sensaci\u00f3n definitiva, este Rabbit es la musa del \u00f3sculo que escribe los orgasmos en tu diario. Siguiendo el estilo de la familia de los Satisfyer mima tu perla de pasi\u00f3n con ondas de presi\u00f3n sin contacto, para retarte a vivir orgasmos m\u00faltiples con una estimulaci\u00f3n profunda. Ya solo ese talento ha conseguido mostrar en el rostro de mujeres de todo el mundo una sonrisa interminable. Pero encima de la nata del pastel a\u00fan puedes poner una cereza, seg\u00fan ese principio se ha dise\u00f1ado el Satisfyer Pro G-Spot Rabbit. Ampl\u00eda la sensaci\u00f3n exclusiva de la estimulaci\u00f3n del cl\u00edtoris mediante ondas de presi\u00f3n y el masaje adicional del punto G. Podr\u00eda valer la pena tomarse un par de d\u00edas de vacaciones para pasarlos en la cama, justo con este innovador juguete.<\/p>\n<p>\u00a1VIVA LA LIBIDO!<br \/>La forma ergon\u00f3mica y su funda sedosa y suave de silicona convierte al Pro G-Spot en un aut\u00e9ntico mimador. Su dise\u00f1o sinuoso te encandila y te penetra con suavidad. El v\u00e1stago flexible, ondulado se adapta a tus curvas y encuentra tu punto G con una punta voluminosa en la que se oculta el potente motor. Una variaci\u00f3n de 3 intensidades de vibraci\u00f3n y 7 ritmos despiertan todas las sensaciones en tu vagina.<\/p>\n<p>El estimulador del cl\u00edtoris mima simult\u00e1neamente tu perla con una estimulaci\u00f3n sensual mediante ondas de presi\u00f3n. El elemento de silicona redondo rodea el cl\u00edtoris mientras se desplaza sin contacto hacia el cl\u00edmax. Mientras vives una sensaci\u00f3n inspirada por la estimulaci\u00f3n oral. Un cambio r\u00e1pido entre succi\u00f3n y presi\u00f3n te volver\u00e1 loca con 11 intensidades por las que puedes subir y bajar con el mando intuitivo. La vibraci\u00f3n se controla por separado con un tercer bot\u00f3n, para que tengan innumerables combinaciones placenteras. El Satisfyer Pro G-Spot Rabbit es silencioso, mientras que tu soltar\u00e1s de vez en cuando alg\u00fan ruido. El acabado impermeable lo convierte, adem\u00e1s en un compa\u00f1ero perfecto bajo el agua, para que disfrutes con \u00e9l en la ducha o en la ba\u00f1era.<\/p>\n<p>MATERIAL Y CUIDADO<br \/>El cabezal intercambiable de silicona, suave con la piel en redondo y manejable en este modelo Satisfyer. El anillo suave ofrece una superficie de deslizamiento con la que rodea tu perla de placer. Con lubricante acuoso la sensaci\u00f3n es incluso mucho m\u00e1s intensa. Las pilas recargables integradas del Satisfyer Pro G-Spot Rabbit consiguen un juguete er\u00f3tico recargable de forma ecol\u00f3gica. Si quieres cargar tu juguete con cable, puedes completar el cable magn\u00e9tico USB con un enchufe habitual de 5 V. La silicona hipoalerg\u00e9nica es muy f\u00e1cil de cuidar. Puedes lavar tu juguete debajo de agua tibia usando un poco de jab\u00f3n,. El cabezal lo puedes sacar con facilidad. Con un par de pulverizaciones del Toycleaner desinfectante consigues despu\u00e9s una higiene perfecta.<\/p>\n<p>LA MARCA SATISFYER<br \/>La se\u00f1a de identidad de los productos de la familia Satisfyer es la estimulaci\u00f3n del cl\u00edtoris sin contacto mediante ondas de presi\u00f3n intensivas. Este tipo de estimulaci\u00f3n depara orgasmos especialmente intensos a mujeres de todo el mundo, evitando al mismo tiempo la irritaci\u00f3n de la piel. Sus cabezales son de silicona de alta calidad en todos los modelos, y se pueden extraer y volver a colocar sin complicaciones, manteniendo as\u00ed la higiene de los dildos resistentes al agua durante mucho tiempo. Con estos juguetes, nada te impedir\u00e1 disfrutar de orgasmos m\u00faltiples.<\/p>\n<p>Te advertimos que algunos de nuestros productos se pueden suministrar con las bater\u00edas incluidas. A este respecto, ten en cuenta nuestras indicaciones sobre la ley que rige las cuestiones sobre bater\u00edas.<\/p>\n<p style=\"text-align: center;\"><iframe loading=\"lazy\" allow=\"autoplay; encrypted-media\" allowfullscreen=\"\" frameborder=\"0\" height=\"350\" src=\"https:\/\/www.youtube.com\/embed\/CipgDTC1ffY?rel=0controls=0showinfo=0start=1\" width=\"750\"><\/iframe><\/p>\n","protected":false},"excerpt":{"rendered":"<p>SATISFYER PRO G-SPOT RABBIT  2020 EDITION<\/p>\n","protected":false},"featured_media":39240,"template":"","meta":[],"pwb-brand":[43],"product_brand":[],"product_cat":[274,294,307,299,905,298],"product_tag":[],"class_list":{"0":"post-21942","1":"product","2":"type-product","3":"status-publish","4":"has-post-thumbnail","6":"pwb-brand-satisfyer","7":"product_cat-juguetes-sexuales-xxx","8":"product_cat-juguetes-sexuales-xxxmasturbadores-para-ellas","9":"product_cat-juguetes-sexuales-xxxpunto-g","10":"product_cat-juguetes-sexuales-xxxvibradores","11":"product_cat-vibradores-dobles","12":"product_cat-juguetes-sexuales-xxxvibradores-hi-tech","13":"post_count_is_0","14":"boutique_post_style_4","16":"first","17":"instock","18":"taxable","19":"shipping-taxable","20":"purchasable","21":"product-type-simple","22":"boutique_image_style_2"},"brands":[{"id":43,"name":"SATISFYER","slug":"satisfyer"}],"_links":{"self":[{"href":"https:\/\/www.pussycatmerida.com\/eshop\/wp-json\/wp\/v2\/product\/21942","targetHints":{"allow":["GET"]}}],"collection":[{"href":"https:\/\/www.pussycatmerida.com\/eshop\/wp-json\/wp\/v2\/product"}],"about":[{"href":"https:\/\/www.pussycatmerida.com\/eshop\/wp-json\/wp\/v2\/types\/product"}],"wp:featuredmedia":[{"embeddable":true,"href":"https:\/\/www.pussycatmerida.com\/eshop\/wp-json\/wp\/v2\/media\/39240"}],"wp:attachment":[{"href":"https:\/\/www.pussycatmerida.com\/eshop\/wp-json\/wp\/v2\/media?parent=21942"}],"wp:term":[{"taxonomy":"pwb-brand","embeddable":true,"href":"https:\/\/www.pussycatmerida.com\/eshop\/wp-json\/wp\/v2\/pwb-brand?post=21942"},{"taxonomy":"product_brand","embeddable":true,"href":"https:\/\/www.pussycatmerida.com\/eshop\/wp-json\/wp\/v2\/product_brand?post=21942"},{"taxonomy":"product_cat","embeddable":true,"href":"https:\/\/www.pussycatmerida.com\/eshop\/wp-json\/wp\/v2\/product_cat?post=21942"},{"taxonomy":"product_tag","embeddable":true,"href":"https:\/\/www.pussycatmerida.com\/eshop\/wp-json\/wp\/v2\/product_tag?post=21942"}],"curies":[{"name":"wp","href":"https:\/\/api.w.org\/{rel}","templated":true}]}}