{"id":22278,"date":"2021-02-26T14:41:26","date_gmt":"2021-02-26T12:41:26","guid":{"rendered":"https:\/\/www.pussycatmerida.com\/eshop\/product\/intense-anal-plug-pipo-m-silicone-negro-11-cm\/"},"modified":"2026-03-11T12:39:32","modified_gmt":"2026-03-11T11:39:32","slug":"intense-anal-plug-pipo-m-silicone-negro-11-cm","status":"publish","type":"product","link":"https:\/\/www.pussycatmerida.com\/eshop\/producto\/intense-anal-plug-pipo-m-silicone-negro-11-cm\/","title":{"rendered":"INTENSE ANAL PLUG PIPO M SILICONE NEGRO 11 CM"},"content":{"rendered":"<p>Intensifica tu placer con Intese toys, un concepto clasico que no todos consiguen hacer. Si te gusta el sexo anal con Pip\u00f2\u00a0es perfecto por muchos motivos. Su punta conica avanza a su parte ancha inferior estimulando la zona anal y dilatando suavemente sintiendo placer gracias a la silicona suave y sedosa medica que permite una estimulaci\u00f3n en la penetraci\u00f3n. Elegante fuerte e imponente es Pipo que te proporciona la sensaci\u00f3n que necesitas. Una sola pieza compacta y resistente har\u00e1 tus juegos anales un momento perfecto.<\/p>\n<p>\u00dasalo para tu juego anal ya seas principiante o avanzado.<\/p>\n<ul>\n<li>100% Silicona suave y sedosa<\/li>\n<li>Flexible<\/li>\n<li>Libre de Phalatos<\/li>\n<li>Apto para usarlo bajo el agua en la ducha o spa.<\/li>\n<li>Medidas; 3.5\u00a0x 11 cm<\/li>\n<\/ul>\n<p>Se recomienda usar lubricante a base de agua waterfeel y limpiar tras su uso con el toycleaner waterfeeel.<\/p>\n","protected":false},"excerpt":{"rendered":"<p>INTENSE ANAL PLUG PIPO M SILICONE BLACK 11 CM<\/p>\n","protected":false},"featured_media":48341,"template":"","meta":[],"pwb-brand":[146,805,465],"product_brand":[],"product_cat":[280,274,300,322],"product_tag":[],"class_list":{"0":"post-22278","1":"product","2":"type-product","3":"status-publish","4":"has-post-thumbnail","6":"pwb-brand-intense","7":"pwb-brand-intenseintense-toysintense-anal-toys","8":"pwb-brand-intenseintense-toys","9":"product_cat-juguetes-sexuales-xxxanal","10":"product_cat-juguetes-sexuales-xxx","11":"product_cat-juguetes-sexuales-xxxplugs-anales","12":"product_cat-seccion-tuppersex","13":"post_count_is_0","14":"boutique_post_style_4","16":"first","17":"instock","18":"taxable","19":"shipping-taxable","20":"purchasable","21":"product-type-simple","22":"boutique_image_style_2"},"brands":[{"id":146,"name":"INTENSE","slug":"intense"},{"id":805,"name":"INTENSE ANAL TOYS","slug":"intenseintense-toysintense-anal-toys"},{"id":465,"name":"INTENSE TOYS","slug":"intenseintense-toys"}],"_links":{"self":[{"href":"https:\/\/www.pussycatmerida.com\/eshop\/wp-json\/wp\/v2\/product\/22278","targetHints":{"allow":["GET"]}}],"collection":[{"href":"https:\/\/www.pussycatmerida.com\/eshop\/wp-json\/wp\/v2\/product"}],"about":[{"href":"https:\/\/www.pussycatmerida.com\/eshop\/wp-json\/wp\/v2\/types\/product"}],"wp:featuredmedia":[{"embeddable":true,"href":"https:\/\/www.pussycatmerida.com\/eshop\/wp-json\/wp\/v2\/media\/48341"}],"wp:attachment":[{"href":"https:\/\/www.pussycatmerida.com\/eshop\/wp-json\/wp\/v2\/media?parent=22278"}],"wp:term":[{"taxonomy":"pwb-brand","embeddable":true,"href":"https:\/\/www.pussycatmerida.com\/eshop\/wp-json\/wp\/v2\/pwb-brand?post=22278"},{"taxonomy":"product_brand","embeddable":true,"href":"https:\/\/www.pussycatmerida.com\/eshop\/wp-json\/wp\/v2\/product_brand?post=22278"},{"taxonomy":"product_cat","embeddable":true,"href":"https:\/\/www.pussycatmerida.com\/eshop\/wp-json\/wp\/v2\/product_cat?post=22278"},{"taxonomy":"product_tag","embeddable":true,"href":"https:\/\/www.pussycatmerida.com\/eshop\/wp-json\/wp\/v2\/product_tag?post=22278"}],"curies":[{"name":"wp","href":"https:\/\/api.w.org\/{rel}","templated":true}]}}