{"id":22286,"date":"2021-03-01T11:24:03","date_gmt":"2021-03-01T09:24:03","guid":{"rendered":"https:\/\/www.pussycatmerida.com\/eshop\/product\/intense-kisha-fit-silicone-kegel-rosa\/"},"modified":"2026-03-11T12:38:01","modified_gmt":"2026-03-11T11:38:01","slug":"intense-kisha-fit-silicone-kegel-rosa","status":"publish","type":"product","link":"https:\/\/www.pussycatmerida.com\/eshop\/producto\/intense-kisha-fit-silicone-kegel-rosa\/","title":{"rendered":"INTENSE  KISHA FIT SILICONE KEGEL ROSA"},"content":{"rendered":"<p>Intense presenta a un m\u00e9todo para fortalecer y tonificar la musculatura del suelo p\u00e9lvico. Un h\u00e1bito sencillo y eficaz contra las peque\u00f1as p\u00e9rdidas de orina. Las bolas intense fabricadas en silicona grado medico son esferas que poseen en su interior otra bolita y que con el movimiento del cuerpo al andar generan vibraciones que hacen reaccionar la musculatura p\u00e9lvica con suaves contracciones.<\/p>\n<p>Un h\u00e1bito sencillo y eficaz contra las peque\u00f1as p\u00e9rdidas de orina. Beneficios del uso de las bolas Intense. Las bolas intensen ayudan a mantener el buen tono muscular del suelo p\u00e9lvico, ayudando a remitir e incluso a evitar peque\u00f1as p\u00e9rdidas de orina y a mantener la juventud de la zona \u00edntima femenina. Ginec\u00f3logos y terapeutas de todo el mundo recomiendan su uso a mujeres de todas las edades para prevenir la aparici\u00f3n de p\u00e9rdidas leves de orina.<\/p>\n<p>El suelo p\u00e9lvico es un conjunto de m\u00fasculos que sostiene toda la parte baja del abdomen, como un arco protector de apoyo para la vejiga de la orina, el \u00fatero y la parte inferior del intestino grueso.<\/p>\n<p>El debilitamiento de los m\u00fasculos del suelo p\u00e9lvico puede provocar algunos trastornos como incontinencia urinaria, prolapsos o disfunci\u00f3n sexual Existen varios factores que contribuyen a su debilitamiento, como la edad, la menopausia, el sobrepeso, la herencia gen\u00e9tica y, sobre todo, el embarazo y el parto.<\/p>\n<p>La distensi\u00f3n uterina, la actividad hormonal y el esfuerzo del parto, ayudan al desgaste de estos m\u00fasculos. Para que los \u00f3rganos del suelo p\u00e9lvico funcionen correctamente, los m\u00fasculos del suelo p\u00e9lvico deben estar sanos y fuertes.<\/p>\n<p>Colocadas en el fondo de la vagina, las intense balls permiten contraer los m\u00fasculos p\u00e9lvicos mientras la mujer camina, consiguiendo una vibraci\u00f3n a partir del choque de una bola contra otra, tonificando la musculatura vaginal.<\/p>\n<p>As\u00ed, inconscientemente conseguimos tonificar y reforzar la musculatura p\u00e9lvica, lo que nos permite mejorar la incontinencia urinaria e incluso prevenir su aparici\u00f3n, as\u00ed como mantener la juventud de la zona \u00edntima femenina.<\/p>\n<p>Recuerda que todos los productos Intense son silicona grado medico seguro para tu cuerpo.\u00a0<\/p>\n<ul>\n<li>Medidas; 3.5 x 20cm<\/li>\n<li>Peso; 84 gramos<\/li>\n<li>100% Silicona suave y sedosa libre de phalatos.<\/li>\n<\/ul>\n<p>Se recomienda usar lubricante a base de agua waterfeel y limpiar tras su uso con el toycleaner waterfeeel.<\/p>\n","protected":false},"excerpt":{"rendered":"<p>INTENSE  KISHA FIT SILICONE KEGEL PINK<\/p>\n","protected":false},"featured_media":59039,"template":"","meta":[],"pwb-brand":[146,868,465],"product_brand":[],"product_cat":[430,274,322],"product_tag":[],"class_list":{"0":"post-22286","1":"product","2":"type-product","3":"status-publish","4":"has-post-thumbnail","6":"pwb-brand-intense","7":"pwb-brand-intenseintense-toysintense-health-fun","8":"pwb-brand-intenseintense-toys","9":"product_cat-juguetes-sexuales-xxxbolas","10":"product_cat-juguetes-sexuales-xxx","11":"product_cat-seccion-tuppersex","12":"post_count_is_0","13":"boutique_post_style_4","15":"first","16":"instock","17":"taxable","18":"shipping-taxable","19":"purchasable","20":"product-type-simple","21":"boutique_image_style_2"},"brands":[{"id":146,"name":"INTENSE","slug":"intense"},{"id":868,"name":"INTENSE HEALTH FUN","slug":"intenseintense-toysintense-health-fun"},{"id":465,"name":"INTENSE TOYS","slug":"intenseintense-toys"}],"_links":{"self":[{"href":"https:\/\/www.pussycatmerida.com\/eshop\/wp-json\/wp\/v2\/product\/22286","targetHints":{"allow":["GET"]}}],"collection":[{"href":"https:\/\/www.pussycatmerida.com\/eshop\/wp-json\/wp\/v2\/product"}],"about":[{"href":"https:\/\/www.pussycatmerida.com\/eshop\/wp-json\/wp\/v2\/types\/product"}],"wp:featuredmedia":[{"embeddable":true,"href":"https:\/\/www.pussycatmerida.com\/eshop\/wp-json\/wp\/v2\/media\/59039"}],"wp:attachment":[{"href":"https:\/\/www.pussycatmerida.com\/eshop\/wp-json\/wp\/v2\/media?parent=22286"}],"wp:term":[{"taxonomy":"pwb-brand","embeddable":true,"href":"https:\/\/www.pussycatmerida.com\/eshop\/wp-json\/wp\/v2\/pwb-brand?post=22286"},{"taxonomy":"product_brand","embeddable":true,"href":"https:\/\/www.pussycatmerida.com\/eshop\/wp-json\/wp\/v2\/product_brand?post=22286"},{"taxonomy":"product_cat","embeddable":true,"href":"https:\/\/www.pussycatmerida.com\/eshop\/wp-json\/wp\/v2\/product_cat?post=22286"},{"taxonomy":"product_tag","embeddable":true,"href":"https:\/\/www.pussycatmerida.com\/eshop\/wp-json\/wp\/v2\/product_tag?post=22286"}],"curies":[{"name":"wp","href":"https:\/\/api.w.org\/{rel}","templated":true}]}}