{"id":22295,"date":"2021-02-26T14:41:36","date_gmt":"2021-02-26T12:41:36","guid":{"rendered":"https:\/\/www.pussycatmerida.com\/eshop\/product\/intense-shelki-s-plug-anal-negro\/"},"modified":"2026-03-11T12:39:32","modified_gmt":"2026-03-11T11:39:32","slug":"intense-shelki-s-plug-anal-negro","status":"publish","type":"product","link":"https:\/\/www.pussycatmerida.com\/eshop\/producto\/intense-shelki-s-plug-anal-negro\/","title":{"rendered":"INTENSE SHELKI S PLUG ANAL NEGRO"},"content":{"rendered":"<p>Intensifica tu placer con Intese toys, un concepto clasico que no todos consiguen hacer. Con este lujoso plug anal experimentar\u00e1s el juego estimulando todos los puntos. Al introducirlo por su punta conica suave y sedodas penetrar\u00e1 poco a poco hasta sentirlo dentro, adem\u00e1s dispone de una base que no permite introducirlo mas de lo debido. Fabricado en silisona grado medico suave y sedosa y con base en forma de diamante, este plug no solo es un objeto elegante, es un objeto de placer.<\/p>\n<ul>\n<li>100% Silicona suave y sedosa<\/li>\n<li>Medidas; 2.8 x 7.2 cm<\/li>\n<li>Flexible pero con la dureza perfecta para el juego anal.<\/li>\n<li>Apto para usar bajo el agua<\/li>\n<li>Libre de Phalatos.<\/li>\n<\/ul>\n<p>Se recomienda usar lubricante a base de agua waterfeel y limpiar tras su uso con el toycleaner waterfeeel.<\/p>\n","protected":false},"excerpt":{"rendered":"<p>INTENSE SHELKI S PLUG ANAL BLACK<\/p>\n","protected":false},"featured_media":48355,"template":"","meta":[],"pwb-brand":[146,805,465],"product_brand":[],"product_cat":[280,947,274,300,322],"product_tag":[],"class_list":{"0":"post-22295","1":"product","2":"type-product","3":"status-publish","4":"has-post-thumbnail","6":"pwb-brand-intense","7":"pwb-brand-intenseintense-toysintense-anal-toys","8":"pwb-brand-intenseintense-toys","9":"product_cat-juguetes-sexuales-xxxanal","10":"product_cat-joyas-anales","11":"product_cat-juguetes-sexuales-xxx","12":"product_cat-juguetes-sexuales-xxxplugs-anales","13":"product_cat-seccion-tuppersex","14":"post_count_is_0","15":"boutique_post_style_4","17":"first","18":"instock","19":"taxable","20":"shipping-taxable","21":"purchasable","22":"product-type-simple","23":"boutique_image_style_2"},"brands":[{"id":146,"name":"INTENSE","slug":"intense"},{"id":805,"name":"INTENSE ANAL TOYS","slug":"intenseintense-toysintense-anal-toys"},{"id":465,"name":"INTENSE TOYS","slug":"intenseintense-toys"}],"_links":{"self":[{"href":"https:\/\/www.pussycatmerida.com\/eshop\/wp-json\/wp\/v2\/product\/22295","targetHints":{"allow":["GET"]}}],"collection":[{"href":"https:\/\/www.pussycatmerida.com\/eshop\/wp-json\/wp\/v2\/product"}],"about":[{"href":"https:\/\/www.pussycatmerida.com\/eshop\/wp-json\/wp\/v2\/types\/product"}],"wp:featuredmedia":[{"embeddable":true,"href":"https:\/\/www.pussycatmerida.com\/eshop\/wp-json\/wp\/v2\/media\/48355"}],"wp:attachment":[{"href":"https:\/\/www.pussycatmerida.com\/eshop\/wp-json\/wp\/v2\/media?parent=22295"}],"wp:term":[{"taxonomy":"pwb-brand","embeddable":true,"href":"https:\/\/www.pussycatmerida.com\/eshop\/wp-json\/wp\/v2\/pwb-brand?post=22295"},{"taxonomy":"product_brand","embeddable":true,"href":"https:\/\/www.pussycatmerida.com\/eshop\/wp-json\/wp\/v2\/product_brand?post=22295"},{"taxonomy":"product_cat","embeddable":true,"href":"https:\/\/www.pussycatmerida.com\/eshop\/wp-json\/wp\/v2\/product_cat?post=22295"},{"taxonomy":"product_tag","embeddable":true,"href":"https:\/\/www.pussycatmerida.com\/eshop\/wp-json\/wp\/v2\/product_tag?post=22295"}],"curies":[{"name":"wp","href":"https:\/\/api.w.org\/{rel}","templated":true}]}}