{"id":23241,"date":"2021-03-01T11:48:08","date_gmt":"2021-03-01T09:48:08","guid":{"rendered":"https:\/\/www.pussycatmerida.com\/eshop\/product\/anal-fantasy-elite-collection-masajeador-prostatico-ultimate-p-spot-milker\/"},"modified":"2026-03-11T12:27:55","modified_gmt":"2026-03-11T11:27:55","slug":"anal-fantasy-elite-collection-masajeador-prostatico-ultimate-p-spot-milker","status":"publish","type":"product","link":"https:\/\/www.pussycatmerida.com\/eshop\/producto\/anal-fantasy-elite-collection-masajeador-prostatico-ultimate-p-spot-milker\/","title":{"rendered":"ANAL FANTASY ELITE COLLECTION MASAJEADOR PROSTATICO ULTIMATE P-SPOT MILKER"},"content":{"rendered":"<p>Cuando buscas avanzar al siguiente nivel en tus juegos anales, Anal Fantasy Elite Collection es la primera opci\u00f3n para un m\u00e1ximo placer. Fabricado con nuestra silicona Elite, este masajeador es body safe, sin ftalatos y preparado para que puedas jugar duro. Usa lo \u00faltimo en tecnolog\u00eda, es\u00a0USB recargable, ergon\u00f3micamente dise\u00f1ado para una m\u00e1xima comodidad y satisfacci\u00f3n garantizadas. Perfecto para cualquier g\u00e9nero, esta colecci\u00f3n unisex viene preparada para ofrecerte resultado increiblemente explosivos.\u00a0<\/p>\n<ul>\n<li>9 funciones de vibraci\u00f3n. Vibraci\u00f3n, pulsaci\u00f3n,\u00a0escalada&#8230; hay muchas opciones de placer.<\/li>\n<li>Masajeador de prostata con 9 variaciones\u00a0<\/li>\n<li>USB recargable.\u00a0<\/li>\n<li>Libre de ftalatos<\/li>\n<li>Sumergible<\/li>\n<\/ul>\n<p>Incluye:\u00a0<\/p>\n<ul>\n<li>1 Limpiador de juguetes<\/li>\n<li>1 Lubricante anal<\/li>\n<li>1 Crema para facilitar la inserci\u00f3n<\/li>\n<li>1 Guante<\/li>\n<\/ul>\n<p>\u00a0<\/p>\n<p style=\"text-align: center;\"><iframe loading=\"lazy\" allowfullscreen=\"\" frameborder=\"0\" height=\"400\" src=\"https:\/\/player.vimeo.com\/video\/257004641\" width=\"700\"><\/iframe><\/p>\n","protected":false},"excerpt":{"rendered":"<p>ANAL FANTASY ELITE COLLECTION ULTIMATE P-SPOT MILKER<\/p>\n","protected":false},"featured_media":59812,"template":"","meta":[],"pwb-brand":[818,476],"product_brand":[],"product_cat":[275,280,387,274,431,306,300],"product_tag":[],"class_list":{"0":"post-23241","1":"product","2":"type-product","3":"status-publish","4":"has-post-thumbnail","6":"pwb-brand-pipedreams-anal-fantasy-elite-collection","7":"pwb-brand-pipedreams","8":"product_cat-juguetes-sexuales-xxxacuaticos","9":"product_cat-juguetes-sexuales-xxxanal","10":"product_cat-juguetes-sexuales-xxxespecial-gays","11":"product_cat-juguetes-sexuales-xxx","12":"product_cat-juguetes-sexuales-xxxmasajeadores","13":"product_cat-juguetes-sexuales-xxxpara-el","14":"product_cat-juguetes-sexuales-xxxplugs-anales","15":"post_count_is_0","16":"boutique_post_style_4","18":"first","19":"instock","20":"taxable","21":"shipping-taxable","22":"purchasable","23":"product-type-simple","24":"boutique_image_style_2"},"brands":[{"id":818,"name":"ANAL FANTASY ELITE COLLECTION","slug":"pipedreams-anal-fantasy-elite-collection"},{"id":476,"name":"PIPEDREAMS","slug":"pipedreams"}],"_links":{"self":[{"href":"https:\/\/www.pussycatmerida.com\/eshop\/wp-json\/wp\/v2\/product\/23241","targetHints":{"allow":["GET"]}}],"collection":[{"href":"https:\/\/www.pussycatmerida.com\/eshop\/wp-json\/wp\/v2\/product"}],"about":[{"href":"https:\/\/www.pussycatmerida.com\/eshop\/wp-json\/wp\/v2\/types\/product"}],"wp:featuredmedia":[{"embeddable":true,"href":"https:\/\/www.pussycatmerida.com\/eshop\/wp-json\/wp\/v2\/media\/59812"}],"wp:attachment":[{"href":"https:\/\/www.pussycatmerida.com\/eshop\/wp-json\/wp\/v2\/media?parent=23241"}],"wp:term":[{"taxonomy":"pwb-brand","embeddable":true,"href":"https:\/\/www.pussycatmerida.com\/eshop\/wp-json\/wp\/v2\/pwb-brand?post=23241"},{"taxonomy":"product_brand","embeddable":true,"href":"https:\/\/www.pussycatmerida.com\/eshop\/wp-json\/wp\/v2\/product_brand?post=23241"},{"taxonomy":"product_cat","embeddable":true,"href":"https:\/\/www.pussycatmerida.com\/eshop\/wp-json\/wp\/v2\/product_cat?post=23241"},{"taxonomy":"product_tag","embeddable":true,"href":"https:\/\/www.pussycatmerida.com\/eshop\/wp-json\/wp\/v2\/product_tag?post=23241"}],"curies":[{"name":"wp","href":"https:\/\/api.w.org\/{rel}","templated":true}]}}