{"id":24174,"date":"2021-02-26T15:44:29","date_gmt":"2021-02-26T13:44:29","guid":{"rendered":"https:\/\/www.pussycatmerida.com\/eshop\/product\/pdx-elite-dirty-talk-starter-stroker-masturbador-vagina\/"},"modified":"2026-03-11T12:25:59","modified_gmt":"2026-03-11T11:25:59","slug":"pdx-elite-dirty-talk-starter-stroker-masturbador-vagina","status":"publish","type":"product","link":"https:\/\/www.pussycatmerida.com\/eshop\/producto\/pdx-elite-dirty-talk-starter-stroker-masturbador-vagina\/","title":{"rendered":"PDX ELITE DIRTY TALK STARTER STROKER MASTURBADOR VAGINA"},"content":{"rendered":"<p>Preparado para vivir la mejor experiencia de masturbaci\u00f3n en tu vida? Perfecto para principiantes, el Dirty Starter Stroker de PDX Elite ofrece una experiencia sensorial y de placer total. Combina sus potentes vibraciones con gemidos y frases que te llevar\u00e1n a alcanzar unos niveles de satisfacci\u00f3n y placer nunca antes tenidos.<\/p>\n<p>Su manga es super suave, hecha de Fanta Flesh y por dentro est\u00e1 texturado y gr\u00e1nulos que masajear\u00e1n tu miembro en cada sacudida. Para activar la vibraci\u00f3n, tan solo tienes que presionar el bot\u00f3n y su potente motor con 10 modos diferentes de vibraci\u00f3n empezar\u00e1 a funcionar\u00a0<\/p>\n<p>Explora tus opciones, ya que la carcasa incorpora un sistema con ventosa para que puedas usarlo como quieras y adherirlo a superficies planas, adem\u00e1s, si quieres puedes incluso extraer la manga y usarlo sin carcasa para poder presionar\u00a0con la mano al gusto.\u00a0<\/p>\n<p>Cierra tus ojos y disfruta la voz de seducci\u00f3n y gemidos de pasi\u00f3n as\u00ed como de sus vibraciones en cada sacudida.\u00a0<\/p>\n<p>Caracter\u00edsticas:\u00a0<\/p>\n<ul>\n<li>Manga Fanta Flesh, simula las sensaciones y el calor de la piel real<\/li>\n<li>Intensas vibraciones: 10 patrones de estimulantes vibraciones\u00a0<\/li>\n<li>USB recargable\u00a0<\/li>\n<li>F\u00e1cil de usar\u00a0<\/li>\n<li>Sistema con ventosas para adherir a superficies planas. Puede quitarse f\u00e1cilmente y usar sin \u00e9l\u00a0<\/li>\n<li>3 botones . Su super motor recargable proporciona voz y vibraci\u00f3n\u00a0<\/li>\n<li>LImpiar despues de usar<\/li>\n<\/ul>\n<p>\u00a0<\/p>\n<p>\u00a0<\/p>\n","protected":false},"excerpt":{"rendered":"<p>PDX ELITE DIRTY TALK STARTER STROKER<\/p>\n","protected":false},"featured_media":54142,"template":"","meta":[],"pwb-brand":[527,476],"product_brand":[],"product_cat":[274,293,306,305],"product_tag":[],"class_list":{"0":"post-24174","1":"product","2":"type-product","3":"status-publish","4":"has-post-thumbnail","6":"pwb-brand-pipedreams-pdx-elite","7":"pwb-brand-pipedreams","8":"product_cat-juguetes-sexuales-xxx","9":"product_cat-juguetes-sexuales-xxxmasturbadores-para-ellos","10":"product_cat-juguetes-sexuales-xxxpara-el","11":"product_cat-juguetes-sexuales-xxxvaginas-y-anos","12":"post_count_is_0","13":"boutique_post_style_4","15":"first","16":"instock","17":"taxable","18":"shipping-taxable","19":"purchasable","20":"product-type-simple","21":"boutique_image_style_2"},"brands":[{"id":527,"name":"PDX ELITE","slug":"pipedreams-pdx-elite"},{"id":476,"name":"PIPEDREAMS","slug":"pipedreams"}],"_links":{"self":[{"href":"https:\/\/www.pussycatmerida.com\/eshop\/wp-json\/wp\/v2\/product\/24174","targetHints":{"allow":["GET"]}}],"collection":[{"href":"https:\/\/www.pussycatmerida.com\/eshop\/wp-json\/wp\/v2\/product"}],"about":[{"href":"https:\/\/www.pussycatmerida.com\/eshop\/wp-json\/wp\/v2\/types\/product"}],"wp:featuredmedia":[{"embeddable":true,"href":"https:\/\/www.pussycatmerida.com\/eshop\/wp-json\/wp\/v2\/media\/54142"}],"wp:attachment":[{"href":"https:\/\/www.pussycatmerida.com\/eshop\/wp-json\/wp\/v2\/media?parent=24174"}],"wp:term":[{"taxonomy":"pwb-brand","embeddable":true,"href":"https:\/\/www.pussycatmerida.com\/eshop\/wp-json\/wp\/v2\/pwb-brand?post=24174"},{"taxonomy":"product_brand","embeddable":true,"href":"https:\/\/www.pussycatmerida.com\/eshop\/wp-json\/wp\/v2\/product_brand?post=24174"},{"taxonomy":"product_cat","embeddable":true,"href":"https:\/\/www.pussycatmerida.com\/eshop\/wp-json\/wp\/v2\/product_cat?post=24174"},{"taxonomy":"product_tag","embeddable":true,"href":"https:\/\/www.pussycatmerida.com\/eshop\/wp-json\/wp\/v2\/product_tag?post=24174"}],"curies":[{"name":"wp","href":"https:\/\/api.w.org\/{rel}","templated":true}]}}