{"id":24536,"date":"2021-03-01T13:34:07","date_gmt":"2021-03-01T11:34:07","guid":{"rendered":"https:\/\/www.pussycatmerida.com\/eshop\/product\/secretplay-juego-parejas-kamasutra-play-es-en-it-fr-de-pt\/"},"modified":"2026-03-11T12:26:55","modified_gmt":"2026-03-11T11:26:55","slug":"secretplay-juego-parejas-kamasutra-play-es-en-it-fr-de-pt","status":"publish","type":"product","link":"https:\/\/www.pussycatmerida.com\/eshop\/producto\/secretplay-juego-parejas-kamasutra-play-es-en-it-fr-de-pt\/","title":{"rendered":"SECRETPLAY JUEGO PAREJAS KAMASUTRA PLAY  ES\/EN\/IT\/FR\/DE\/PT"},"content":{"rendered":"<p>Practica las posturas del Kamasutra de un modo nuevo y m\u00e1s atractivo!<\/p>\n<p>El juego contiene 40 cartas (20 de ellas son de hombre y 20 de mujer). Las cartas se dividen en dos montones y cada miembro de la pareja escoge uno de los montones de cartas, hombres o mujeres. Los dos jugadores van levantando las cartas a la vez, en orden. Si al levantar las dos cartas a la vez, por ejemplo en la carta de mujer hay un 8 coloreado y en la carta de hombre hay tambi\u00e9n un 8 coloreado, quiere decir que se ha encontrado la postura del Kamasutra!<\/p>\n<p>Es decir que la postura puede realizarse porque es compatible en la posici\u00f3n que est\u00e1 el hombre y la mujer. Ahora es el momento de practicarla f\u00edsicamente, en el tiempo que mida el reloj de arena (60s), ni un segundo m\u00e1s!<\/p>\n<p>Cuando acabe el tiempo se sigue con el juego&#8230; Hasta que el cuerpo aguante!<\/p>\n<p>Incluye:\u00a0<\/p>\n<ul>\n<li>Cartas\u00a0<\/li>\n<li>Reloj de arena\u00a0<\/li>\n<\/ul>\n","protected":false},"excerpt":{"rendered":"<p>SECRETPLAY GAME FOR COUPLES KAMASUTRA PLAY ES\/EN\/IT\/FR\/DE\/PT<\/p>\n","protected":false},"featured_media":62887,"template":"","meta":[],"pwb-brand":[498,786],"product_brand":[],"product_cat":[375,442,376,443],"product_tag":[],"class_list":{"0":"post-24536","1":"product","2":"type-product","3":"status-publish","4":"has-post-thumbnail","6":"pwb-brand-secretplay","7":"pwb-brand-secretplaysecretplay-100-games","8":"product_cat-juegos","9":"product_cat-juegosjuegos-de-cartas","10":"product_cat-juegosjuegos-de-pareja","11":"product_cat-juegosjuegos-en-espanol","12":"post_count_is_0","13":"boutique_post_style_4","15":"first","16":"instock","17":"taxable","18":"shipping-taxable","19":"purchasable","20":"product-type-simple","21":"boutique_image_style_2"},"brands":[{"id":498,"name":"SECRETPLAY","slug":"secretplay"},{"id":786,"name":"SECRETPLAY 100% GAMES","slug":"secretplaysecretplay-100-games"}],"_links":{"self":[{"href":"https:\/\/www.pussycatmerida.com\/eshop\/wp-json\/wp\/v2\/product\/24536","targetHints":{"allow":["GET"]}}],"collection":[{"href":"https:\/\/www.pussycatmerida.com\/eshop\/wp-json\/wp\/v2\/product"}],"about":[{"href":"https:\/\/www.pussycatmerida.com\/eshop\/wp-json\/wp\/v2\/types\/product"}],"wp:featuredmedia":[{"embeddable":true,"href":"https:\/\/www.pussycatmerida.com\/eshop\/wp-json\/wp\/v2\/media\/62887"}],"wp:attachment":[{"href":"https:\/\/www.pussycatmerida.com\/eshop\/wp-json\/wp\/v2\/media?parent=24536"}],"wp:term":[{"taxonomy":"pwb-brand","embeddable":true,"href":"https:\/\/www.pussycatmerida.com\/eshop\/wp-json\/wp\/v2\/pwb-brand?post=24536"},{"taxonomy":"product_brand","embeddable":true,"href":"https:\/\/www.pussycatmerida.com\/eshop\/wp-json\/wp\/v2\/product_brand?post=24536"},{"taxonomy":"product_cat","embeddable":true,"href":"https:\/\/www.pussycatmerida.com\/eshop\/wp-json\/wp\/v2\/product_cat?post=24536"},{"taxonomy":"product_tag","embeddable":true,"href":"https:\/\/www.pussycatmerida.com\/eshop\/wp-json\/wp\/v2\/product_tag?post=24536"}],"curies":[{"name":"wp","href":"https:\/\/api.w.org\/{rel}","templated":true}]}}