{"id":24623,"date":"2021-02-26T10:44:07","date_gmt":"2021-02-26T08:44:07","guid":{"rendered":"https:\/\/www.pussycatmerida.com\/eshop\/product\/happy-loky-mini-fun-vibrador\/"},"modified":"2026-03-11T12:38:04","modified_gmt":"2026-03-11T11:38:04","slug":"happy-loky-mini-fun-vibrador","status":"publish","type":"product","link":"https:\/\/www.pussycatmerida.com\/eshop\/producto\/happy-loky-mini-fun-vibrador\/","title":{"rendered":"HAPPY LOKY MINI FUN VIBRADOR"},"content":{"rendered":"<p><strong>Mini<\/strong> es vibrador de tacto suave y sedoso, su zona relieve interior dise\u00f1ado para proporcionar una excitaci\u00f3n sexual excepcional que estimula el punto G con un motor potente y silencioso y dispone de hasta 7 diferentes patrones de vibraci\u00f3n. La silicona ultrasuave y sedosa facilita la inserci\u00f3n del vibrador y es impermeable.<\/p>\n<ul>\n<li>Silicona suave y sedosa<\/li>\n<li>Un Motor potente<\/li>\n<li>Silencioso<\/li>\n<li>Sumergible<\/li>\n<li>Panel retroiluminado de Led.<\/li>\n<li>Recargable v\u00eda USB con cable cargador incluido.<\/li>\n<\/ul>\n<p>Ocian es una bala control remoto innovadora, recubierto de silicona suave y sedosa tiene un mando completamente discreto en color negro mientras que el divertido Ocian tiene una radio de acci\u00f3n de 5 metros, perfectos para jugar solo, en pareja o con amigos.<\/p>\n<p>Dispone de una zona rugosa para proporcionar una excitaci\u00f3n sexual incre\u00edble. Es silencioso y dispone de hasta 10 modos de vibraci\u00f3n.<\/p>\n<p>1 a\u00f1o de garant\u00eda.<\/p>\n<p>INFORMACION DEL PRODUCTO:<\/p>\n<ul>\n<li>Longitud total: 19.5\u00a0cm<\/li>\n<li>Longitud insertable: 11\u00a0cm<\/li>\n<li>Di\u00e1metro max: 4 cm<\/li>\n<li>Peso: 150\u00a0gr<\/li>\n<li>Material: Silicona y ABS<\/li>\n<li>Color: Azul turquesa y plateado<\/li>\n<li>Sumergible: Si<\/li>\n<li>Bater\u00eda: Si, USB recargable\u00a0<\/li>\n<\/ul>\n<p style=\"text-align: center;\"><iframe loading=\"lazy\" allow=\"accelerometer; autoplay; encrypted-media; gyroscope; picture-in-picture\" allowfullscreen=\"\" frameborder=\"0\" height=\"415\" scrolling=\"no\" src=\"https:\/\/www.youtube.com\/embed\/BSuEWMV8rD4?rel=0controls=0showinfo=0\" width=\"860\"><\/iframe><\/p>\n","protected":false},"excerpt":{"rendered":"<p>HAPPY LOKY MINI FUN VIBRATOR<\/p>\n","protected":false},"featured_media":39393,"template":"","meta":[],"pwb-brand":[514],"product_brand":[],"product_cat":[274,294,299,904],"product_tag":[],"class_list":{"0":"post-24623","1":"product","2":"type-product","3":"status-publish","4":"has-post-thumbnail","6":"pwb-brand-happy-loky","7":"product_cat-juguetes-sexuales-xxx","8":"product_cat-juguetes-sexuales-xxxmasturbadores-para-ellas","9":"product_cat-juguetes-sexuales-xxxvibradores","10":"product_cat-vibradores-clasicos","11":"post_count_is_0","12":"boutique_post_style_4","14":"first","15":"instock","16":"taxable","17":"shipping-taxable","18":"purchasable","19":"product-type-simple","20":"boutique_image_style_2"},"brands":[{"id":514,"name":"HAPPY LOKY","slug":"happy-loky"}],"_links":{"self":[{"href":"https:\/\/www.pussycatmerida.com\/eshop\/wp-json\/wp\/v2\/product\/24623","targetHints":{"allow":["GET"]}}],"collection":[{"href":"https:\/\/www.pussycatmerida.com\/eshop\/wp-json\/wp\/v2\/product"}],"about":[{"href":"https:\/\/www.pussycatmerida.com\/eshop\/wp-json\/wp\/v2\/types\/product"}],"wp:featuredmedia":[{"embeddable":true,"href":"https:\/\/www.pussycatmerida.com\/eshop\/wp-json\/wp\/v2\/media\/39393"}],"wp:attachment":[{"href":"https:\/\/www.pussycatmerida.com\/eshop\/wp-json\/wp\/v2\/media?parent=24623"}],"wp:term":[{"taxonomy":"pwb-brand","embeddable":true,"href":"https:\/\/www.pussycatmerida.com\/eshop\/wp-json\/wp\/v2\/pwb-brand?post=24623"},{"taxonomy":"product_brand","embeddable":true,"href":"https:\/\/www.pussycatmerida.com\/eshop\/wp-json\/wp\/v2\/product_brand?post=24623"},{"taxonomy":"product_cat","embeddable":true,"href":"https:\/\/www.pussycatmerida.com\/eshop\/wp-json\/wp\/v2\/product_cat?post=24623"},{"taxonomy":"product_tag","embeddable":true,"href":"https:\/\/www.pussycatmerida.com\/eshop\/wp-json\/wp\/v2\/product_tag?post=24623"}],"curies":[{"name":"wp","href":"https:\/\/api.w.org\/{rel}","templated":true}]}}