{"id":24660,"date":"2021-02-26T14:50:32","date_gmt":"2021-02-26T12:50:32","guid":{"rendered":"https:\/\/www.pussycatmerida.com\/eshop\/product\/black-and-silver-dexter-massage-wand\/"},"modified":"2026-03-11T12:40:49","modified_gmt":"2026-03-11T11:40:49","slug":"black-and-silver-dexter-massage-wand","status":"publish","type":"product","link":"https:\/\/www.pussycatmerida.com\/eshop\/producto\/black-and-silver-dexter-massage-wand\/","title":{"rendered":"BLACK AND SILVER DEXTER MASSAGE WAND"},"content":{"rendered":"<p>Versatilidad, intensidad, potencia y exploraci\u00f3n son las palabras que definen al nuevo DEXTER. Todo en uno, un masajeador vers\u00e1til que incorpora 10 potentes modos de vibraci\u00f3n de suave a muy fuerte.<\/p>\n<p>F\u00e1cil uso, tan solo tres botones retroiluminados controlan a Dexter, basta tan solo 3 segundos seguidos para activarlo o desactivarlo.<\/p>\n<p>El vibrador est\u00e1 alimentado con una bater\u00eda en su interior que lleva incorporado un acumulador de recarga. El proceso de recarga funciona a trav\u00e9s de un cargador USB incluido que utiliza la tecnolog\u00eda carga r\u00e1pida en menos de 2 horas.<\/p>\n<ul>\n<li>Recargable v\u00eda USB incluido con bater\u00eda de litio iones.<\/li>\n<li>100% Silicona libre de ftalatos suave y sedosa.<\/li>\n<li>100% Sumergible, apto para la ducha o Spa<\/li>\n<li>Medidas; 30.6 x 5.5cm max.<\/li>\n<\/ul>\n<p style=\"margin-left:18.0pt;\">\u00a1Vuela en tu imaginaci\u00f3n, el resto lo hace Dexter!<\/p>\n<p>1 a\u00f1o completo de garant\u00eda.<\/p>\n<p style=\"text-align: center;\"><iframe loading=\"lazy\" allow=\"accelerometer; autoplay; encrypted-media; gyroscope; picture-in-picture\" allowfullscreen=\"\" frameborder=\"0\" height=\"550\" scrolling=\"no\" src=\"https:\/\/www.youtube.com\/embed\/JCy9g0nfvPs?controls=0start=1\" width=\"860\"><\/iframe><\/p>\n","protected":false},"excerpt":{"rendered":"<p>BLACK AND SILVER DEXTER MASSAGE WAND<\/p>\n","protected":false},"featured_media":48733,"template":"","meta":[],"pwb-brand":[522],"product_brand":[],"product_cat":[288,274,294,322,898],"product_tag":[],"class_list":{"0":"post-24660","1":"product","2":"type-product","3":"status-publish","4":"has-post-thumbnail","6":"pwb-brand-blacksilver","7":"product_cat-juguetes-sexuales-xxxestimuladores","8":"product_cat-juguetes-sexuales-xxx","9":"product_cat-juguetes-sexuales-xxxmasturbadores-para-ellas","10":"product_cat-seccion-tuppersex","11":"product_cat-wand","12":"post_count_is_0","13":"boutique_post_style_4","15":"first","16":"instock","17":"taxable","18":"shipping-taxable","19":"purchasable","20":"product-type-simple","21":"boutique_image_style_2"},"brands":[{"id":522,"name":"BLACKSILVER","slug":"blacksilver"}],"_links":{"self":[{"href":"https:\/\/www.pussycatmerida.com\/eshop\/wp-json\/wp\/v2\/product\/24660","targetHints":{"allow":["GET"]}}],"collection":[{"href":"https:\/\/www.pussycatmerida.com\/eshop\/wp-json\/wp\/v2\/product"}],"about":[{"href":"https:\/\/www.pussycatmerida.com\/eshop\/wp-json\/wp\/v2\/types\/product"}],"wp:featuredmedia":[{"embeddable":true,"href":"https:\/\/www.pussycatmerida.com\/eshop\/wp-json\/wp\/v2\/media\/48733"}],"wp:attachment":[{"href":"https:\/\/www.pussycatmerida.com\/eshop\/wp-json\/wp\/v2\/media?parent=24660"}],"wp:term":[{"taxonomy":"pwb-brand","embeddable":true,"href":"https:\/\/www.pussycatmerida.com\/eshop\/wp-json\/wp\/v2\/pwb-brand?post=24660"},{"taxonomy":"product_brand","embeddable":true,"href":"https:\/\/www.pussycatmerida.com\/eshop\/wp-json\/wp\/v2\/product_brand?post=24660"},{"taxonomy":"product_cat","embeddable":true,"href":"https:\/\/www.pussycatmerida.com\/eshop\/wp-json\/wp\/v2\/product_cat?post=24660"},{"taxonomy":"product_tag","embeddable":true,"href":"https:\/\/www.pussycatmerida.com\/eshop\/wp-json\/wp\/v2\/product_tag?post=24660"}],"curies":[{"name":"wp","href":"https:\/\/api.w.org\/{rel}","templated":true}]}}