{"id":24999,"date":"2021-02-26T15:15:50","date_gmt":"2021-02-26T13:15:50","guid":{"rendered":"https:\/\/www.pussycatmerida.com\/eshop\/product\/fetish-submissive-posicion-piernas-abiertas-con-esposas\/"},"modified":"2026-03-11T12:39:00","modified_gmt":"2026-03-11T11:39:00","slug":"fetish-submissive-posicion-piernas-abiertas-con-esposas","status":"publish","type":"product","link":"https:\/\/www.pussycatmerida.com\/eshop\/producto\/fetish-submissive-posicion-piernas-abiertas-con-esposas\/","title":{"rendered":"FETISH SUBMISSIVE POSICI\u00d3N PIERNAS ABIERTAS CON ESPOSAS"},"content":{"rendered":"<div>FETISH SUBMISIVE presenta un \u00fanico un set de ataduras para facilitar la posici\u00f3n maestro perfecto para la penetraci\u00f3n con piernas hacia arriba.<\/div>\n<div>Deje que su imaginaci\u00f3n le lleve m\u00e1s all\u00e1 de sus l\u00edmites f\u00edsicos, con la posici\u00f3n Maestro. Ataduras de cuero vegano ajustables y resistentes, para mantener las piernas en su sitio en el momento necesario. El arn\u00e9s de cuello de cuero vegano es suave y acolchado para una m\u00e1xima comodidad.<\/div>\n<div>El set incluye;\u00a0<\/div>\n<ul>\n<li>2 correas ajustables de cuello a pierna<\/li>\n<li>2 esposas para mu\u00f1ecas<\/li>\n<li>1 accesorio para el cuello.<\/li>\n<li>Fabricado en material; Neopreno, Metal libre de niquel y Cuero vegano.<\/li>\n<\/ul>\n<div>\u00a1La colecci\u00f3n Fetish Submisive es la perfecta para el BDSM, calidad y resistencia aptas para cualquier juego!<\/div>\n<div>100% Ajustable.<\/div>\n<div style=\"text-align: center;\"><iframe loading=\"lazy\" allow=\"accelerometer; autoplay; encrypted-media; gyroscope; picture-in-picture\" allowfullscreen=\"\" frameborder=\"0\" height=\"400\" scrolling=\"no\" src=\"https:\/\/www.youtube-nocookie.com\/embed\/TVg3ZbBDbT0?rel=0controls=0showinfo=0\" width=\"800\"><\/iframe><\/div>\n","protected":false},"excerpt":{"rendered":"<p>FETISH SUBMISSIVE OPEN LEG SET WITH HANDCUFFS<\/p>\n","protected":false},"featured_media":51075,"template":"","meta":[],"pwb-brand":[482,833],"product_brand":[],"product_cat":[390,282,274,389,322],"product_tag":[],"class_list":{"0":"post-24999","1":"product","2":"type-product","3":"status-publish","4":"has-post-thumbnail","6":"pwb-brand-fetish-submissive","7":"pwb-brand-fetish-submissivefetish-submissive-bondage","8":"product_cat-juguetes-sexuales-xxxfetish-bondageesposas","9":"product_cat-juguetes-sexuales-xxxfetish-bondage","10":"product_cat-juguetes-sexuales-xxx","11":"product_cat-juguetes-sexuales-xxxmascaras-y-esposas","12":"product_cat-seccion-tuppersex","13":"post_count_is_0","14":"boutique_post_style_4","16":"first","17":"instock","18":"taxable","19":"shipping-taxable","20":"purchasable","21":"product-type-simple","22":"boutique_image_style_2"},"brands":[{"id":482,"name":"FETISH SUBMISSIVE","slug":"fetish-submissive"},{"id":833,"name":"FETISH SUBMISSIVE BONDAGE","slug":"fetish-submissivefetish-submissive-bondage"}],"_links":{"self":[{"href":"https:\/\/www.pussycatmerida.com\/eshop\/wp-json\/wp\/v2\/product\/24999","targetHints":{"allow":["GET"]}}],"collection":[{"href":"https:\/\/www.pussycatmerida.com\/eshop\/wp-json\/wp\/v2\/product"}],"about":[{"href":"https:\/\/www.pussycatmerida.com\/eshop\/wp-json\/wp\/v2\/types\/product"}],"wp:featuredmedia":[{"embeddable":true,"href":"https:\/\/www.pussycatmerida.com\/eshop\/wp-json\/wp\/v2\/media\/51075"}],"wp:attachment":[{"href":"https:\/\/www.pussycatmerida.com\/eshop\/wp-json\/wp\/v2\/media?parent=24999"}],"wp:term":[{"taxonomy":"pwb-brand","embeddable":true,"href":"https:\/\/www.pussycatmerida.com\/eshop\/wp-json\/wp\/v2\/pwb-brand?post=24999"},{"taxonomy":"product_brand","embeddable":true,"href":"https:\/\/www.pussycatmerida.com\/eshop\/wp-json\/wp\/v2\/product_brand?post=24999"},{"taxonomy":"product_cat","embeddable":true,"href":"https:\/\/www.pussycatmerida.com\/eshop\/wp-json\/wp\/v2\/product_cat?post=24999"},{"taxonomy":"product_tag","embeddable":true,"href":"https:\/\/www.pussycatmerida.com\/eshop\/wp-json\/wp\/v2\/product_tag?post=24999"}],"curies":[{"name":"wp","href":"https:\/\/api.w.org\/{rel}","templated":true}]}}