{"id":25000,"date":"2021-02-26T15:19:12","date_gmt":"2021-02-26T13:19:12","guid":{"rendered":"https:\/\/www.pussycatmerida.com\/eshop\/product\/fetish-submissive-antifaz-cuero-vegano\/"},"modified":"2026-03-11T12:39:29","modified_gmt":"2026-03-11T11:39:29","slug":"fetish-submissive-antifaz-cuero-vegano","status":"publish","type":"product","link":"https:\/\/www.pussycatmerida.com\/eshop\/producto\/fetish-submissive-antifaz-cuero-vegano\/","title":{"rendered":"FETISH SUBMISSIVE ANTIFAZ CUERO VEGANO"},"content":{"rendered":"<div>FETISH SUBMISIVE M\u00e1scara cuero vegano el\u00e1stica perfecta para tus juegos de bondage.<\/div>\n<div>\u00a0<\/div>\n<div>Por qu\u00e9 usar una mascara en el juego bdsm?\u00a0<\/div>\n<div>\u00a0<\/div>\n<div>Significa en el c\u00f3digo sexual: \u00a1V\u00e9ndame los ojos! Es cuando la m\u00e1scara se convierte en la \u00fanica fuerza controladora detr\u00e1s de la sexualidad de una persona.<\/div>\n<div>Ponle este antifaz Fetish Submisive a tu amante para darle un toque misterioso e interesante al momento. Induce a tu amante a un estado de oscuridad que potencie su apetito sexual.<\/div>\n<div>Este antifaz se sujeta con una c\u00f3moda tira de tela el\u00e1stica. Hecho de cuero vegano.<\/div>\n<ul>\n<li>Fabricado en material; Neopreno, Metal libre de niquel y Cuero vegano.<\/li>\n<\/ul>\n<div>\u00a1La colecci\u00f3n Fetish Submisive es la perfecta para el BDSM, calidad y resistencia aptas para cualquier juego!<\/div>\n<div>100% Ajustable.<\/div>\n<div>\u00a0<\/div>\n<div style=\"text-align: center;\"><iframe loading=\"lazy\" allow=\"accelerometer; autoplay; encrypted-media; gyroscope; picture-in-picture\" allowfullscreen=\"\" frameborder=\"0\" height=\"400\" scrolling=\"no\" src=\"https:\/\/www.youtube-nocookie.com\/embed\/TVg3ZbBDbT0?rel=0controls=0showinfo=0\" width=\"800\"><\/iframe><\/div>\n","protected":false},"excerpt":{"rendered":"<p>FETISH SUBMISSIVE MASK VEGAN LEATHER<\/p>\n","protected":false},"featured_media":51445,"template":"","meta":[],"pwb-brand":[482,833],"product_brand":[],"product_cat":[409,282,274,389,322],"product_tag":[],"class_list":{"0":"post-25000","1":"product","2":"type-product","3":"status-publish","4":"has-post-thumbnail","6":"pwb-brand-fetish-submissive","7":"pwb-brand-fetish-submissivefetish-submissive-bondage","8":"product_cat-juguetes-sexuales-xxxfetish-bondageantifaces-mascaras","9":"product_cat-juguetes-sexuales-xxxfetish-bondage","10":"product_cat-juguetes-sexuales-xxx","11":"product_cat-juguetes-sexuales-xxxmascaras-y-esposas","12":"product_cat-seccion-tuppersex","13":"post_count_is_0","14":"boutique_post_style_4","16":"first","17":"instock","18":"taxable","19":"shipping-taxable","20":"purchasable","21":"product-type-simple","22":"boutique_image_style_2"},"brands":[{"id":482,"name":"FETISH SUBMISSIVE","slug":"fetish-submissive"},{"id":833,"name":"FETISH SUBMISSIVE BONDAGE","slug":"fetish-submissivefetish-submissive-bondage"}],"_links":{"self":[{"href":"https:\/\/www.pussycatmerida.com\/eshop\/wp-json\/wp\/v2\/product\/25000","targetHints":{"allow":["GET"]}}],"collection":[{"href":"https:\/\/www.pussycatmerida.com\/eshop\/wp-json\/wp\/v2\/product"}],"about":[{"href":"https:\/\/www.pussycatmerida.com\/eshop\/wp-json\/wp\/v2\/types\/product"}],"wp:featuredmedia":[{"embeddable":true,"href":"https:\/\/www.pussycatmerida.com\/eshop\/wp-json\/wp\/v2\/media\/51445"}],"wp:attachment":[{"href":"https:\/\/www.pussycatmerida.com\/eshop\/wp-json\/wp\/v2\/media?parent=25000"}],"wp:term":[{"taxonomy":"pwb-brand","embeddable":true,"href":"https:\/\/www.pussycatmerida.com\/eshop\/wp-json\/wp\/v2\/pwb-brand?post=25000"},{"taxonomy":"product_brand","embeddable":true,"href":"https:\/\/www.pussycatmerida.com\/eshop\/wp-json\/wp\/v2\/product_brand?post=25000"},{"taxonomy":"product_cat","embeddable":true,"href":"https:\/\/www.pussycatmerida.com\/eshop\/wp-json\/wp\/v2\/product_cat?post=25000"},{"taxonomy":"product_tag","embeddable":true,"href":"https:\/\/www.pussycatmerida.com\/eshop\/wp-json\/wp\/v2\/product_tag?post=25000"}],"curies":[{"name":"wp","href":"https:\/\/api.w.org\/{rel}","templated":true}]}}