{"id":25334,"date":"2021-03-01T11:26:26","date_gmt":"2021-03-01T09:26:26","guid":{"rendered":"https:\/\/www.pussycatmerida.com\/eshop\/product\/twins-balls-bolas-anales-combinadas\/"},"modified":"2022-05-26T11:39:45","modified_gmt":"2022-05-26T09:39:45","slug":"twins-balls-bolas-anales-combinadas","status":"publish","type":"product","link":"https:\/\/www.pussycatmerida.com\/eshop\/producto\/twins-balls-bolas-anales-combinadas\/","title":{"rendered":"TWINS BALLS BOLAS ANALES COMBINADAS"},"content":{"rendered":"<p>Una vez preparado, introduce las bolas.\u00a0\u00a0Los principiantes pueden tomarse su tiempo y empezar poco a poco, pueden probar con una o dos bolas progresivamente.<\/p>\n<p>Cuando te\u00a0mueves mientras llevas estas bolas, te proporcionar\u00e1n\u00a0una suave y natural vibraci\u00f3n y llegar\u00e1s a sentir incre\u00edble placer. Puedes ponerte las bolsas durante la relaci\u00f3n o simplemente por diversi\u00f3n y disfrutar a solas.<\/p>\n<p>Se recomienda tambi\u00e9n intentar de extraer las bolas justo en el momento del cl\u00edmax para experimentar nuevas sensaciones.<\/p>\n<ul>\n<li>Material: TPR y ABS\u00a0<\/li>\n<li>Medidas: Ver foto\u00a0<\/li>\n<li>Cord\u00f3n de nylon resistente<\/li>\n<\/ul>\n<p>\u00a0<\/p>\n<p>\u00a0<\/p>\n","protected":false},"excerpt":{"rendered":"<p>TWINS BALLS COMBINED ANAL BALLS DUO<\/p>\n","protected":false},"featured_media":59107,"template":"","meta":[],"pwb-brand":[156,564],"product_brand":[],"product_cat":[280,906,274],"product_tag":[],"class_list":{"0":"post-25334","1":"product","2":"type-product","3":"status-publish","4":"has-post-thumbnail","6":"pwb-brand-baile","7":"pwb-brand-bailebaile-anal","8":"product_cat-juguetes-sexuales-xxxanal","9":"product_cat-bolas-y-cadenas-anales","10":"product_cat-juguetes-sexuales-xxx","11":"post_count_is_0","12":"boutique_post_style_4","14":"first","15":"instock","16":"taxable","17":"shipping-taxable","18":"purchasable","19":"product-type-simple","20":"boutique_image_style_2"},"brands":[{"id":156,"name":"BAILE","slug":"baile"},{"id":564,"name":"BAILE ANAL","slug":"bailebaile-anal"}],"_links":{"self":[{"href":"https:\/\/www.pussycatmerida.com\/eshop\/wp-json\/wp\/v2\/product\/25334","targetHints":{"allow":["GET"]}}],"collection":[{"href":"https:\/\/www.pussycatmerida.com\/eshop\/wp-json\/wp\/v2\/product"}],"about":[{"href":"https:\/\/www.pussycatmerida.com\/eshop\/wp-json\/wp\/v2\/types\/product"}],"wp:featuredmedia":[{"embeddable":true,"href":"https:\/\/www.pussycatmerida.com\/eshop\/wp-json\/wp\/v2\/media\/59107"}],"wp:attachment":[{"href":"https:\/\/www.pussycatmerida.com\/eshop\/wp-json\/wp\/v2\/media?parent=25334"}],"wp:term":[{"taxonomy":"pwb-brand","embeddable":true,"href":"https:\/\/www.pussycatmerida.com\/eshop\/wp-json\/wp\/v2\/pwb-brand?post=25334"},{"taxonomy":"product_brand","embeddable":true,"href":"https:\/\/www.pussycatmerida.com\/eshop\/wp-json\/wp\/v2\/product_brand?post=25334"},{"taxonomy":"product_cat","embeddable":true,"href":"https:\/\/www.pussycatmerida.com\/eshop\/wp-json\/wp\/v2\/product_cat?post=25334"},{"taxonomy":"product_tag","embeddable":true,"href":"https:\/\/www.pussycatmerida.com\/eshop\/wp-json\/wp\/v2\/product_tag?post=25334"}],"curies":[{"name":"wp","href":"https:\/\/api.w.org\/{rel}","templated":true}]}}