{"id":25805,"date":"2021-03-10T02:42:03","date_gmt":"2021-03-10T00:42:03","guid":{"rendered":"https:\/\/www.pussycatmerida.com\/eshop\/producto\/pretty-love-anillo-vibrador-curitis\/"},"modified":"2026-03-11T12:27:15","modified_gmt":"2026-03-11T11:27:15","slug":"pretty-love-anillo-vibrador-curitis","status":"publish","type":"product","link":"https:\/\/www.pussycatmerida.com\/eshop\/producto\/pretty-love-anillo-vibrador-curitis\/","title":{"rendered":"PRETTY LOVE ANILLO VIBRADOR CURITIS"},"content":{"rendered":"<p>Este fabuloso juguete sexual masculino tiene dos tent\u00e1culos que forman un anillo ajustable para mantenerlo seguro y c\u00f3modo en todo momento; adaptado perfectamente a tu cuerpo para el uso m\u00e1s efectivo.\u00a0Al abrazar la base de su miembro, este anillo mantendr\u00e1 m\u00e1s sangre en su cuerpo por m\u00e1s tiempo, resultando en erecciones m\u00e1s grandes, duras y duraderas.\u00a0Este anillo\u00a0tiene una potente y compacta bala vibradora\u00a0en la parte superior\u00a0y una terminaci\u00f3n\u00a0nodulada en la parte delantera para la estimulaci\u00f3n de la\u00a0pareja.\u00a0Hecho de una silicona suave\u00a0y aterciopelada.<\/p>\n<p>Caracter\u00edsticas:<\/p>\n<ul>\n<li>Anillo vibrador Curitis\u00a0<\/li>\n<li>Pilas: 3 x LR41\u00a0<\/li>\n<li>Material: Silicona y ABS\u00a0<\/li>\n<li>Vibraciones potentes\u00a0<\/li>\n<li>Erecciones m\u00e1s largas y duras<\/li>\n<li>Medidas: Ver foto.<\/li>\n<\/ul>\n<p>\u00a0<\/p>\n<p>Pretty Love\u00a0fabrica productos de alta calidad. 1 a\u00f1o de garant\u00eda por defectos de f\u00e1brica.<\/p>\n<p>\u00a0<\/p>\n","protected":false},"excerpt":{"rendered":"<p>PRETTY LOVE VIBRATING COCK RING CURITIS<\/p>\n","protected":false},"featured_media":61229,"template":"","meta":[],"pwb-brand":[213,455],"product_brand":[],"product_cat":[276,945,903,274],"product_tag":[],"class_list":{"0":"post-25805","1":"product","2":"type-product","3":"status-publish","4":"has-post-thumbnail","6":"pwb-brand-pretty-love","7":"pwb-brand-pretty-lovepretty-male","8":"product_cat-juguetes-sexuales-xxxaccesorios-para-el-pene","9":"product_cat-anillos-con-vibracion","10":"product_cat-anillos-para-el-pene","11":"product_cat-juguetes-sexuales-xxx","12":"post_count_is_0","13":"boutique_post_style_4","15":"first","16":"instock","17":"taxable","18":"shipping-taxable","19":"purchasable","20":"product-type-simple","21":"boutique_image_style_2"},"brands":[{"id":213,"name":"PRETTY LOVE","slug":"pretty-love"},{"id":455,"name":"PRETTY MALE","slug":"pretty-lovepretty-male"}],"_links":{"self":[{"href":"https:\/\/www.pussycatmerida.com\/eshop\/wp-json\/wp\/v2\/product\/25805","targetHints":{"allow":["GET"]}}],"collection":[{"href":"https:\/\/www.pussycatmerida.com\/eshop\/wp-json\/wp\/v2\/product"}],"about":[{"href":"https:\/\/www.pussycatmerida.com\/eshop\/wp-json\/wp\/v2\/types\/product"}],"wp:featuredmedia":[{"embeddable":true,"href":"https:\/\/www.pussycatmerida.com\/eshop\/wp-json\/wp\/v2\/media\/61229"}],"wp:attachment":[{"href":"https:\/\/www.pussycatmerida.com\/eshop\/wp-json\/wp\/v2\/media?parent=25805"}],"wp:term":[{"taxonomy":"pwb-brand","embeddable":true,"href":"https:\/\/www.pussycatmerida.com\/eshop\/wp-json\/wp\/v2\/pwb-brand?post=25805"},{"taxonomy":"product_brand","embeddable":true,"href":"https:\/\/www.pussycatmerida.com\/eshop\/wp-json\/wp\/v2\/product_brand?post=25805"},{"taxonomy":"product_cat","embeddable":true,"href":"https:\/\/www.pussycatmerida.com\/eshop\/wp-json\/wp\/v2\/product_cat?post=25805"},{"taxonomy":"product_tag","embeddable":true,"href":"https:\/\/www.pussycatmerida.com\/eshop\/wp-json\/wp\/v2\/product_tag?post=25805"}],"curies":[{"name":"wp","href":"https:\/\/api.w.org\/{rel}","templated":true}]}}