{"id":26484,"date":"2021-03-01T13:08:33","date_gmt":"2021-03-01T11:08:33","guid":{"rendered":"https:\/\/www.pussycatmerida.com\/eshop\/product\/pretty-love-maxwell-dedal-con-vibracion\/"},"modified":"2026-03-11T12:38:06","modified_gmt":"2026-03-11T11:38:06","slug":"pretty-love-maxwell-dedal-con-vibracion","status":"publish","type":"product","link":"https:\/\/www.pussycatmerida.com\/eshop\/producto\/pretty-love-maxwell-dedal-con-vibracion\/","title":{"rendered":"PRETTY LOVE MAXWELL DEDAL CON VIBRACION"},"content":{"rendered":"<p>Este vibrador dedal es ideal para ti y para experimentar con tu pareja.\u00a0El poder de tu juguete sexual est\u00e1 al alcance de tus dedos. Introduce\u00a0tu dedo en el peque\u00f1o y elegante juguete para disfrutar del placer\u00a0donde\u00a0desees.<\/p>\n<p>Caracter\u00edsticas:\u00a0<\/p>\n<ul>\n<li>Estimulador dedal\u00a0Adonis\u00a0<\/li>\n<li>Vibraciones potentes\u00a0<\/li>\n<li>Material: Silicona y ABS\u00a0<\/li>\n<li>Peque\u00f1o y port\u00e1til\u00a0<\/li>\n<li>Silicona suave<\/li>\n<li>Medidas: Ver foto\u00a0<\/li>\n<li>Bater\u00edas: 3xLRR41<\/li>\n<\/ul>\n<p><span style=\"font-size: 10pt; line-height: 14.2667px; font-family: Arial, sans-serif;\">Pretty Love fabrica productos de alta calidad. Tienen 1 a\u00f1o de garant\u00eda en defectos t\u00e9cnicos.<\/span><\/p>\n","protected":false},"excerpt":{"rendered":"<p>PRETTY LOVE MAXWELL FINGERING VIBRATOR<\/p>\n","protected":false},"featured_media":61315,"template":"","meta":[],"pwb-brand":[509,213],"product_brand":[],"product_cat":[288,274,434],"product_tag":[],"class_list":{"0":"post-26484","1":"product","2":"type-product","3":"status-publish","4":"has-post-thumbnail","6":"pwb-brand-pretty-loveflirtation","7":"pwb-brand-pretty-love","8":"product_cat-juguetes-sexuales-xxxestimuladores","9":"product_cat-juguetes-sexuales-xxx","10":"product_cat-juguetes-sexuales-xxxestimuladorespara-clitoris","11":"post_count_is_0","12":"boutique_post_style_4","14":"first","15":"instock","16":"taxable","17":"shipping-taxable","18":"purchasable","19":"product-type-simple","20":"boutique_image_style_2"},"brands":[{"id":509,"name":"FLIRTATION","slug":"pretty-loveflirtation"},{"id":213,"name":"PRETTY LOVE","slug":"pretty-love"}],"_links":{"self":[{"href":"https:\/\/www.pussycatmerida.com\/eshop\/wp-json\/wp\/v2\/product\/26484","targetHints":{"allow":["GET"]}}],"collection":[{"href":"https:\/\/www.pussycatmerida.com\/eshop\/wp-json\/wp\/v2\/product"}],"about":[{"href":"https:\/\/www.pussycatmerida.com\/eshop\/wp-json\/wp\/v2\/types\/product"}],"wp:featuredmedia":[{"embeddable":true,"href":"https:\/\/www.pussycatmerida.com\/eshop\/wp-json\/wp\/v2\/media\/61315"}],"wp:attachment":[{"href":"https:\/\/www.pussycatmerida.com\/eshop\/wp-json\/wp\/v2\/media?parent=26484"}],"wp:term":[{"taxonomy":"pwb-brand","embeddable":true,"href":"https:\/\/www.pussycatmerida.com\/eshop\/wp-json\/wp\/v2\/pwb-brand?post=26484"},{"taxonomy":"product_brand","embeddable":true,"href":"https:\/\/www.pussycatmerida.com\/eshop\/wp-json\/wp\/v2\/product_brand?post=26484"},{"taxonomy":"product_cat","embeddable":true,"href":"https:\/\/www.pussycatmerida.com\/eshop\/wp-json\/wp\/v2\/product_cat?post=26484"},{"taxonomy":"product_tag","embeddable":true,"href":"https:\/\/www.pussycatmerida.com\/eshop\/wp-json\/wp\/v2\/product_tag?post=26484"}],"curies":[{"name":"wp","href":"https:\/\/api.w.org\/{rel}","templated":true}]}}