{"id":27423,"date":"2021-03-01T13:09:47","date_gmt":"2021-03-01T11:09:47","guid":{"rendered":"https:\/\/www.pussycatmerida.com\/eshop\/product\/satisfyer-luxury-pret-a-porter\/"},"modified":"2026-03-11T12:40:52","modified_gmt":"2026-03-11T11:40:52","slug":"satisfyer-luxury-pret-a-porter","status":"publish","type":"product","link":"https:\/\/www.pussycatmerida.com\/eshop\/producto\/satisfyer-luxury-pret-a-porter\/","title":{"rendered":"SATISFYER LUXURY PRET A PORTER"},"content":{"rendered":"<p>Tus tacones favoritos en 3 colores diferentes, lencer\u00eda de la mejor seda o el nuevo Satisfyer Luxury Pr\u00eat-\u00e0-porter de silicona l\u00edquida m\u00e9dica extrasuave, combinada con piel negra aut\u00e9ntica y detalles de metal genuino, \u00a1simplemente porque puedes! Te van los dise\u00f1os lujosos, los materiales elegantes y ese toque extra de glamur? En ese caso, esta elegante pieza de la nueva colecci\u00f3n Satisfyer Luxury es el complemento perfecto para tu colecci\u00f3n de juguetes sexuales<\/p>\n<p>El anillo de silicona l\u00edquida m\u00e9dica extrasuave rodea con suave elegancia tu bot\u00f3n del amor y le acaricia provocando la maravillosa estimulaci\u00f3n de las ondas de presi\u00f3n Satisfyer. De manejo intuitivo, puedes elegir tu intensidad preferida de entre las 11 disponibles y disfrutar de una deliciosa estimulaci\u00f3n sin contacto del cl\u00edtoris. La forma ergon\u00f3mica de Satisfyer Luxury Pr\u00eat-\u00e0-porter se adapta perfectamente a la mano y, gracias a la sensual textura de su elegante superficie de piel, proporciona un placer majestuoso acompa\u00f1ado de un tacto suave y flexible. Los elementos en rosa dorado de metal aut\u00e9ntico y el cuerpo satinado en un delicado tono rosado culminan el lujoso dise\u00f1o.<\/p>\n<p>El cabezal es de silicona m\u00e9dica lisa y sedosa. El complemento flexible se adapta de manera ergon\u00f3mica y rodea el cl\u00edtoris con gran delicadeza y precisi\u00f3n. El juguete puede limpiarse \u00edntegramente sin problemas con un pa\u00f1o h\u00famedo. Para proteger la piel, a pesar de que el complemento sea impermeable, es recomendable retirarlo y realizar una limpieza minuciosa con agua caliente y jab\u00f3n. A continuaci\u00f3n, solo tienes que aplicar un par de pulverizaciones de Toycleaner desinfectante para obtener una higiene perfecta, preferiblemente con el espray desinfectante espec\u00edfico.<\/p>\n<ul>\n<li>Succionador de cl\u00edtoris<\/li>\n<li>Forma ergon\u00f3mica<\/li>\n<li>Estimulaci\u00f3n del punto G<\/li>\n<li>Impermeable<\/li>\n<li>Silicona + ABS<\/li>\n<li>Recargable por USB (incluido)<\/li>\n<li>Medidas: 20 cm x 9.6 cm<\/li>\n<\/ul>\n","protected":false},"excerpt":{"rendered":"<p>SATISFYER LUXURY PRET A PORTER<\/p>\n","protected":false},"featured_media":61374,"template":"","meta":[],"pwb-brand":[43],"product_brand":[],"product_cat":[274,885],"product_tag":[],"class_list":{"0":"post-27423","1":"product","2":"type-product","3":"status-publish","4":"has-post-thumbnail","6":"pwb-brand-satisfyer","7":"product_cat-juguetes-sexuales-xxx","8":"product_cat-succionadores","9":"post_count_is_0","10":"boutique_post_style_4","12":"first","13":"instock","14":"taxable","15":"shipping-taxable","16":"purchasable","17":"product-type-simple","18":"boutique_image_style_2"},"brands":[{"id":43,"name":"SATISFYER","slug":"satisfyer"}],"_links":{"self":[{"href":"https:\/\/www.pussycatmerida.com\/eshop\/wp-json\/wp\/v2\/product\/27423","targetHints":{"allow":["GET"]}}],"collection":[{"href":"https:\/\/www.pussycatmerida.com\/eshop\/wp-json\/wp\/v2\/product"}],"about":[{"href":"https:\/\/www.pussycatmerida.com\/eshop\/wp-json\/wp\/v2\/types\/product"}],"wp:featuredmedia":[{"embeddable":true,"href":"https:\/\/www.pussycatmerida.com\/eshop\/wp-json\/wp\/v2\/media\/61374"}],"wp:attachment":[{"href":"https:\/\/www.pussycatmerida.com\/eshop\/wp-json\/wp\/v2\/media?parent=27423"}],"wp:term":[{"taxonomy":"pwb-brand","embeddable":true,"href":"https:\/\/www.pussycatmerida.com\/eshop\/wp-json\/wp\/v2\/pwb-brand?post=27423"},{"taxonomy":"product_brand","embeddable":true,"href":"https:\/\/www.pussycatmerida.com\/eshop\/wp-json\/wp\/v2\/product_brand?post=27423"},{"taxonomy":"product_cat","embeddable":true,"href":"https:\/\/www.pussycatmerida.com\/eshop\/wp-json\/wp\/v2\/product_cat?post=27423"},{"taxonomy":"product_tag","embeddable":true,"href":"https:\/\/www.pussycatmerida.com\/eshop\/wp-json\/wp\/v2\/product_tag?post=27423"}],"curies":[{"name":"wp","href":"https:\/\/api.w.org\/{rel}","templated":true}]}}