{"id":27514,"date":"2021-02-26T14:08:19","date_gmt":"2021-02-26T12:08:19","guid":{"rendered":"https:\/\/www.pussycatmerida.com\/eshop\/product\/clitherapy-balsamo-clitoris-sexting-balm\/"},"modified":"2026-03-11T12:26:34","modified_gmt":"2026-03-11T11:26:34","slug":"clitherapy-balsamo-clitoris-sexting-balm","status":"publish","type":"product","link":"https:\/\/www.pussycatmerida.com\/eshop\/producto\/clitherapy-balsamo-clitoris-sexting-balm\/","title":{"rendered":"CLITHERAPY BALSAMO CLITORIS SEXTING BALM"},"content":{"rendered":"<p>En la era digital, los dedos bien entrenados sirven para algo m\u00e1s que para deslizarlos en las apps de citas. Aplica una peque\u00f1a cantidad de este b\u00e1lsamo directamente en el cl\u00edtoris y masajea suavemente. Empezar\u00e1s a notar su efecto calor a los pocos segundos.<\/p>\n<p>\u00a1Disfruta! SEXTING BALM Lee r\u00e1pido, escribe r\u00e1pido, c\u00f3rrete r\u00e1pido. Cuando sujetas el m\u00f3vil con una mano, no viene mal un poco de ayuda en la otra.<\/p>\n<ul>\n<li>Contenido: b\u00e1lsamo perfumado para el cl\u00edtoris.<\/li>\n<li>Efecto calor.<\/li>\n<li>Peso: 8gr<\/li>\n<\/ul>\n","protected":false},"excerpt":{"rendered":"<p>CLITERAPHY CLIT BALSAM SEXTING BALM<\/p>\n","protected":false},"featured_media":46128,"template":"","meta":[],"pwb-brand":[51,760],"product_brand":[],"product_cat":[359,361],"product_tag":[],"class_list":{"0":"post-27514","1":"product","2":"type-product","3":"status-publish","4":"has-post-thumbnail","6":"pwb-brand-bijoux-indiscrets","7":"pwb-brand-bijoux-indiscretsclitherapy","8":"product_cat-aceites-y-lubricantesorgasmo-femenino","9":"product_cat-aceites-y-lubricantesorgasmo-femeninopotenciador-orgasmo-femenino","10":"post_count_is_0","11":"boutique_post_style_4","13":"first","14":"instock","15":"taxable","16":"shipping-taxable","17":"purchasable","18":"product-type-simple","19":"boutique_image_style_2"},"brands":[{"id":51,"name":"BIJOUX INDISCRETS","slug":"bijoux-indiscrets"},{"id":760,"name":"CLITHERAPY","slug":"bijoux-indiscretsclitherapy"}],"_links":{"self":[{"href":"https:\/\/www.pussycatmerida.com\/eshop\/wp-json\/wp\/v2\/product\/27514","targetHints":{"allow":["GET"]}}],"collection":[{"href":"https:\/\/www.pussycatmerida.com\/eshop\/wp-json\/wp\/v2\/product"}],"about":[{"href":"https:\/\/www.pussycatmerida.com\/eshop\/wp-json\/wp\/v2\/types\/product"}],"wp:featuredmedia":[{"embeddable":true,"href":"https:\/\/www.pussycatmerida.com\/eshop\/wp-json\/wp\/v2\/media\/46128"}],"wp:attachment":[{"href":"https:\/\/www.pussycatmerida.com\/eshop\/wp-json\/wp\/v2\/media?parent=27514"}],"wp:term":[{"taxonomy":"pwb-brand","embeddable":true,"href":"https:\/\/www.pussycatmerida.com\/eshop\/wp-json\/wp\/v2\/pwb-brand?post=27514"},{"taxonomy":"product_brand","embeddable":true,"href":"https:\/\/www.pussycatmerida.com\/eshop\/wp-json\/wp\/v2\/product_brand?post=27514"},{"taxonomy":"product_cat","embeddable":true,"href":"https:\/\/www.pussycatmerida.com\/eshop\/wp-json\/wp\/v2\/product_cat?post=27514"},{"taxonomy":"product_tag","embeddable":true,"href":"https:\/\/www.pussycatmerida.com\/eshop\/wp-json\/wp\/v2\/product_tag?post=27514"}],"curies":[{"name":"wp","href":"https:\/\/api.w.org\/{rel}","templated":true}]}}