{"id":27619,"date":"2021-02-26T10:45:36","date_gmt":"2021-02-26T08:45:36","guid":{"rendered":"https:\/\/www.pussycatmerida.com\/eshop\/product\/intense-sonny-vibrador-negro\/"},"modified":"2026-03-11T12:38:06","modified_gmt":"2026-03-11T11:38:06","slug":"intense-sonny-vibrador-negro","status":"publish","type":"product","link":"https:\/\/www.pussycatmerida.com\/eshop\/producto\/intense-sonny-vibrador-negro\/","title":{"rendered":"INTENSE SONNY VIBRADOR NEGRO"},"content":{"rendered":"<p>El eje y la punta curva de 13.5cm de Sonny son excelentes para identificar zonas de placer como el cl\u00edtoris, los pezones, el perineo, la cabeza del pene y cualquier otra zona er\u00f3gena que el usuario desee.<\/p>\n<p>Cl\u00e1sico, simple y construido para el placer, este masajeador amigable con los viajes tiene mucho impacto. Opera con un simple bot\u00f3n de clic, la curva cl\u00e1sica de los vibradores basic tiene 1 funci\u00f3n potente de vibraci\u00f3n<\/p>\n<p>Hecho con pl\u00e1stico ABS no poroso, libra de phalatos testado dermatol\u00f3gicamente, es f\u00e1cil de limpiar y vers\u00e1til a la hora de elegir lubricantes.<\/p>\n<p>Se recomienda utilizarlo con un lubricante base de agua de la marca Waterfeel y finalizar con una limpieza a base agua y jab\u00f3n ph neutro adem\u00e1s de utilizar el spray toycleaner de waterfeel que complementa la limpieza extrema.<\/p>\n<ul>\n<li>Silencioso<\/li>\n<li>Material; Abs<\/li>\n<li>Potente<\/li>\n<li>Funciona con 1 Pila AA no incluida<\/li>\n<li>13.5 Centimetros longitud x 2.5cm di\u00e1metro<\/li>\n<\/ul>\n","protected":false},"excerpt":{"rendered":"<p>INTENSE SONNY VIBRATOR BLACK<\/p>\n","protected":false},"featured_media":39655,"template":"","meta":[],"pwb-brand":[146,518,465],"product_brand":[],"product_cat":[288,274,299],"product_tag":[],"class_list":{"0":"post-27619","1":"product","2":"type-product","3":"status-publish","4":"has-post-thumbnail","6":"pwb-brand-intense","7":"pwb-brand-intenseintense-toysintense-fun","8":"pwb-brand-intenseintense-toys","9":"product_cat-juguetes-sexuales-xxxestimuladores","10":"product_cat-juguetes-sexuales-xxx","11":"product_cat-juguetes-sexuales-xxxvibradores","12":"post_count_is_0","13":"boutique_post_style_4","15":"first","16":"instock","17":"taxable","18":"shipping-taxable","19":"purchasable","20":"product-type-simple","21":"boutique_image_style_2"},"brands":[{"id":146,"name":"INTENSE","slug":"intense"},{"id":518,"name":"INTENSE FUN","slug":"intenseintense-toysintense-fun"},{"id":465,"name":"INTENSE TOYS","slug":"intenseintense-toys"}],"_links":{"self":[{"href":"https:\/\/www.pussycatmerida.com\/eshop\/wp-json\/wp\/v2\/product\/27619","targetHints":{"allow":["GET"]}}],"collection":[{"href":"https:\/\/www.pussycatmerida.com\/eshop\/wp-json\/wp\/v2\/product"}],"about":[{"href":"https:\/\/www.pussycatmerida.com\/eshop\/wp-json\/wp\/v2\/types\/product"}],"wp:featuredmedia":[{"embeddable":true,"href":"https:\/\/www.pussycatmerida.com\/eshop\/wp-json\/wp\/v2\/media\/39655"}],"wp:attachment":[{"href":"https:\/\/www.pussycatmerida.com\/eshop\/wp-json\/wp\/v2\/media?parent=27619"}],"wp:term":[{"taxonomy":"pwb-brand","embeddable":true,"href":"https:\/\/www.pussycatmerida.com\/eshop\/wp-json\/wp\/v2\/pwb-brand?post=27619"},{"taxonomy":"product_brand","embeddable":true,"href":"https:\/\/www.pussycatmerida.com\/eshop\/wp-json\/wp\/v2\/product_brand?post=27619"},{"taxonomy":"product_cat","embeddable":true,"href":"https:\/\/www.pussycatmerida.com\/eshop\/wp-json\/wp\/v2\/product_cat?post=27619"},{"taxonomy":"product_tag","embeddable":true,"href":"https:\/\/www.pussycatmerida.com\/eshop\/wp-json\/wp\/v2\/product_tag?post=27619"}],"curies":[{"name":"wp","href":"https:\/\/api.w.org\/{rel}","templated":true}]}}