{"id":27799,"date":"2021-02-26T15:16:44","date_gmt":"2021-02-26T13:16:44","guid":{"rendered":"https:\/\/www.pussycatmerida.com\/eshop\/product\/darkness-esposas-y-collar-de-cuero-negro\/"},"modified":"2026-03-11T12:39:01","modified_gmt":"2026-03-11T11:39:01","slug":"darkness-esposas-y-collar-de-cuero-negro","status":"publish","type":"product","link":"https:\/\/www.pussycatmerida.com\/eshop\/producto\/darkness-esposas-y-collar-de-cuero-negro\/","title":{"rendered":"DARKNESS ESPOSAS Y COLLAR DE CUERO NEGRO"},"content":{"rendered":"<p>Est\u00e1 buscando una combinaci\u00f3n de collar, esposas y correa que le sirva para todo y que sea lo suficientemente fuerte como para resistir los juegos m\u00e1s intensos? No busque m\u00e1s. \u00a1El collar y las esposas de cuero de Darkenes son c\u00f3modos, pero tambi\u00e9n son incre\u00edblemente seguros y disponen de correas de piel de primera calidad con un elegante pespunte a lo largo de las mismas! Con las correas para las esposas y con los cierres de presi\u00f3n para el collar, ajustar su tama\u00f1o es muy sencillo y se adapta a casi cualquier talla. El clip en los soportes de cadena y los<\/p>\n<ul>\n<li>Fabricado en CUERO\u00a0leather altamente resistente.<\/li>\n<\/ul>\n<p>Darkness es una marca de nueva generaci\u00f3n 2020, todos nuestros materiales son de excelente calidad asegurando que la fabricaci\u00f3n compromete un resultado perfecto para principiantes o avanzados que le gusta el mundo Fetish o bdsm.<\/p>\n<p style=\"text-align: center;\"><iframe loading=\"lazy\" allow=\"accelerometer; autoplay; encrypted-media; gyroscope; picture-in-picture\" allowfullscreen=\"\" frameborder=\"0\" height=\"350\" scrolling=\"no\" src=\"https:\/\/www.youtube-nocookie.com\/embed\/zyzIGE1qUy0\" width=\"800\"><\/iframe><\/p>\n","protected":false},"excerpt":{"rendered":"<p>DARKNESS LEATHER AND HANDCUFFS BLACK<\/p>\n","protected":false},"featured_media":51183,"template":"","meta":[],"pwb-brand":[467,474],"product_brand":[],"product_cat":[390,282,274,290,389],"product_tag":[],"class_list":{"0":"post-27799","1":"product","2":"type-product","3":"status-publish","4":"has-post-thumbnail","6":"pwb-brand-darkness","7":"pwb-brand-darknessdarkness-bondage","8":"product_cat-juguetes-sexuales-xxxfetish-bondageesposas","9":"product_cat-juguetes-sexuales-xxxfetish-bondage","10":"product_cat-juguetes-sexuales-xxx","11":"product_cat-juguetes-sexuales-xxxkits-juguetes-sexuales","12":"product_cat-juguetes-sexuales-xxxmascaras-y-esposas","13":"post_count_is_0","14":"boutique_post_style_4","16":"first","17":"instock","18":"taxable","19":"shipping-taxable","20":"purchasable","21":"product-type-simple","22":"boutique_image_style_2"},"brands":[{"id":467,"name":"DARKNESS","slug":"darkness"},{"id":474,"name":"DARKNESS BONDAGE","slug":"darknessdarkness-bondage"}],"_links":{"self":[{"href":"https:\/\/www.pussycatmerida.com\/eshop\/wp-json\/wp\/v2\/product\/27799","targetHints":{"allow":["GET"]}}],"collection":[{"href":"https:\/\/www.pussycatmerida.com\/eshop\/wp-json\/wp\/v2\/product"}],"about":[{"href":"https:\/\/www.pussycatmerida.com\/eshop\/wp-json\/wp\/v2\/types\/product"}],"wp:featuredmedia":[{"embeddable":true,"href":"https:\/\/www.pussycatmerida.com\/eshop\/wp-json\/wp\/v2\/media\/51183"}],"wp:attachment":[{"href":"https:\/\/www.pussycatmerida.com\/eshop\/wp-json\/wp\/v2\/media?parent=27799"}],"wp:term":[{"taxonomy":"pwb-brand","embeddable":true,"href":"https:\/\/www.pussycatmerida.com\/eshop\/wp-json\/wp\/v2\/pwb-brand?post=27799"},{"taxonomy":"product_brand","embeddable":true,"href":"https:\/\/www.pussycatmerida.com\/eshop\/wp-json\/wp\/v2\/product_brand?post=27799"},{"taxonomy":"product_cat","embeddable":true,"href":"https:\/\/www.pussycatmerida.com\/eshop\/wp-json\/wp\/v2\/product_cat?post=27799"},{"taxonomy":"product_tag","embeddable":true,"href":"https:\/\/www.pussycatmerida.com\/eshop\/wp-json\/wp\/v2\/product_tag?post=27799"}],"curies":[{"name":"wp","href":"https:\/\/api.w.org\/{rel}","templated":true}]}}