{"id":27814,"date":"2021-03-05T14:06:51","date_gmt":"2021-03-05T12:06:51","guid":{"rendered":"https:\/\/www.pussycatmerida.com\/eshop\/product\/fetish-submissive-arnes-doble-penetracion-flesh\/"},"modified":"2026-03-11T12:26:59","modified_gmt":"2026-03-11T11:26:59","slug":"fetish-submissive-arnes-doble-penetracion-flesh","status":"publish","type":"product","link":"https:\/\/www.pussycatmerida.com\/eshop\/producto\/fetish-submissive-arnes-doble-penetracion-flesh\/","title":{"rendered":"FETISH SUBMISSIVE ARN\u00c9S DOBLE PENETRACI\u00d3N FLESH"},"content":{"rendered":"<p>Arn\u00e9s doble penetraci\u00f3n ajustable a cualquier talla de cadera, incluso las m\u00e1s grandes. El dildo est\u00e1 fabricado en silicona de primera calidad.<\/p>\n<p>La silicona de grado medico certificada hipoalerg\u00e9nica destaca por su tacto sedoso y su excelente capacidad de deslizamiento. Para que puedas disfrutar de tu nuevo amigo durante mucho tiempo, es recomendable que utilices un lubricante a base de agua waterfeel en tus juegos m\u00e1s h\u00famedos. As\u00ed proteges el material y la superficie se mantiene sedosa. Puedes lavar tu juguete muy f\u00e1cilmente con agua y un jab\u00f3n suave. Para una higiene m\u00e1s minuciosa, utiliza tambi\u00e9n un limpiador desinfectante especial para juguetes sexuales como Waterfeel o Nina kik\u00ed toy cleaner.<\/p>\n<p>El resto de materiales que componen el arn\u00e9s es Abs con detalles de Metal.<\/p>\n<ul>\n<li>Ambos dildos tienen una longitud de 21cm el mayor y 11 cm el menor.<\/li>\n<li>Talla \u00fanica, se adapta a todos.<\/li>\n<\/ul>\n<p>Dise\u00f1ado espec\u00edficamente para mujeres que desean realizar penetraciones, sobre hombres o mujeres indistintamente.<\/p>\n","protected":false},"excerpt":{"rendered":"<p>FETISH SUBMISSIVE DOUBLE PENETRIX STRAP-ON FLESH<\/p>\n","protected":false},"featured_media":32658,"template":"","meta":[],"pwb-brand":[482,483],"product_brand":[],"product_cat":[918,278,274],"product_tag":[],"class_list":{"0":"post-27814","1":"product","2":"type-product","3":"status-publish","4":"has-post-thumbnail","6":"pwb-brand-fetish-submissive","7":"pwb-brand-fetish-submissivefetish-submissive-harness","8":"product_cat-arnes-doble","9":"product_cat-juguetes-sexuales-xxxarneses","10":"product_cat-juguetes-sexuales-xxx","11":"post_count_is_0","12":"boutique_post_style_4","14":"first","15":"instock","16":"taxable","17":"shipping-taxable","18":"purchasable","19":"product-type-simple","20":"boutique_image_style_2"},"brands":[{"id":482,"name":"FETISH SUBMISSIVE","slug":"fetish-submissive"},{"id":483,"name":"FETISH SUBMISSIVE HARNESS","slug":"fetish-submissivefetish-submissive-harness"}],"_links":{"self":[{"href":"https:\/\/www.pussycatmerida.com\/eshop\/wp-json\/wp\/v2\/product\/27814","targetHints":{"allow":["GET"]}}],"collection":[{"href":"https:\/\/www.pussycatmerida.com\/eshop\/wp-json\/wp\/v2\/product"}],"about":[{"href":"https:\/\/www.pussycatmerida.com\/eshop\/wp-json\/wp\/v2\/types\/product"}],"wp:featuredmedia":[{"embeddable":true,"href":"https:\/\/www.pussycatmerida.com\/eshop\/wp-json\/wp\/v2\/media\/32658"}],"wp:attachment":[{"href":"https:\/\/www.pussycatmerida.com\/eshop\/wp-json\/wp\/v2\/media?parent=27814"}],"wp:term":[{"taxonomy":"pwb-brand","embeddable":true,"href":"https:\/\/www.pussycatmerida.com\/eshop\/wp-json\/wp\/v2\/pwb-brand?post=27814"},{"taxonomy":"product_brand","embeddable":true,"href":"https:\/\/www.pussycatmerida.com\/eshop\/wp-json\/wp\/v2\/product_brand?post=27814"},{"taxonomy":"product_cat","embeddable":true,"href":"https:\/\/www.pussycatmerida.com\/eshop\/wp-json\/wp\/v2\/product_cat?post=27814"},{"taxonomy":"product_tag","embeddable":true,"href":"https:\/\/www.pussycatmerida.com\/eshop\/wp-json\/wp\/v2\/product_tag?post=27814"}],"curies":[{"name":"wp","href":"https:\/\/api.w.org\/{rel}","templated":true}]}}