{"id":27934,"date":"2021-02-26T14:26:23","date_gmt":"2021-02-26T12:26:23","guid":{"rendered":"https:\/\/www.pussycatmerida.com\/eshop\/product\/secretplay-lip-gloss-vibrant-kiss-menta\/"},"modified":"2026-03-11T12:38:42","modified_gmt":"2026-03-11T11:38:42","slug":"secretplay-lip-gloss-vibrant-kiss-menta","status":"publish","type":"product","link":"https:\/\/www.pussycatmerida.com\/eshop\/producto\/secretplay-lip-gloss-vibrant-kiss-menta\/","title":{"rendered":"SECRETPLAY LIP GLOSS VIBRANT KISS &#8211; MENTA"},"content":{"rendered":"<p>Disfruta de este lip gloss con el que podr\u00e1s experimentar sensaciones inimaginables de placer aplicando en tus labios una peque\u00f1a dosis de este gloss y viceversa. Lo que hace que este gloss sea tan atractivo es que contiene ondas de vibraci\u00f3n que sentir\u00e1s unos segundos despu\u00e9s de aplicarlo en los labios y que la otra persona tambi\u00e9n sentir\u00e1 en la zona \u00edntima al realizarle el sexo oral. Una sensaci\u00f3n de explosi\u00f3n para ambos a la que no podr\u00e9is resistiros.<\/p>\n<p>Sus ondas de vibraci\u00f3n producen un placentero cosquilleo que contribuye a la estimulaci\u00f3n de los sentidos y aumenta la sensibilidad, incrementando el placer. Alguna vez pensaste que llegar\u00eda a tu vida un gloss como este que har\u00eda que te guste a\u00fan m\u00e1s el sexo oral?<\/p>\n<p>Adem\u00e1s puedes elegir entre 6 deliciosos sabores que son 100% comestibles, por lo que podr\u00e1s degustar el sabor que m\u00e1s te guste mientras te derrites de placer en unos preliminares que os conducir\u00e1n a un orgasmo inolvidable. Adem\u00e1s no tan solo ten\u00e9is que utilizarlo para sexo oral, sino tambi\u00e9n para besos de lo m\u00e1s vibrantes.<\/p>\n<p>Caracter\u00edsticas:<\/p>\n<ul>\n<li>Envase: 6 gr<\/li>\n<li>Sabor: Menta<\/li>\n<li>Base glicerina<\/li>\n<li>Compatible con preservativos y juguetes<\/li>\n<li>100 % comestible<\/li>\n<li>Agitar antes de usar<\/li>\n<li>Fabricado en Espa\u00f1a<\/li>\n<\/ul>\n","protected":false},"excerpt":{"rendered":"<p>SECRETPLAY LIP GLOSS VIBRANT KISS &#8211; MINT<\/p>\n","protected":false},"featured_media":46794,"template":"","meta":[],"pwb-brand":[498,682],"product_brand":[],"product_cat":[337,913],"product_tag":[],"class_list":{"0":"post-27934","1":"product","2":"type-product","3":"status-publish","4":"has-post-thumbnail","6":"pwb-brand-secretplay","7":"pwb-brand-secretplaysecretplay-cosmetic","8":"product_cat-aceites-y-lubricantes","9":"product_cat-sexo-oral","10":"post_count_is_0","11":"boutique_post_style_4","13":"first","14":"instock","15":"taxable","16":"shipping-taxable","17":"purchasable","18":"product-type-simple","19":"boutique_image_style_2"},"brands":[{"id":498,"name":"SECRETPLAY","slug":"secretplay"},{"id":682,"name":"SECRETPLAY COSMETIC","slug":"secretplaysecretplay-cosmetic"}],"_links":{"self":[{"href":"https:\/\/www.pussycatmerida.com\/eshop\/wp-json\/wp\/v2\/product\/27934","targetHints":{"allow":["GET"]}}],"collection":[{"href":"https:\/\/www.pussycatmerida.com\/eshop\/wp-json\/wp\/v2\/product"}],"about":[{"href":"https:\/\/www.pussycatmerida.com\/eshop\/wp-json\/wp\/v2\/types\/product"}],"wp:featuredmedia":[{"embeddable":true,"href":"https:\/\/www.pussycatmerida.com\/eshop\/wp-json\/wp\/v2\/media\/46794"}],"wp:attachment":[{"href":"https:\/\/www.pussycatmerida.com\/eshop\/wp-json\/wp\/v2\/media?parent=27934"}],"wp:term":[{"taxonomy":"pwb-brand","embeddable":true,"href":"https:\/\/www.pussycatmerida.com\/eshop\/wp-json\/wp\/v2\/pwb-brand?post=27934"},{"taxonomy":"product_brand","embeddable":true,"href":"https:\/\/www.pussycatmerida.com\/eshop\/wp-json\/wp\/v2\/product_brand?post=27934"},{"taxonomy":"product_cat","embeddable":true,"href":"https:\/\/www.pussycatmerida.com\/eshop\/wp-json\/wp\/v2\/product_cat?post=27934"},{"taxonomy":"product_tag","embeddable":true,"href":"https:\/\/www.pussycatmerida.com\/eshop\/wp-json\/wp\/v2\/product_tag?post=27934"}],"curies":[{"name":"wp","href":"https:\/\/api.w.org\/{rel}","templated":true}]}}