{"id":27938,"date":"2021-03-01T13:11:10","date_gmt":"2021-03-01T11:11:10","guid":{"rendered":"https:\/\/www.pussycatmerida.com\/eshop\/product\/lelo-estimulador-clitoris-sona-2-cereza\/"},"modified":"2026-03-11T12:38:08","modified_gmt":"2026-03-11T11:38:08","slug":"lelo-estimulador-clitoris-sona-2-cereza","status":"publish","type":"product","link":"https:\/\/www.pussycatmerida.com\/eshop\/producto\/lelo-estimulador-clitoris-sona-2-cereza\/","title":{"rendered":"LELO ESTIMULADOR CLITORIS SONA 2 CEREZA"},"content":{"rendered":"<p>Uno de los mayores \u00e9xitos de Lelo presenta ahora a su hermano mayor, el SONA 2. La nueva generaci\u00f3n del redefinido Climax<\/p>\n<p>Es m\u00e1s grande, m\u00e1s atrevido\u00a0<\/p>\n<p>Por qu\u00e9 lo amar\u00e1s:\u00a0<\/p>\n<p>Estimulaci\u00f3n por ondas sin contacto directo.\u00a0<\/p>\n<ul>\n<li>Las ondas del Sona 2 ofrecen un sutil e increible estimulaci\u00f3n sobre el cl\u00edtoris que proporcionar\u00e1 un placer como nunca antes.\u00a0<\/li>\n<\/ul>\n<p>Mayor superficie para un palcer m\u00f1as profundo.\u00a0<\/p>\n<ul>\n<li>M\u00e1s suave, mas profundo y una boquilla mayor para una satisfacci\u00f3n tanto por dentro como fuera.\u00a0<\/li>\n<\/ul>\n<p>Silicona extra suave<\/p>\n<ul>\n<li>\u00a0Silicona ultra suave premium body safe\u00a0<\/li>\n<\/ul>\n<p>Caracter\u00edsticas:\u00a0<\/p>\n<ul>\n<li>12 modos de vibraci\u00f3n\u00a0<\/li>\n<li>100% sumergible completamente recargable por USB\u00a0<\/li>\n<li>Sutil,\u00a0potente y hecho con silicona premium\u00a0<\/li>\n<li>Dimensiones: 99 x 87 x 56mm\u00a0<\/li>\n<\/ul>\n<p>\u00a0<\/p>\n<p>\u00a0<\/p>\n","protected":false},"excerpt":{"rendered":"<p>LELO SONA 2 CLIT STIMULATING CERISE<\/p>\n","protected":false},"featured_media":61467,"template":"","meta":[],"pwb-brand":[40],"product_brand":[],"product_cat":[275,274,885],"product_tag":[],"class_list":{"0":"post-27938","1":"product","2":"type-product","3":"status-publish","4":"has-post-thumbnail","6":"pwb-brand-lelo","7":"product_cat-juguetes-sexuales-xxxacuaticos","8":"product_cat-juguetes-sexuales-xxx","9":"product_cat-succionadores","10":"post_count_is_0","11":"boutique_post_style_4","13":"first","14":"instock","15":"taxable","16":"shipping-taxable","17":"purchasable","18":"product-type-simple","19":"boutique_image_style_2"},"brands":[{"id":40,"name":"LELO","slug":"lelo"}],"_links":{"self":[{"href":"https:\/\/www.pussycatmerida.com\/eshop\/wp-json\/wp\/v2\/product\/27938","targetHints":{"allow":["GET"]}}],"collection":[{"href":"https:\/\/www.pussycatmerida.com\/eshop\/wp-json\/wp\/v2\/product"}],"about":[{"href":"https:\/\/www.pussycatmerida.com\/eshop\/wp-json\/wp\/v2\/types\/product"}],"wp:featuredmedia":[{"embeddable":true,"href":"https:\/\/www.pussycatmerida.com\/eshop\/wp-json\/wp\/v2\/media\/61467"}],"wp:attachment":[{"href":"https:\/\/www.pussycatmerida.com\/eshop\/wp-json\/wp\/v2\/media?parent=27938"}],"wp:term":[{"taxonomy":"pwb-brand","embeddable":true,"href":"https:\/\/www.pussycatmerida.com\/eshop\/wp-json\/wp\/v2\/pwb-brand?post=27938"},{"taxonomy":"product_brand","embeddable":true,"href":"https:\/\/www.pussycatmerida.com\/eshop\/wp-json\/wp\/v2\/product_brand?post=27938"},{"taxonomy":"product_cat","embeddable":true,"href":"https:\/\/www.pussycatmerida.com\/eshop\/wp-json\/wp\/v2\/product_cat?post=27938"},{"taxonomy":"product_tag","embeddable":true,"href":"https:\/\/www.pussycatmerida.com\/eshop\/wp-json\/wp\/v2\/product_tag?post=27938"}],"curies":[{"name":"wp","href":"https:\/\/api.w.org\/{rel}","templated":true}]}}