{"id":28572,"date":"2021-03-01T13:34:13","date_gmt":"2021-03-01T11:34:13","guid":{"rendered":"https:\/\/www.pussycatmerida.com\/eshop\/product\/secretplay-scratch-sex-juego-parejas-posturas-lesbicas-es-en-fr-pt-de\/"},"modified":"2026-03-11T12:26:55","modified_gmt":"2026-03-11T11:26:55","slug":"secretplay-scratch-sex-juego-parejas-posturas-lesbicas-es-en-fr-pt-de","status":"publish","type":"product","link":"https:\/\/www.pussycatmerida.com\/eshop\/producto\/secretplay-scratch-sex-juego-parejas-posturas-lesbicas-es-en-fr-pt-de\/","title":{"rendered":"SECRETPLAY SCRATCH  SEX JUEGO PAREJAS POSTURAS LESBICAS (ES\/EN\/FR\/PT\/DE)"},"content":{"rendered":"<p>El juego \u00abScratch  Sex\u00bb de Secret Play es el cl\u00e1sico juego del rasca y gana pero con premios de lo m\u00e1s picantes.<\/p>\n<p>Rasca una opci\u00f3n cada d\u00eda y si est\u00e1s de suerte, descubrir\u00e1s una postura nueva con la que disfrutar en pareja. Existen cuatro opciones diferentes a rascar para cada d\u00eda, teniendo 7 d\u00edas en total. Puedes terminar la tanda de una semana y luego volver a rascar desde el principio descubriendo las posturas restantes, permiti\u00e9ndote as\u00ed disfrutar de 4 semanas de juego.<\/p>\n<p>Scratch  Sex existe en tres versiones distintas, una para cada tipo de orientaci\u00f3n sexual. En este caso el rasca es L\u00c9SBICO<\/p>\n<ul>\n<li>Modalidad: Posturas l\u00e9sbicas<\/li>\n<li>Idiomas:\u00a0(ES\/EN\/FR\/PT\/DE)<\/li>\n<\/ul>\n","protected":false},"excerpt":{"rendered":"<p>SECRETPLAY SCRATCH  SEX LESBIAN GAME FOR COUPLES  (ES\/EN\/FR\/PT\/DE)<\/p>\n","protected":false},"featured_media":62894,"template":"","meta":[],"pwb-brand":[498,786],"product_brand":[],"product_cat":[375,442,376,443],"product_tag":[],"class_list":{"0":"post-28572","1":"product","2":"type-product","3":"status-publish","4":"has-post-thumbnail","6":"pwb-brand-secretplay","7":"pwb-brand-secretplaysecretplay-100-games","8":"product_cat-juegos","9":"product_cat-juegosjuegos-de-cartas","10":"product_cat-juegosjuegos-de-pareja","11":"product_cat-juegosjuegos-en-espanol","12":"post_count_is_0","13":"boutique_post_style_4","15":"first","16":"instock","17":"taxable","18":"shipping-taxable","19":"purchasable","20":"product-type-simple","21":"boutique_image_style_2"},"brands":[{"id":498,"name":"SECRETPLAY","slug":"secretplay"},{"id":786,"name":"SECRETPLAY 100% GAMES","slug":"secretplaysecretplay-100-games"}],"_links":{"self":[{"href":"https:\/\/www.pussycatmerida.com\/eshop\/wp-json\/wp\/v2\/product\/28572","targetHints":{"allow":["GET"]}}],"collection":[{"href":"https:\/\/www.pussycatmerida.com\/eshop\/wp-json\/wp\/v2\/product"}],"about":[{"href":"https:\/\/www.pussycatmerida.com\/eshop\/wp-json\/wp\/v2\/types\/product"}],"wp:featuredmedia":[{"embeddable":true,"href":"https:\/\/www.pussycatmerida.com\/eshop\/wp-json\/wp\/v2\/media\/62894"}],"wp:attachment":[{"href":"https:\/\/www.pussycatmerida.com\/eshop\/wp-json\/wp\/v2\/media?parent=28572"}],"wp:term":[{"taxonomy":"pwb-brand","embeddable":true,"href":"https:\/\/www.pussycatmerida.com\/eshop\/wp-json\/wp\/v2\/pwb-brand?post=28572"},{"taxonomy":"product_brand","embeddable":true,"href":"https:\/\/www.pussycatmerida.com\/eshop\/wp-json\/wp\/v2\/product_brand?post=28572"},{"taxonomy":"product_cat","embeddable":true,"href":"https:\/\/www.pussycatmerida.com\/eshop\/wp-json\/wp\/v2\/product_cat?post=28572"},{"taxonomy":"product_tag","embeddable":true,"href":"https:\/\/www.pussycatmerida.com\/eshop\/wp-json\/wp\/v2\/product_tag?post=28572"}],"curies":[{"name":"wp","href":"https:\/\/api.w.org\/{rel}","templated":true}]}}