{"id":28733,"date":"2021-02-26T15:37:35","date_gmt":"2021-02-26T13:37:35","guid":{"rendered":"https:\/\/www.pussycatmerida.com\/eshop\/product\/lelo-billy-2-negro\/"},"modified":"2026-03-11T12:27:49","modified_gmt":"2026-03-11T11:27:49","slug":"lelo-billy-2-negro","status":"publish","type":"product","link":"https:\/\/www.pussycatmerida.com\/eshop\/producto\/lelo-billy-2-negro\/","title":{"rendered":"LELO BILLY 2 NEGRO"},"content":{"rendered":"<p>La espera ha terminado. Tras 4 a\u00f1os, nos orgullecemos en presentaros el \u00faltimo producto de placer masculino: es Billy\u2122 2 y est\u00e1 aqu\u00ed para ofrecer los mejores orgasmos a todos los hombres. Y es que, finalmente, el tab\u00fa de la estimulaci\u00f3n anal se ha derribado y el mercado de masajeadores de pr\u00f3stata se ha extendido a muchos m\u00e1s usuarios. Los hombres no solo han descubierto los beneficios del masaje para su salud, sino que tambi\u00e9n est\u00e1n experimentando orgasmos m\u00e1s intensos. Billy\u2122 2 no solo es ideal para los conocedores, tambi\u00e9n es perfecto para principiantes. Caballeros, \u00fananse al club.<\/p>\n<p>Entra en la sociedad ilimitada de salud y placer masculino con Billy 2. Este exclusivo masajeador de pr\u00f3stata tiene 8 modos de vibraci\u00f3n e incluso m\u00e1s potencia que su predecesor, adem\u00e1s de ser recargable por USB y completamente sumergible. Est\u00e1s preparado para descubrir el grial de los orgasmos m\u00e1s intensos?<\/p>\n<p>DISE\u00d1O ERGON\u00d3MICO<\/p>\n<ul>\n<li>Pensado para masajear con precisi\u00f3n la pr\u00f3stata y con el di\u00e1metro ideal para una inserci\u00f3n f\u00e1cil y c\u00f3moda<\/li>\n<\/ul>\n<p>COMPLETAMENTE SUMERGIBLE<\/p>\n<ul>\n<li>Ideal para el ba\u00f1o o la ducha<\/li>\n<\/ul>\n<p>8 POTENTES MODOS DE VIBRACI\u00d3N<\/p>\n<ul>\n<li>Con una funcionalidad mejorada para desatar los placeres masculinos<\/li>\n<\/ul>\n<p>SILICONA EXTRA SUAVE<\/p>\n<p>Se presenta en forma curva y silicona suave, con un aro de seguridad en la base que asegura el m\u00e1ximo placer.<\/p>\n<ul>\n<li>Materiales:Silicona y pl\u00e1stico ABS<\/li>\n<li>Acabado: Mate<\/li>\n<li>Tama\u00f1o: 174 x 35 x 29mm \/ 6.9 x 1.4 x 1.1in<\/li>\n<li>Di\u00e1metro: \u2300 29mm \/ 1.1in<\/li>\n<li>Longitud insertable: 100mm \/ 3.9in<\/li>\n<li>Peso:92g \/ 3.2oz<\/li>\n<li>Bater\u00eda: Li-Ion 500mAh 3.7V<\/li>\n<li>Tiempo de carga: 2hrs at 5.0V 500mA<\/li>\n<li>Tiempo de uso:Hasta 4 horas En espera:Hasta 90 d\u00edas<\/li>\n<li>Frecuencia:120Hz<\/li>\n<li>M\u00e1x. nivel de ruido: 50dB<\/li>\n<li>Interfaz: &#8211; 4 botones<\/li>\n<\/ul>\n","protected":false},"excerpt":{"rendered":"<p>LELO BILLY 2 BLACK<\/p>\n","protected":false},"featured_media":53366,"template":"","meta":[],"pwb-brand":[40],"product_brand":[],"product_cat":[275,280,274,306,300,307,299],"product_tag":[],"class_list":{"0":"post-28733","1":"product","2":"type-product","3":"status-publish","4":"has-post-thumbnail","6":"pwb-brand-lelo","7":"product_cat-juguetes-sexuales-xxxacuaticos","8":"product_cat-juguetes-sexuales-xxxanal","9":"product_cat-juguetes-sexuales-xxx","10":"product_cat-juguetes-sexuales-xxxpara-el","11":"product_cat-juguetes-sexuales-xxxplugs-anales","12":"product_cat-juguetes-sexuales-xxxpunto-g","13":"product_cat-juguetes-sexuales-xxxvibradores","14":"post_count_is_0","15":"boutique_post_style_4","17":"first","18":"instock","19":"taxable","20":"shipping-taxable","21":"purchasable","22":"product-type-simple","23":"boutique_image_style_2"},"brands":[{"id":40,"name":"LELO","slug":"lelo"}],"_links":{"self":[{"href":"https:\/\/www.pussycatmerida.com\/eshop\/wp-json\/wp\/v2\/product\/28733","targetHints":{"allow":["GET"]}}],"collection":[{"href":"https:\/\/www.pussycatmerida.com\/eshop\/wp-json\/wp\/v2\/product"}],"about":[{"href":"https:\/\/www.pussycatmerida.com\/eshop\/wp-json\/wp\/v2\/types\/product"}],"wp:featuredmedia":[{"embeddable":true,"href":"https:\/\/www.pussycatmerida.com\/eshop\/wp-json\/wp\/v2\/media\/53366"}],"wp:attachment":[{"href":"https:\/\/www.pussycatmerida.com\/eshop\/wp-json\/wp\/v2\/media?parent=28733"}],"wp:term":[{"taxonomy":"pwb-brand","embeddable":true,"href":"https:\/\/www.pussycatmerida.com\/eshop\/wp-json\/wp\/v2\/pwb-brand?post=28733"},{"taxonomy":"product_brand","embeddable":true,"href":"https:\/\/www.pussycatmerida.com\/eshop\/wp-json\/wp\/v2\/product_brand?post=28733"},{"taxonomy":"product_cat","embeddable":true,"href":"https:\/\/www.pussycatmerida.com\/eshop\/wp-json\/wp\/v2\/product_cat?post=28733"},{"taxonomy":"product_tag","embeddable":true,"href":"https:\/\/www.pussycatmerida.com\/eshop\/wp-json\/wp\/v2\/product_tag?post=28733"}],"curies":[{"name":"wp","href":"https:\/\/api.w.org\/{rel}","templated":true}]}}