{"id":28844,"date":"2021-02-26T14:03:58","date_gmt":"2021-02-26T12:03:58","guid":{"rendered":"https:\/\/www.pussycatmerida.com\/eshop\/product\/secretplay-lubricante-drun-in-love-cerveza-60-ml\/"},"modified":"2026-03-11T12:26:20","modified_gmt":"2026-03-11T11:26:20","slug":"secretplay-lubricante-drun-in-love-cerveza-60-ml","status":"publish","type":"product","link":"https:\/\/www.pussycatmerida.com\/eshop\/producto\/secretplay-lubricante-drun-in-love-cerveza-60-ml\/","title":{"rendered":"SECRETPLAY LUBRICANTE DRUN IN LOVE CERVEZA 60 ML"},"content":{"rendered":"<p>Nuevos lubricantes Secret Play perfectos para disfrutar solo o en pareja. Son 100% comestibles y 0,0% alcohol con los que podr\u00e1s recorrer el cuerpo de tu pareja ya que son ideales para todas las zonas er\u00f3genas, pezones, cuello, test\u00edculos,\u2026<\/p>\n<p>Adem\u00e1s de por su textura estos cremosos b\u00e1lsamos lubricantes te fascinar\u00e1n por sus deliciosos sabores, a los que dif\u00edcilmente podr\u00e1s resistirte. \u00a1Embri\u00e1gate de amor!<\/p>\n<ul>\n<li>B\u00e1lsamo lubricante<\/li>\n<li>100% comestible con sabor a Cerveza y 0,0% alcohol.<\/li>\n<li>Envase con sistema airless.<\/li>\n<li>Contenido: 60ml.<\/li>\n<li>Base agua (compatible con preservativos y juguetes)<\/li>\n<li>Combina los juegos sexuales con este lubricante de usos m\u00faltiples.<\/li>\n<\/ul>\n","protected":false},"excerpt":{"rendered":"<p>SECRETPLAY DRUNK IN LOVE LUBE BEER 60 ML<\/p>\n","protected":false},"featured_media":45966,"template":"","meta":[],"pwb-brand":[498,682],"product_brand":[],"product_cat":[350,342,337,339,338,345],"product_tag":[],"class_list":{"0":"post-28844","1":"product","2":"type-product","3":"status-publish","4":"has-post-thumbnail","6":"pwb-brand-secretplay","7":"pwb-brand-secretplaysecretplay-cosmetic","8":"product_cat-aceites-y-lubricantesaceites-y-cremas-de-masaje100-comestibles","9":"product_cat-aceites-y-lubricantesaceites-y-cremas-de-masaje","10":"product_cat-aceites-y-lubricantes","11":"product_cat-aceites-y-lubricanteslubricantesbase-de-agua","12":"product_cat-aceites-y-lubricanteslubricantes","13":"product_cat-aceites-y-lubricanteslubricanteslubricantes-con-sabores","14":"post_count_is_0","15":"boutique_post_style_4","17":"first","18":"instock","19":"taxable","20":"shipping-taxable","21":"purchasable","22":"product-type-simple","23":"boutique_image_style_2"},"brands":[{"id":498,"name":"SECRETPLAY","slug":"secretplay"},{"id":682,"name":"SECRETPLAY COSMETIC","slug":"secretplaysecretplay-cosmetic"}],"_links":{"self":[{"href":"https:\/\/www.pussycatmerida.com\/eshop\/wp-json\/wp\/v2\/product\/28844","targetHints":{"allow":["GET"]}}],"collection":[{"href":"https:\/\/www.pussycatmerida.com\/eshop\/wp-json\/wp\/v2\/product"}],"about":[{"href":"https:\/\/www.pussycatmerida.com\/eshop\/wp-json\/wp\/v2\/types\/product"}],"wp:featuredmedia":[{"embeddable":true,"href":"https:\/\/www.pussycatmerida.com\/eshop\/wp-json\/wp\/v2\/media\/45966"}],"wp:attachment":[{"href":"https:\/\/www.pussycatmerida.com\/eshop\/wp-json\/wp\/v2\/media?parent=28844"}],"wp:term":[{"taxonomy":"pwb-brand","embeddable":true,"href":"https:\/\/www.pussycatmerida.com\/eshop\/wp-json\/wp\/v2\/pwb-brand?post=28844"},{"taxonomy":"product_brand","embeddable":true,"href":"https:\/\/www.pussycatmerida.com\/eshop\/wp-json\/wp\/v2\/product_brand?post=28844"},{"taxonomy":"product_cat","embeddable":true,"href":"https:\/\/www.pussycatmerida.com\/eshop\/wp-json\/wp\/v2\/product_cat?post=28844"},{"taxonomy":"product_tag","embeddable":true,"href":"https:\/\/www.pussycatmerida.com\/eshop\/wp-json\/wp\/v2\/product_tag?post=28844"}],"curies":[{"name":"wp","href":"https:\/\/api.w.org\/{rel}","templated":true}]}}